000
CXUS56 KHNX 011147
CF6FAT
PRELIMINARY LOCAL CLIMATOLOGICAL DATA (WS FORM: F-6)
STATION: FRESNO CA
MONTH: JUNE
YEAR: 2022
LATITUDE: 36 46 N
LONGITUDE: 119 43 W
TEMPERATURE IN F: :PCPN: SNOW: WIND :SUNSHINE: SKY :PK WND
================================================================================
1 2 3 4 5 6A 6B 7 8 9 10 11 12 13 14 15 16 17 18
12Z AVG MX 2MIN
DY MAX MIN AVG DEP HDD CDD WTR SNW DPTH SPD SPD DIR MIN PSBL S-S WX SPD DR
================================================================================
1 95 61 78 4 0 13 0.00 0.0 0 6.7 16 290 M M 0 22 310
2 94 65 80 6 0 15 0.00 0.0 0 9.4 18 300 M M 5 24 300
3 92 64 78 4 0 13 0.00 0.0 0 12.6 21 310 M M 7 27 310
4 88 63 76 1 0 11 0.00 0.0 0 10.0 18 330 M M 7 22 330
5 90 66 78 3 0 13 0.00 0.0 0 10.2 21 320 M M 5 32 310
6 91 66 79 4 0 14 0.00 0.0 0 13.8 20 300 M M 2 25 290
7 95 64 80 5 0 15 0.00 0.0 0 9.6 21 310 M M 4 26 310
8 95 63 79 3 0 14 0.00 0.0 0 9.8 18 300 M M 6 23 310
9 97 67 82 6 0 17 0.00 0.0 0 8.1 15 320 M M 4 19 340
10 102 72 87 11 0 22 0.00 0.0 0 7.9 18 310 M M 2 25 310
11 103 75 89 13 0 24 0.00 0.0 0 11.2 18 310 M M 2 27 310
12 98 70 84 7 0 19 0.00 0.0 0 13.4 25 310 M M 4 32 310
13 86 61 74 -3 0 9 0.00 0.0 0 14.8 25 310 M M 2 30 320
14 90 59 75 -2 0 10 0.00 0.0 0 6.6 16 310 M M 0 21 330
15 98 62 80 2 0 15 0.00 0.0 0 7.2 16 300 M M 1 24 360
16 96 66 81 3 0 16 0.00 0.0 0 10.6 22 310 M M 1 28 310
17 77 57 67 -11 0 2 0.00 0.0 0 11.5 23 320 M M 6 27 320
18 80 55 68 -10 0 3 0.00 0.0 0 11.2 18 300 M M 2 23 310
19 86 57 72 -7 0 7 0.00 0.0 0 8.9 20 310 M M 1 22 280
20 94 63 79 0 0 14 0.00 0.0 0 6.9 14 310 M M 3 18 300
21 103 65 84 5 0 19 0.00 0.0 0 6.8 16 290 M M 2 20 300
22 100 71 86 7 0 21 T 0.0 0 9.6 31 80 M M 6 38 39 80
23 102 76 89 9 0 24 0.00 0.0 0 8.1 16 300 M M 3 24 300
24 104 73 89 9 0 24 0.00 0.0 0 7.2 17 280 M M 1 22 280
25 107 73 90 10 0 25 0.00 0.0 0 8.4 18 300 M M 2 23 320
26 107 72 90 10 0 25 0.00 0.0 0 8.1 18 300 M M 2 24 340
27 107 73 90 9 0 25 0.00 0.0 0 8.4 20 310 M M 1 24 320
28 104 74 89 8 0 24 0.00 0.0 0 8.3 20 310 M M 1 23 310
29 104 71 88 7 0 23 0.00 0.0 0 7.7 17 300 M M 1 22 300
30 99 67 83 2 0 18 0.00 0.0 0 7.5 16 330 M M 0 8 20 320
================================================================================
SM 2884 1991 0 494 T 0.0 280.5 M 83
================================================================================
AV 96.1 66.4 9.4 FASTST M M 3 MAX(MPH)
MISC ----> 31 80 39 80
================================================================================
NOTES:
# LAST OF SEVERAL OCCURRENCES
COLUMN 17 PEAK WIND IN M.P.H.
PRELIMINARY LOCAL CLIMATOLOGICAL DATA (WS FORM: F-6) , PAGE 2
STATION: FRESNO CA
MONTH: JUNE
YEAR: 2022
LATITUDE: 36 46 N
LONGITUDE: 119 43 W
[TEMPERATURE DATA] [PRECIPITATION DATA] SYMBOLS USED IN COLUMN 16
AVERAGE MONTHLY: 81.3 TOTAL FOR MONTH: T 1 = FOG OR MIST
DPTR FM NORMAL: 3.7 DPTR FM NORMAL: -0.24 2 = FOG REDUCING VISIBILITY
HIGHEST: 107 ON 27,26 GRTST 24HR T ON 22-22 TO 1/4 MILE OR LESS
LOWEST: 55 ON 18 3 = THUNDER
SNOW, ICE PELLETS, HAIL 4 = ICE PELLETS
TOTAL MONTH: 0.0 INCH 5 = HAIL
GRTST 24HR 0.0 6 = FREEZING RAIN OR DRIZZLE
GRTST DEPTH: 0 7 = DUSTSTORM OR SANDSTORM:
VSBY 1/2 MILE OR LESS
8 = SMOKE OR HAZE
[NO. OF DAYS WITH] [WEATHER - DAYS WITH] 9 = BLOWING SNOW
X = TORNADO
MAX 32 OR BELOW: 0 0.01 INCH OR MORE: 0
MAX 90 OR ABOVE: 25 0.10 INCH OR MORE: 0
MIN 32 OR BELOW: 0 0.50 INCH OR MORE: 0
MIN 0 OR BELOW: 0 1.00 INCH OR MORE: 0
[HDD (BASE 65) ]
TOTAL THIS MO. 0 CLEAR (SCALE 0-3) 19
DPTR FM NORMAL -3 PTCLDY (SCALE 4-7) 11
TOTAL FM JUL 1 1843 CLOUDY (SCALE 8-10) 0
DPTR FM NORMAL -341
[CDD (BASE 65) ]
TOTAL THIS MO. 494
DPTR FM NORMAL 112 [PRESSURE DATA]
TOTAL FM JAN 1 830 HIGHEST SLP 30.05 ON 19
DPTR FM NORMAL 203 LOWEST SLP 29.64 ON 16
[REMARKS]
#FINAL-06-22#