000
CDUS43 KDLH 032245
CLIINL


CLIMATE REPORT
NATIONAL WEATHER SERVICE DULUTH MN
544 PM CDT TUE APR 3 2018


...................................

...THE INTERNATIONAL FALLS CLIMATE SUMMARY FOR APRIL 3 2018...
VALID TODAY AS OF 0500 PM LOCAL TIME.

CLIMATE NORMAL PERIOD 1981 TO 2010
CLIMATE RECORD PERIOD 1895 TO 2018


WEATHER ITEM   OBSERVED TIME   RECORD YEAR NORMAL DEPARTURE LAST
                VALUE   (LST)  VALUE       VALUE  FROM      YEAR
                                                  NORMAL
..................................................................
TEMPERATURE (F)
 TODAY
  MAXIMUM         21    359 PM  74    1910  44    -23       59
  MINIMUM          3    615 AM -14    1954  22    -19       31
  AVERAGE         12                        33    -21       45

PRECIPITATION (IN)
  TODAY            T             0.79 1940   0.04  -0.04     0.00
  MONTH TO DATE    T                         0.12  -0.12      T
  SINCE MAR 1      0.35                      1.07  -0.72     0.68
  SINCE JAN 1      2.04                      2.26  -0.22     3.43

SNOWFALL (IN)
  TODAY            T             5.8         0.2   -0.2      0.0
  MONTH TO DATE    T                         0.8   -0.8      0.0
  SINCE JUL 1     58.8                      65.2   -6.4     67.8
  SNOW DEPTH      10

DEGREE DAYS
 HEATING
  TODAY           53                        32     21       20
  MONTH TO DATE  149                        98     51       63
  SINCE MAR 1   1420                      1381     39     1320
  SINCE JUL 1   9200                      8964    236     7794

 COOLING
  TODAY            0                         0      0        0
  MONTH TO DATE    0                         0      0        0
  SINCE MAR 1      0                         0      0        0
  SINCE JAN 1      0                         0      0        0
..................................................................


WIND (MPH)
  HIGHEST WIND SPEED    14   HIGHEST WIND DIRECTION     N (360)
  HIGHEST GUST SPEED    19   HIGHEST GUST DIRECTION     N (340)


SKY COVER
  AVERAGE SKY COVER 0.0


WEATHER CONDITIONS
 THE FOLLOWING WEATHER WAS RECORDED TODAY.
  NO SIGNIFICANT WEATHER WAS OBSERVED.


RELATIVE HUMIDITY (PERCENT)
 HIGHEST    56           500 AM
 LOWEST     31          1200 PM
 AVERAGE    44

..........................................................


THE INTERNATIONAL FALLS CLIMATE NORMALS FOR TOMORROW
                         NORMAL    RECORD    YEAR
 MAXIMUM TEMPERATURE (F)   45        76      1912
 MINIMUM TEMPERATURE (F)   22        -7      1982


SUNRISE AND SUNSET
APRIL  3 2018.........SUNRISE   647 AM CDT   SUNSET   747 PM CDT
APRIL  4 2018.........SUNRISE   645 AM CDT   SUNSET   749 PM CDT


-  INDICATES NEGATIVE NUMBERS.
R  INDICATES RECORD WAS SET OR TIED.
MM INDICATES DATA IS MISSING.
T  INDICATES TRACE AMOUNT.




$$
