000
CDUS43 KGLD 170044 RRA
CLIMCK

CLIMATE REPORT
NATIONAL WEATHER SERVICE GOODLAND
641 PM MDT MON APR 16 2018

...................................

...THE MCCOOK NE CLIMATE SUMMARY FOR APRIL 16 2018...
VALID TODAY AS OF 0600 PM LOCAL TIME.

CLIMATE NORMAL PERIOD 1981 TO 2010
CLIMATE RECORD PERIOD 1896 TO 2018


WEATHER ITEM   OBSERVED TIME   RECORD YEAR NORMAL DEPARTURE LAST
                VALUE   (LST)  VALUE       VALUE  FROM      YEAR
                                                  NORMAL
..................................................................
TEMPERATURE (F)
 TODAY
  MAXIMUM         58    458 PM  90    1964  65     -7       71
  MINIMUM         18R   436 AM  18    1951  35    -17       50
  AVERAGE         38                        50    -12       61

PRECIPITATION (IN)
  TODAY            0.00                      0.09  -0.09     0.00
  MONTH TO DATE    0.12                      1.04  -0.92     0.01
  SINCE MAR 1      0.49                      2.40  -1.91     1.01
  SINCE JAN 1      2.00                      3.53  -1.53     1.71

..................................................................

THE MCCOOK NE CLIMATE NORMALS FOR TOMORROW
                         NORMAL    RECORD    YEAR
 MAXIMUM TEMPERATURE (F)   65        90      1946
 MINIMUM TEMPERATURE (F)   35        20      1961



-  INDICATES NEGATIVE NUMBERS.
R  INDICATES RECORD WAS SET OR TIED.
MM INDICATES DATA IS MISSING.
T  INDICATES TRACE AMOUNT.

$$
