000
CDUS43 KJKL 100550
CLILOZ

CLIMATE REPORT
NATIONAL WEATHER SERVICE JACKSON KY
150 AM EDT TUE APR 10 2018

...................................

...THE LONDON KY CLIMATE SUMMARY FOR APRIL 9 2018...

CLIMATE NORMAL PERIOD 1981 TO 2010
CLIMATE RECORD PERIOD 1954 TO 2018

WEATHER ITEM   OBSERVED TIME   RECORD YEAR NORMAL DEPARTURE LAST
                VALUE   (LST)  VALUE       VALUE  FROM      YEAR
                                                  NORMAL
..................................................................
TEMPERATURE (F)
 YESTERDAY
  MAXIMUM         56    350 PM  86    2015  67    -11       76
  MINIMUM         33    552 AM  23    2007  43    -10       36
                                      1972
  AVERAGE         45                        55    -10       56

PRECIPITATION (IN)
  YESTERDAY        0.07          0.99 1961   0.14  -0.07     0.00
  MONTH TO DATE    1.61                      1.16   0.45     0.75
  SINCE MAR 1      6.31                      5.21   1.10     5.78
  SINCE JAN 1     16.75                     12.46   4.29    11.10

SNOWFALL (IN)
  YESTERDAY       MM
  MONTH TO DATE   MM
  SINCE MAR 1     MM
  SINCE JUL 1     MM
  SNOW DEPTH      MM

DEGREE DAYS
 HEATING
  YESTERDAY       20                        11      9        9
  MONTH TO DATE  170                       108     62       88
  SINCE MAR 1    782                       657    125      601

 COOLING
  YESTERDAY        0                         1     -1        0
  MONTH TO DATE    0                         1     -1        0
  SINCE MAR 1      0                         4     -4        3
  SINCE JAN 1      8                         4      4        3
..................................................................

WIND (MPH)
  HIGHEST WIND SPEED    14   HIGHEST WIND DIRECTION     W (270)
  HIGHEST GUST SPEED    20   HIGHEST GUST DIRECTION     W (280)
  AVERAGE WIND SPEED     4.7

SKY COVER
  POSSIBLE SUNSHINE  MM
  AVERAGE SKY COVER 0.7

WEATHER CONDITIONS
 THE FOLLOWING WEATHER WAS RECORDED YESTERDAY.
  LIGHT RAIN
  LIGHT SNOW
  FOG

RELATIVE HUMIDITY (PERCENT)
 HIGHEST   100           700 AM
 LOWEST     41           400 PM
 AVERAGE    71
..........................................................

THE LONDON KY CLIMATE NORMALS FOR TODAY
                         NORMAL    RECORD    YEAR
 MAXIMUM TEMPERATURE (F)   67        90      1995
 MINIMUM TEMPERATURE (F)   43        24      1960

SUNRISE AND SUNSET
APRIL 10 2018.........SUNRISE   709 AM EDT   SUNSET   807 PM EDT
APRIL 11 2018.........SUNRISE   708 AM EDT   SUNSET   808 PM EDT

-  INDICATES NEGATIVE NUMBERS.
R  INDICATES RECORD WAS SET OR TIED.
MM INDICATES DATA IS MISSING.
T  INDICATES TRACE AMOUNT.

$$

GEOGERIAN
