000
CDUS43 KLMK 132027
CLIBWG


CLIMATE REPORT
NATIONAL WEATHER SERVICE LOUISVILLE KY
427 PM EDT FRI APR 13 2018


...................................

...THE BOWLING GREEN CLIMATE SUMMARY FOR APRIL 13 2018...
VALID TODAY AS OF 0400 PM LOCAL TIME.

CLIMATE NORMAL PERIOD 1981 TO 2010
CLIMATE RECORD PERIOD 1870 TO 2018


WEATHER ITEM   OBSERVED TIME   RECORD YEAR NORMAL DEPARTURE LAST
                VALUE   (LST)  VALUE       VALUE  FROM      YEAR
                                                  NORMAL
..................................................................
TEMPERATURE (F)
 TODAY
  MAXIMUM         80    200 PM  91    1930  69     11       82
  MINIMUM         62        MM  24    1950  45     17       44
  AVERAGE         71                        57     14       63

PRECIPITATION (IN)
  TODAY            0.00          1.19 1923   0.13  -0.13     0.00
  MONTH TO DATE    0.94                      1.75  -0.81     1.24
  SINCE MAR 1      5.20                      6.16  -0.96     5.03
  SINCE JAN 1     16.07                     13.73   2.34    11.61

SNOWFALL (IN)
  TODAY            0.0           T    2004   0.0    0.0      0.0
  MONTH TO DATE    0.3                       0.2    0.1      0.0
  SINCE MAR 1      2.6                       1.3    1.3       T
  SINCE JUL 1     11.0                       9.1    1.9      0.7
  SNOW DEPTH       0

DEGREE DAYS
 HEATING
  TODAY            0                         9     -9        2
  MONTH TO DATE  204                       138     66       78
  SINCE MAR 1    747                       658     89      517
  SINCE JUL 1   3761                      3856    -95     2898

 COOLING
  TODAY            6                         1      5        0
  MONTH TO DATE    9                        12     -3       12
  SINCE MAR 1      9                        17     -8       18
  SINCE JAN 1     24                        17      7       22
..................................................................


WIND (MPH)
  HIGHEST WIND SPEED    24   HIGHEST WIND DIRECTION     S (200)
  HIGHEST GUST SPEED    40   HIGHEST GUST DIRECTION     S (190)
  AVERAGE WIND SPEED    17.0


SKY COVER
  POSSIBLE SUNSHINE  MM
  AVERAGE SKY COVER 0.0


WEATHER CONDITIONS
 THE FOLLOWING WEATHER WAS RECORDED TODAY.
  NO SIGNIFICANT WEATHER WAS OBSERVED.


RELATIVE HUMIDITY (PERCENT)
 HIGHEST    65           600 AM
 LOWEST     36           200 PM
 AVERAGE    51

..........................................................


THE BOWLING GREEN CLIMATE NORMALS FOR TOMORROW
                         NORMAL    RECORD    YEAR
 MAXIMUM TEMPERATURE (F)   69        88      1919
 MINIMUM TEMPERATURE (F)   45        22      1950


SUNRISE AND SUNSET
APRIL 13 2018.........SUNRISE   614 AM CDT   SUNSET   719 PM CDT
APRIL 14 2018.........SUNRISE   613 AM CDT   SUNSET   720 PM CDT


-  INDICATES NEGATIVE NUMBERS.
R  INDICATES RECORD WAS SET OR TIED.
MM INDICATES DATA IS MISSING.
T  INDICATES TRACE AMOUNT.




$$
