000
CDUS41 KOKX 112038
CLIBDR


CLIMATE REPORT
NATIONAL WEATHER SERVICE NEW YORK NY
438 PM EDT TUE AUG 11 2020


...................................

...THE BRIDGEPORT CT CLIMATE SUMMARY FOR AUGUST 11 2020...
VALID TODAY AS OF 0400 PM LOCAL TIME.

CLIMATE NORMAL PERIOD 1981 TO 2010
CLIMATE RECORD PERIOD 1948 TO 2020


WEATHER ITEM   OBSERVED TIME   RECORD YEAR NORMAL DEPARTURE LAST
                VALUE   (LST)  VALUE       VALUE  FROM      YEAR
                                                  NORMAL
..................................................................
TEMPERATURE (F)
 TODAY
  MAXIMUM         89    122 PM  95    1949  82      7       83
  MINIMUM         76    509 AM  51    1972  67      9       61
  AVERAGE         83                        74      9       72

PRECIPITATION (IN)
  TODAY            0.00          3.99 2000   0.12  -0.12     0.00
  MONTH TO DATE    0.30                      1.46  -1.16     0.49
  SINCE JUN 1      8.97                      8.53   0.44    11.42
  SINCE JAN 1     24.42                     26.40  -1.98    33.31

SNOWFALL (IN)
  TODAY            0.0           0.0  2002   0.0    0.0      0.0
                                      2001
  MONTH TO DATE    0.0                       0.0    0.0      0.0
  SINCE OCT 1     10.1                      27.6  -17.5     24.6
  SINCE JUL 1      0.0                       0.0    0.0      0.0
  SNOW DEPTH       0

DEGREE DAYS
 HEATING
  TODAY            0                         0      0        0
  MONTH TO DATE    0                         0      0        0
  SINCE JUN 1     17                        33    -16       19
  SINCE JUL 1      0                         1     -1        0

 COOLING
  TODAY           18                         9      9        7
  MONTH TO DATE  108                       104      4      119
  SINCE JUN 1    747                       536    211      697
  SINCE JAN 1    768                       560    208      724
..................................................................


WIND (MPH)
  HIGHEST WIND SPEED    17   HIGHEST WIND DIRECTION     S (190)
  HIGHEST GUST SPEED    23   HIGHEST GUST DIRECTION     S (190)
  AVERAGE WIND SPEED     9.0


SKY COVER
  AVERAGE SKY COVER 0.0


WEATHER CONDITIONS
 THE FOLLOWING WEATHER WAS RECORDED TODAY.
  NO SIGNIFICANT WEATHER WAS OBSERVED.


RELATIVE HUMIDITY (PERCENT)
 HIGHEST    88           100 AM
 LOWEST     59           100 PM
 AVERAGE    74

..........................................................


THE BRIDGEPORT CT CLIMATE NORMALS FOR TOMORROW
                         NORMAL    RECORD    YEAR
 MAXIMUM TEMPERATURE (F)   82        94      2016
 MINIMUM TEMPERATURE (F)   67        54      1968


SUNRISE AND SUNSET
AUGUST 11 2020........SUNRISE   558 AM EDT   SUNSET   756 PM EDT
AUGUST 12 2020........SUNRISE   559 AM EDT   SUNSET   755 PM EDT


-  INDICATES NEGATIVE NUMBERS.
R  INDICATES RECORD WAS SET OR TIED.
MM INDICATES DATA IS MISSING.
T  INDICATES TRACE AMOUNT.




$$
