892
CDUS41 KOKX 160616
CLIBDR


CLIMATE REPORT
NATIONAL WEATHER SERVICE NEW YORK NY
216 AM EDT WED OCT 16 2019


...................................

...THE BRIDGEPORT CT CLIMATE SUMMARY FOR OCTOBER 15 2019...

CLIMATE NORMAL PERIOD 1981 TO 2010
CLIMATE RECORD PERIOD 1948 TO 2019


WEATHER ITEM   OBSERVED TIME   RECORD YEAR NORMAL DEPARTURE LAST
                VALUE   (LST)  VALUE       VALUE  FROM      YEAR
                                                  NORMAL
..................................................................
TEMPERATURE (F)
 YESTERDAY
  MAXIMUM         64    207 PM  80    1975  64      0       69
  MINIMUM         46    627 AM  36    2009  47     -1       48
                                      1999
                                      1987
  AVERAGE         55                        55      0       59

PRECIPITATION (IN)
  YESTERDAY        0.00          4.76 1955   0.12  -0.12     0.17
  MONTH TO DATE    1.10                      1.80  -0.70     5.03
  SINCE SEP 1      2.03                      5.28  -3.25    13.62
  SINCE JAN 1     37.71                     34.18   3.53    45.85

SNOWFALL (IN)
  YESTERDAY        0.0           0.0  2002   0.0    0.0      0.0
                                      2001
  MONTH TO DATE    0.0                       0.0    0.0      0.0
  SINCE OCT 1      0.0                       0.0    0.0      0.0
  SINCE JUL 1      0.0                       0.0    0.0      0.0
  SNOW DEPTH       0

DEGREE DAYS
 HEATING
  YESTERDAY       10                        10      0        6
  MONTH TO DATE   83                       120    -37       39
  SINCE SEP 1    106                       184    -78       72
  SINCE JUL 1    106                       188    -82       72

 COOLING
  YESTERDAY        0                         0      0        0
  MONTH TO DATE   18                         8     10       44
  SINCE SEP 1    136                       106     30      218
  SINCE JAN 1   1039                       824    215     1172
..................................................................


WIND (MPH)
  HIGHEST WIND SPEED    16   HIGHEST WIND DIRECTION     N (10)
  HIGHEST GUST SPEED    21   HIGHEST GUST DIRECTION     N (360)
  AVERAGE WIND SPEED     6.7


SKY COVER
  AVERAGE SKY COVER 0.0


WEATHER CONDITIONS
 THE FOLLOWING WEATHER WAS RECORDED YESTERDAY.
  NO SIGNIFICANT WEATHER WAS OBSERVED.


RELATIVE HUMIDITY (PERCENT)
 HIGHEST    86          1100 PM
 LOWEST     31           200 PM
 AVERAGE    59

..........................................................


THE BRIDGEPORT CT CLIMATE NORMALS FOR TODAY
                         NORMAL    RECORD    YEAR
 MAXIMUM TEMPERATURE (F)   63        77      1956
 MINIMUM TEMPERATURE (F)   46        35      1994


SUNRISE AND SUNSET
OCTOBER 16 2019.......SUNRISE   705 AM EDT   SUNSET   611 PM EDT
OCTOBER 17 2019.......SUNRISE   706 AM EDT   SUNSET   609 PM EDT


-  INDICATES NEGATIVE NUMBERS.
R  INDICATES RECORD WAS SET OR TIED.
MM INDICATES DATA IS MISSING.
T  INDICATES TRACE AMOUNT.




$$
