000
CDUS41 KOKX 150619
CLIBDR

CLIMATE REPORT
NATIONAL WEATHER SERVICE NEW YORK, NY
219 AM EDT TUE JUN 15 2021

...................................

...THE BRIDGEPORT CT CLIMATE SUMMARY FOR JUNE 14 2021...

CLIMATE NORMAL PERIOD 1991 TO 2020
CLIMATE RECORD PERIOD 1948 TO 2021


WEATHER ITEM   OBSERVED TIME   RECORD YEAR NORMAL DEPARTURE LAST
                VALUE   (LST)  VALUE       VALUE  FROM      YEAR
                                                  NORMAL
...................................................................
TEMPERATURE (F)
 YESTERDAY
  MAXIMUM         70    616 PM  93    1988  77     -7       70
  MINIMUM         60    723 AM  49    1978  61     -1       52
  AVERAGE         65                        69     -4       61

PRECIPITATION (IN)
  YESTERDAY        0.65          1.03 1998   0.14   0.51     0.00
  MONTH TO DATE    0.89                      1.94  -1.05     0.64
  SINCE JUN 1      0.89                      1.94  -1.05     0.64
  SINCE JAN 1     17.43                     20.07  -2.64    16.09

SNOWFALL (IN)
  YESTERDAY        0.0           0.0  2001   0.0    0.0      0.0
                                      2002
  MONTH TO DATE    0.0                       0.0    0.0      0.0
  SINCE JUN 1      0.0                       0.0    0.0      0.0
  SINCE JUL 1     43.8                      33.6   10.2     10.1
  SNOW DEPTH       0

DEGREE DAYS
 HEATING
  YESTERDAY        0                         1     -1        4
  MONTH TO DATE    7                        21    -14       15
  SINCE JUN 1      7                        21    -14       15
  SINCE JUL 1   4787                      5136   -349     4834

 COOLING
  YESTERDAY        0                         5     -5        0
  MONTH TO DATE   74                        50     24       63
  SINCE JUN 1     74                        50     24       63
  SINCE JAN 1    114                        80     34       84
...................................................................


WIND (MPH)
  HIGHEST WIND SPEED    22   HIGHEST WIND DIRECTION    SW (210)
  HIGHEST GUST SPEED    27   HIGHEST GUST DIRECTION    SW (230)
  AVERAGE WIND SPEED     6.9


SKY COVER
  AVERAGE SKY COVER 0.8


WEATHER CONDITIONS
THE FOLLOWING WEATHER WAS RECORDED YESTERDAY.
  THUNDERSTORM
  HEAVY RAIN
  RAIN
  LIGHT RAIN
  FOG


RELATIVE HUMIDITY (PERCENT)
 HIGHEST    93          1200 PM
 LOWEST     66           600 PM
 AVERAGE    80

..........................................................


THE BRIDGEPORT CT CLIMATE NORMALS FOR TODAY
                         NORMAL    RECORD    YEAR
 MAXIMUM TEMPERATURE (F)   78        94      1987
 MINIMUM TEMPERATURE (F)   62        45      1978


SUNRISE AND SUNSET
JUNE 15 2021..........SUNRISE   519 AM EDT   SUNSET   827 PM EDT
JUNE 16 2021..........SUNRISE   519 AM EDT   SUNSET   827 PM EDT


-  INDICATES NEGATIVE NUMBERS.
R  INDICATES RECORD WAS SET OR TIED.
MM INDICATES DATA IS MISSING.
T  INDICATES TRACE AMOUNT.




$$
