000
CDUS43 KSGF 120627
CLIJLN


CLIMATE REPORT
NATIONAL WEATHER SERVICE SPRINGFIELD MO
126 AM CDT THU APR 12 2018


...................................

...THE JOPLIN MO CLIMATE SUMMARY FOR APRIL 11 2018...

CLIMATE NORMAL PERIOD 1981 TO 2010
CLIMATE RECORD PERIOD 1902 TO 2018


WEATHER ITEM   OBSERVED TIME   RECORD YEAR NORMAL DEPARTURE LAST
                VALUE   (LST)  VALUE       VALUE  FROM      YEAR
                                                  NORMAL
..................................................................
TEMPERATURE (F)
 YESTERDAY
  MAXIMUM         78    308 PM  86    1972  69      9       67
                                      1996
  MINIMUM         54    303 AM  26    1989  45      9       38
  AVERAGE         66                        57      9       53

PRECIPITATION (IN)
  YESTERDAY        0.00          3.26 1994   0.14  -0.14     0.00
  MONTH TO DATE    0.37                      1.38  -1.01     1.45
  SINCE MAR 1      2.67                      4.80  -2.13     4.15
  SINCE JAN 1      8.08                      9.15  -1.07     8.14

DEGREE DAYS
 HEATING
  YESTERDAY        0                         9     -9       12
  MONTH TO DATE  226                       115    111       84
  SINCE MAR 1    718                       623     95      464
  SINCE JUL 1   3906                      3877     29     3016

 COOLING
  YESTERDAY        1                         1      0        0
  MONTH TO DATE    1                        11    -10        9
  SINCE MAR 1      1                        20    -19       26
  SINCE JAN 1      1                        21    -20       36
..................................................................


WIND (MPH)
  HIGHEST WIND SPEED    32   HIGHEST WIND DIRECTION    SW (210)
  HIGHEST GUST SPEED    44   HIGHEST GUST DIRECTION    SW (220)
  AVERAGE WIND SPEED    19.9


SKY COVER
  AVERAGE SKY COVER 0.0


WEATHER CONDITIONS
 THE FOLLOWING WEATHER WAS RECORDED YESTERDAY.
  NO SIGNIFICANT WEATHER WAS OBSERVED.


RELATIVE HUMIDITY (PERCENT)
 HIGHEST    51           700 AM
 LOWEST     28           300 PM
 AVERAGE    40

..........................................................


THE JOPLIN MO CLIMATE NORMALS FOR TODAY
                         NORMAL    RECORD    YEAR
 MAXIMUM TEMPERATURE (F)   69        96      1972
 MINIMUM TEMPERATURE (F)   46        23      1957


SUNRISE AND SUNSET
APRIL 12 2018.........SUNRISE   648 AM CDT   SUNSET   750 PM CDT
APRIL 13 2018.........SUNRISE   646 AM CDT   SUNSET   751 PM CDT


-  INDICATES NEGATIVE NUMBERS.
R  INDICATES RECORD WAS SET OR TIED.
MM INDICATES DATA IS MISSING.
T  INDICATES TRACE AMOUNT.




$$
