000
CXUS51 KBGM 012103
CLMBGM


CLIMATE REPORT
NATIONAL WEATHER SERVICE BINGHAMTON NY
349 PM EST WED JAN 1 2014

...................................

...THE BINGHAMTON NY CLIMATE SUMMARY FOR THE YEAR OF 2013...

CLIMATE NORMAL PERIOD 1981 TO 2010
CLIMATE RECORD PERIOD 1951 TO 2013

WEATHER         OBSERVED          NORMAL  DEPART  LAST YEAR`S
                 VALUE   DATE(S)  VALUE   FROM    VALUE  DATE(S)
                                          NORMAL
................................................................
TEMPERATURE (F)
RECORD
 HIGH              98   07/16/1988
 LOW              -20   01/15/1957
HIGHEST            89   07/18        54      35       91  07/17
                        07/17
LOWEST                  01/24        38     -39       -3  01/15
                        01/23
AVG. MAXIMUM     54.5              54.5     0.0     57.8
AVG. MINIMUM     38.3              38.1     0.2     41.0
MEAN             46.4              46.3     0.1     49.4
DAYS MAX >= 90      0               1.1    -1.1        5
DAYS MAX <= 32     65              59.1     5.9       32
DAYS MIN <= 32    145             137.3     7.7      133
DAYS MIN <= 0       2               5.4    -3.4        2

PRECIPITATION (INCHES)
RECORD
 MAXIMUM        68.05   2011
 MINIMUM        30.26   1981
TOTALS          42.95             39.30    3.65    39.34
DAILY AVG.       0.12              0.11    0.01     0.11
DAYS >= .01       165             159.2     5.8      169
DAYS >= .10        89              83.4     5.6       85
DAYS >= .50        31              24.3     6.7       28
DAYS >= 1.00        6               6.5    -0.5        5
GREATEST
 24 HR. TOTAL    2.74   08/08 TO 08/09

SNOWFALL (INCHES)
RECORDS
 TOTAL          134.0   1995
 24 HR TOTAL     23.0   02/03/1961 TO 02/04/1961
 SNOW DEPTH        35   03/15/1993
TOTALS           77.2              83.4    -6.2     58.6
SINCE 7/1        33.1              24.6     8.5     25.0
SNOWDEPTH AVG.      1                MM      MM        0
DAYS >= TRACE     118              64.5    53.5       96
DAYS >= 1.0        22              24.0    -2.0       21
GREATEST
 SNOW DEPTH        10   01/04                         12  12/31
                        01/01                             12/30
                        01/03
 24 HR TOTAL      7.6   12/14 TO 12/14

DEGREE_DAYS
HEATING TOTAL    7109              7193     -84     6143
 SINCE 7/1       2739              2745      -6     2541
COOLING TOTAL     480               382      98      541
 SINCE 1/1        480               381      99      541

FREEZE DATES
RECORD
 EARLIEST     09/20/1993
 LATEST       05/25/1956
EARLIEST                        10/08
LATEST                          05/02
..................................................

WIND (MPH)
AVERAGE WIND SPEED              7.8
RESULTANT WIND SPEED/DIRECTION   3/252
HIGHEST WIND SPEED/DIRECTION    38/280    DATE  01/31
HIGHEST GUST SPEED/DIRECTION    52/270    DATE  01/31

SKY COVER
POSSIBLE SUNSHINE (PERCENT)   MM
AVERAGE SKY COVER           0.60
NUMBER OF DAYS FAIR          111
NUMBER OF DAYS PC            134
NUMBER OF DAYS CLOUDY        120

AVERAGE RH (PERCENT)     71

WEATHER CONDITIONS. NUMBER OF DAYS WITH
THUNDERSTORM              0     MIXED PRECIP               0
HEAVY RAIN               51     RAIN                      70
LIGHT RAIN              136     FREEZING RAIN              2
LT FREEZING RAIN          9     HAIL                       0
HEAVY SNOW                9     SNOW                      21
LIGHT SNOW              105     SLEET                      4
FOG                     218     FOG W/VIS <= 1/4 MILE     71
HAZE                     72

-  INDICATES NEGATIVE NUMBERS.
R  INDICATES RECORD WAS SET OR TIED.
MM INDICATES DATA IS MISSING.
T  INDICATES TRACE AMOUNT.

$$
