000
CXUS51 KBGM 010611
CLMBGM


CLIMATE REPORT
NATIONAL WEATHER SERVICE BINGHAMTON NY
110 AM EST WED JAN 1 2014

...................................

...THE BINGHAMTON NY CLIMATE SUMMARY FOR THE MONTH OF DECEMBER 2013...

CLIMATE NORMAL PERIOD 1981 TO 2010
CLIMATE RECORD PERIOD 1951 TO 2013

WEATHER         OBSERVED          NORMAL  DEPART  LAST YEAR`S
                 VALUE   DATE(S)  VALUE   FROM    VALUE  DATE(S)
                                          NORMAL
................................................................
TEMPERATURE (F)
RECORD
 HIGH              65   12/01/2006
                        12/29/1984
                        12/06/1982
 LOW              -18   12/25/1980
HIGHEST            62   12/22        33      29       64  12/04
LOWEST              4   12/25        21     -17       13  12/26
AVG. MAXIMUM     34.0              33.3     0.7     37.2
AVG. MINIMUM     21.6              21.2     0.4     27.3
MEAN             27.8              27.3     0.5     32.2
DAYS MAX >= 90      0               0.0     0.0        0
DAYS MAX <= 32     16              14.2     1.8        9
DAYS MIN <= 32     27              26.5     0.5       23
DAYS MIN <= 0       0               0.7    -0.7        0

PRECIPITATION (INCHES)
RECORD
 MAXIMUM         6.11   1983
 MINIMUM         0.94   1960
TOTALS           3.44              2.83    0.61     5.20
DAILY AVG.       0.11              0.09    0.02     0.17
DAYS >= .01        21              15.5     5.5       21
DAYS >= .10         9               6.8     2.2       13
DAYS >= .50         2               1.6     0.4        4
DAYS >= 1.00        0               0.2    -0.2        1
GREATEST
 24 HR. TOTAL    0.91   12/29 TO 12/29
                        12/28 TO 12/29
                        12/29 TO 12/29

SNOWFALL (INCHES)
RECORDS
 TOTAL           59.6   1969
 24 HR TOTAL     15.6   12/25/1969 TO 12/26/1969
 SNOW DEPTH        33   12/28/1969
TOTALS           24.9              17.8     7.1     20.4
SINCE 7/1        33.1              24.6     8.5     25.0
SNOWDEPTH AVG.      3                 3       0        2
DAYS >= TRACE      25              13.4    11.6       17
DAYS >= 1.0         8               5.3     2.7        7
GREATEST
 SNOW DEPTH         7   12/19                         12  12/31
                        12/18                             12/30
                        12/17
 24 HR TOTAL      7.6   MM

DEGREE_DAYS
HEATING TOTAL    1148              1170     -22     1008
 SINCE 7/1       2739              2745      -6     2541
COOLING TOTAL       0                 0       0        0
 SINCE 1/1        480               381      99      548
.................................................................

WIND (MPH)
AVERAGE WIND SPEED              8.0
RESULTANT WIND SPEED/DIRECTION   4/236
HIGHEST WIND SPEED/DIRECTION    26/210    DATE  12/22
HIGHEST GUST SPEED/DIRECTION    37/200    DATE  12/22

SKY COVER
POSSIBLE SUNSHINE (PERCENT)   MM
AVERAGE SKY COVER           0.80
NUMBER OF DAYS FAIR            2
NUMBER OF DAYS PC             12
NUMBER OF DAYS CLOUDY         17

AVERAGE RH (PERCENT)     79

WEATHER CONDITIONS. NUMBER OF DAYS WITH
THUNDERSTORM              0     MIXED PRECIP               0
HEAVY RAIN                0     RAIN                       3
LIGHT RAIN                9     FREEZING RAIN              0
LT FREEZING RAIN          4     HAIL                       0
HEAVY SNOW                2     SNOW                       5
LIGHT SNOW               23     SLEET                      0
FOG                      28     FOG W/VIS <= 1/4 MILE      9
HAZE                     13

-  INDICATES NEGATIVE NUMBERS.
R  INDICATES RECORD WAS SET OR TIED.
MM INDICATES DATA IS MISSING.
T  INDICATES TRACE AMOUNT.

$$
