000
CXUS54 KLZK 011559
CF6MEZ
PRELIMINARY LOCAL CLIMATOLOGICAL DATA (WS FORM: F-6)
STATION: MENA AIRPORT
MONTH: DECEMBER
YEAR: 2023
LATITUDE: 34 9 N
LONGITUDE: 94 15 W
TEMPERATURE IN F: :PCPN: SNOW: WIND :SUNSHINE: SKY :PK WND
================================================================================
1 2 3 4 5 6A 6B 7 8 9 10 11 12 13 14 15 16 17 18
12Z AVG MX 2MIN
DY MAX MIN AVG DEP HDD CDD WTR SNW DPTH SPD SPD DIR MIN PSBL S-S WX SPD DR
================================================================================
1 58 35 47 3 18 0 0.15 M M 4.6 12 270 M M 0 1 31 0
2 56 38 47 3 18 0 0.01 M M 2.7 8 270 M M 0 1 M M
3 64 31 48 5 17 0 0.05 M M 3.5 9 260 M M 0 1 17 230
4 55 30 43 0 22 0 0.00 M M 7.4 15 280 M M 0 21 300
5 60 29 45 2 20 0 0.04 M M 6.6 22 290 M M 0 23 290
6 58 27 43 1 22 0 0.10 M M 0.9 6 260 M M 0 M M
7 61 34 48 6 17 0 0.00 M M 4.0 8 230 M M 0 17 250
8 66 53 60 18 5 0 0.02 M M 5.1 8 220 M M 3 1 32 M
9 61 43 52 10 13 0 0.19 M M 5.7 14 340 M M 4 1 22 320
10 51 25 38 -3 27 0 0.00 M M 4.8 10 270 M M 0 M M
11 56 22 39 -2 26 0 0.00 M M 2.0 9 250 M M 0 M M
12 61 26 44 3 21 0 0.00 M M 0.1 3 99 M M 0 M M
13 57 30 44 4 21 0 T M M 3.3 9 90 M M 3 M M
14 64 28 46 6 19 0 0.00 M M 3.4 13 90 M M 1 M M
15 54 35 45 5 20 0 0.05 M M 2.2 9 110 M M 7 1 M M
16 48 28 38 -2 27 0 0.00 M M 5.1 13 300 M M 6 M M
17 60 24 42 2 23 0 0.00 M M 3.0 8 290 M M 0 2 M M
18 54 28 41 1 24 0 0.00 M M 5.1 13 320 M M 0 22 99
19 51 20 36 -4 29 0 0.00 M M 1.3 6 100 M M 0 M M
20 58 29 44 5 21 0 0.00 M M 0.7 5 120 M M 2 M M
21 58 36 47 8 18 0 T M M 0.9 4 120 M M 5 M M
22 58 47 53 14 12 0 T M M 0.7 6 240 M M 9 1 M M
23 65 53 59 20 6 0 T M M 2.6 8 130 M M 9 1 M M
24 62 55 59 20 6 0 0.21 M M 5.9 9 280 M M 9 1 22 140
25 56 28 42 3 23 0 T M M 9.5 17 300 M M 7 21 290
26 49 21 35 -4 30 0 0.00 M M 2.2 9 220 M M 1 M M
27 43 27 35 -4 30 0 0.00 M M 6.3 16 290 M M 5 23 300
28 40 28 34 -5 31 0 0.00 M M 7.1 9 310 M M 8 M M
29 40 23 32 -7 33 0 0.00 M M 6.5 17 280 M M 3 25 280
30 58 20 39 1 26 0 0.00 M M 3.0 10 270 M M 0 M M
31 59 29 44 6 21 0 0.00 M M 3.5 8 10 M M 0 8 M M
================================================================================
SM 1741 982 646 0 0.82 M 119.9 M 82
================================================================================
AV 56.2 31.7 3.9 FASTST M M 3 MAX(MPH)
MISC ----> 22 290 32 9999
================================================================================
NOTES:
# LAST OF SEVERAL OCCURRENCES
COLUMN 17 PEAK WIND IN M.P.H.
PRELIMINARY LOCAL CLIMATOLOGICAL DATA (WS FORM: F-6) , PAGE 2
STATION: MENA AIRPORT
MONTH: DECEMBER
YEAR: 2023
LATITUDE: 34 9 N
LONGITUDE: 94 15 W
[TEMPERATURE DATA] [PRECIPITATION DATA] SYMBOLS USED IN COLUMN 16
AVERAGE MONTHLY: 43.9 TOTAL FOR MONTH: 0.82 1 = FOG OR MIST
DPTR FM NORMAL: 3.5 DPTR FM NORMAL: -4.35 2 = FOG REDUCING VISIBILITY
HIGHEST: 66 ON 8 GRTST 24HR 0.21 ON 24-24 TO 1/4 MILE OR LESS
LOWEST: 20 ON 19,30 3 = THUNDER
SNOW, ICE PELLETS, HAIL 4 = ICE PELLETS
TOTAL MONTH: M 5 = HAIL
GRTST 24HR M ON M 6 = FREEZING RAIN OR DRIZZLE
GRTST DEPTH: M ON M 7 = DUSTSTORM OR SANDSTORM:
VSBY 1/2 MILE OR LESS
8 = SMOKE OR HAZE
[NO. OF DAYS WITH] [WEATHER - DAYS WITH] 9 = BLOWING SNOW
X = TORNADO
MAX 32 OR BELOW: 0 0.01 INCH OR MORE: 9
MAX 90 OR ABOVE: 0 0.10 INCH OR MORE: 3
MIN 32 OR BELOW: 21 0.50 INCH OR MORE: 0
MIN 0 OR BELOW: 0 1.00 INCH OR MORE: 0
[HDD (BASE 65) ]
TOTAL THIS MO. 646 CLEAR (SCALE 0-3) 21
DPTR FM NORMAL -117 PTCLDY (SCALE 4-7) 7
TOTAL FM JUL 1 1250 CLOUDY (SCALE 8-10) 3
DPTR FM NORMAL -190
[CDD (BASE 65) ]
TOTAL THIS MO. 0
DPTR FM NORMAL -1 [PRESSURE DATA]
TOTAL FM JAN 1 1762 HIGHEST SLP M ON M
DPTR FM NORMAL 244 LOWEST SLP M ON M
[REMARKS]
#FINAL-12-23#