000
CDUS41 KCLE 240527
CLIMFD


CLIMATE REPORT
NATIONAL WEATHER SERVICE CLEVELAND OH
125 AM EDT SUN MAY 24 2015


...................................

...THE MANSFIELD OH CLIMATE SUMMARY FOR MAY 23 2015...

CLIMATE NORMAL PERIOD 1981 TO 2010
CLIMATE RECORD PERIOD 1916 TO 2015


WEATHER ITEM   OBSERVED TIME   RECORD YEAR NORMAL DEPARTURE LAST
                VALUE   (LST)  VALUE       VALUE  FROM      YEAR
                                                  NORMAL
..................................................................
TEMPERATURE (F)
 YESTERDAY
  MAXIMUM         75    535 PM  90    1921  71      4       67
  MINIMUM         40    355 AM  30    1963  50    -10       50
  AVERAGE         58                        61     -3       59

PRECIPITATION (IN)
  YESTERDAY        0.00                      0.16  -0.16     0.00
  MONTH TO DATE    1.82                      3.25  -1.43     2.81
  SINCE MAR 1     10.06                     10.78  -0.72    11.81
  SINCE JAN 1     15.22                     16.04  -0.82    16.14

SNOWFALL (IN)
  YESTERDAY        0.0                       0.0    0.0      0.0
  MONTH TO DATE    0.0                       0.0    0.0      0.0
  SINCE MAR 1     10.7                      10.4    0.3     11.5
  SINCE JUL 1     63.2                      48.3   14.9     65.4
  SNOW DEPTH       0

DEGREE DAYS
 HEATING
  YESTERDAY        7                         6      1        6
  MONTH TO DATE  115                       193    -78      174
  SINCE MAR 1   1492                      1553    -61     1643
  SINCE JUL 1   6564                      6178    386     6687

 COOLING
  YESTERDAY        0                         2     -2        0
  MONTH TO DATE   70                        20     50       38
  SINCE MAR 1     70                        28     42       40
  SINCE JAN 1     70                        28     42       40
..................................................................


WIND (MPH)
  HIGHEST WIND SPEED    15   HIGHEST WIND DIRECTION     S (200)
  HIGHEST GUST SPEED    19   HIGHEST GUST DIRECTION    SW (210)
  AVERAGE WIND SPEED     6.8


SKY COVER
  POSSIBLE SUNSHINE  MM
  AVERAGE SKY COVER 0.0


WEATHER CONDITIONS
 THE FOLLOWING WEATHER WAS RECORDED YESTERDAY.
  NO SIGNIFICANT WEATHER WAS OBSERVED.


RELATIVE HUMIDITY (PERCENT)
 HIGHEST    85           400 AM
 LOWEST     25           300 PM
 AVERAGE    55

..........................................................


THE MANSFIELD OH CLIMATE NORMALS FOR TODAY
                         NORMAL    RECORD    YEAR
 MAXIMUM TEMPERATURE (F)   72        85      2007
 MINIMUM TEMPERATURE (F)   51        32      1945


SUNRISE AND SUNSET
MAY 24 2015...........SUNRISE   606 AM EDT   SUNSET   849 PM EDT
MAY 25 2015...........SUNRISE   605 AM EDT   SUNSET   850 PM EDT


-  INDICATES NEGATIVE NUMBERS.
R  INDICATES RECORD WAS SET OR TIED.
MM INDICATES DATA IS MISSING.
T  INDICATES TRACE AMOUNT.




$$
