000
CXUS51 KOKX 010910
CF6LGA
PRELIMINARY LOCAL CLIMATOLOGICAL DATA (WS FORM: F-6)
STATION: LAGUARDIA NY
MONTH: MARCH
YEAR: 2021
LATITUDE: 40 46 N
LONGITUDE: 73 54 W
TEMPERATURE IN F: :PCPN: SNOW: WIND :SUNSHINE: SKY :PK WND
================================================================================
1 2 3 4 5 6A 6B 7 8 9 10 11 12 13 14 15 16 17 18
12Z AVG MX 2MIN
DY MAX MIN AVG DEP HDD CDD WTR SNW DPTH SPD SPD DIR MIN PSBL S-S WX SPD DR
================================================================================
1 49 33 41 3 24 0 0.15 0.0 0 15.7 39 310 M M 8 128 50 310
2 34 23 29 -9 36 0 0.00 0.0 M 20.8 40 310 M M 1 48 300
3 53 33 43 5 22 0 0.00 0.0 0 9.9 18 280 M M 2 23 270
4 45 28 37 -2 28 0 0.00 0.0 0 20.1 38 310 M M 5 48 310
5 38 24 31 -8 34 0 0.00 0.0 0 21.2 35 300 M M 1 43 320
6 35 30 33 -6 32 0 0.00 0.0 0 16.1 26 300 M M 7 34 290
7 41 30 36 -4 29 0 0.00 0.0 0 12.2 20 330 M M 4 24 310
8 44 28 36 -4 29 0 0.00 0.0 0 8.1 15 310 M M 2 20 310
9 62 42 52 12 13 0 0.00 0.0 0 11.0 22 310 M M 4 28 290
10 55 38 47 7 18 0 0.00 0.0 0 7.1 18 190 M M 3 24 160
11 68 44 56 16 9 0 0.00 0.0 0 7.8 14 220 M M 7 18 19 250
12 69 52 61 20 4 0 T 0.0 0 15.6 33 300 M M 7 40 280
13 52 34 43 2 22 0 0.00 0.0 0 15.4 43 300 M M 1 54 320
14 52 32 42 1 23 0 0.00 0.0 0 20.9 37 320 M M 3 50 300
15 39 25 32 -10 33 0 0.00 0.0 0 17.6 36 320 M M 3 46 330
16 36 29 33 -9 32 0 T T 0 8.5 14 80 M M 9 4 16 80
17 47 34 41 -1 24 0 0.00 0.0 0 7.2 12 170 M M 10 14 190
18 47 42 45 2 20 0 0.55 0.0 0 8.7 22 10 M M 10 1 29 10
19 43 32 38 -5 27 0 0.10 T 0 17.0 30 360 M M 5 38 10
20 59 35 47 4 18 0 0.00 0.0 0 6.0 12 190 M M 1 16 350
21 62 38 50 6 15 0 0.00 0.0 0 5.1 15 160 M M 2 17 190
22 57 39 48 4 17 0 0.00 0.0 0 6.6 12 60 M M 1 1 14 60
23 58 42 50 6 15 0 0.00 0.0 0 7.6 14 140 M M 7 128 16 70
24 49 44 47 2 18 0 1.31 0.0 0 9.7 18 50 M M 10 12 21 60
25 67 46 57 12 8 0 0.02 0.0 0 5.3 14 190 M M 9 128 17 180
26 82 52 67 22 0 2 0.02 0.0 0 16.2 41 270 M M 6 1 53 270
27 68 51 60 14 5 0 0.00 0.0 0 10.2 21 190 M M 5 25 170
28 59 45 52 6 13 0 0.60 0.0 0 11.0 30 300 M M 9 12 47 310
29 55 46 51 5 14 0 T 0.0 0 18.1 37 310 M M 3 49 310
30 59 41 50 3 15 0 0.00 0.0 0 11.8 28 170 M M 2 32 170
31 66 49 58 11 7 0 0.37 0.0 0 10.1 26 170 M M 9 1 33 170
================================================================================
SM 1650 1161 604 2 3.12 T 378.6 M 156
================================================================================
AV 53.2 37.5 12.2 FASTST M M 5 MAX(MPH)
MISC ----> 43 300 54 320
================================================================================
NOTES:
# LAST OF SEVERAL OCCURRENCES
COLUMN 17 PEAK WIND IN M.P.H.
PRELIMINARY LOCAL CLIMATOLOGICAL DATA (WS FORM: F-6) , PAGE 2
STATION: LAGUARDIA NY
MONTH: MARCH
YEAR: 2021
LATITUDE: 40 46 N
LONGITUDE: 73 54 W
[TEMPERATURE DATA] [PRECIPITATION DATA] SYMBOLS USED IN COLUMN 16
AVERAGE MONTHLY: 45.3 TOTAL FOR MONTH: 3.12 1 = FOG OR MIST
DPTR FM NORMAL: 3.1 DPTR FM NORMAL: -0.85 2 = FOG REDUCING VISIBILITY
HIGHEST: 82 ON 26 GRTST 24HR 1.32 ON 24-25 TO 1/4 MILE OR LESS
LOWEST: 23 ON 2 3 = THUNDER
SNOW, ICE PELLETS, HAIL 4 = ICE PELLETS
TOTAL MONTH: T 5 = HAIL
GRTST 24HR T ON 16-16 6 = FREEZING RAIN OR DRIZZLE
GRTST DEPTH: 0 7 = DUSTSTORM OR SANDSTORM:
VSBY 1/2 MILE OR LESS
8 = SMOKE OR HAZE
[NO. OF DAYS WITH] [WEATHER - DAYS WITH] 9 = BLOWING SNOW
X = TORNADO
MAX 32 OR BELOW: 0 0.01 INCH OR MORE: 8
MAX 90 OR ABOVE: 0 0.10 INCH OR MORE: 6
MIN 32 OR BELOW: 10 0.50 INCH OR MORE: 3
MIN 0 OR BELOW: 0 1.00 INCH OR MORE: 1
[HDD (BASE 65) ]
TOTAL THIS MO. 604 CLEAR (SCALE 0-3) 10
DPTR FM NORMAL -103 PTCLDY (SCALE 4-7) 13
TOTAL FM JUL 1 3558 CLOUDY (SCALE 8-10) 8
DPTR FM NORMAL -577
[CDD (BASE 65) ]
TOTAL THIS MO. 2
DPTR FM NORMAL 2 [PRESSURE DATA]
TOTAL FM JAN 1 2 HIGHEST SLP M ON M
DPTR FM NORMAL 2 LOWEST SLP 29.41 ON 28
[REMARKS]
#FINAL-03-21#