000
CXUS51 KALY 011013
CLMDDH


CLIMATE REPORT
NATIONAL WEATHER SERVICE ALBANY NY
509 AM EST SAT FEB 1 2014

...................................

...THE BENNINGTON VT CLIMATE SUMMARY FOR THE MONTH OF JANUARY 2014...

CLIMATE NORMAL PERIOD 1981 TO 2010
CLIMATE RECORD PERIOD 9999 TO 9999

WEATHER         OBSERVED          NORMAL  DEPART  LAST YEAR`S
                 VALUE   DATE(S)  VALUE   FROM    VALUE  DATE(S)
                                          NORMAL
................................................................
TEMPERATURE (F)
HIGHEST            62   01/11                         62  01/30
LOWEST            -17R  01/04                        -14  01/03
                        01/03
AVG. MAXIMUM     29.5              30.7    -1.2     34.7
AVG. MINIMUM      9.4              11.6    -2.2     14.5
MEAN             19.4              21.1    -1.7     24.6
DAYS MAX >= 90      0               0.0     0.0        0
DAYS MAX <= 32     17              17.0     0.0       12
DAYS MIN <= 32     29              29.4    -0.4       28
DAYS MIN <= 0       8               6.5     1.5        6

PRECIPITATION (INCHES)
TOTALS           2.92              2.75    0.17     1.45
DAILY AVG.       0.09              0.09    0.00     0.05
DAYS >= .01        15                                 11
DAYS >= .10         4                                  5
DAYS >= .50         2                                  1
DAYS >= 1.00        1                                  0
GREATEST
 24 HR. TOTAL    1.11   01/06 TO 01/06

DEGREE_DAYS
HEATING TOTAL    1407              1359      48     1243
 SINCE 7/1       4070              4131     -61     3688
COOLING TOTAL       0                 0       0        0
 SINCE 1/1          0                 0       0        0

FREEZE DATES
EARLIEST                        10/01
LATEST                          05/10
.................................................................

WIND (MPH)
AVERAGE WIND SPEED              5.6
HIGHEST WIND SPEED/DIRECTION    33/140    DATE  01/06
HIGHEST GUST SPEED/DIRECTION    52/190    DATE  01/27

SKY COVER
AVERAGE SKY COVER           0.50

AVERAGE RH (PERCENT)     65

WEATHER CONDITIONS. NUMBER OF DAYS WITH
THUNDERSTORM              0     MIXED PRECIP               0
HEAVY RAIN                1     RAIN                       2
LIGHT RAIN                4     FREEZING RAIN              0
LT FREEZING RAIN          0     HAIL                       0
HEAVY SNOW                0     SNOW                       3
LIGHT SNOW               14     SLEET                      0
FOG                      11     FOG W/VIS <= 1/4 MILE      1
HAZE                     13

-  INDICATES NEGATIVE NUMBERS.
R  INDICATES RECORD WAS SET OR TIED.
MM INDICATES DATA IS MISSING.
T  INDICATES TRACE AMOUNT.

$$
