000
CXUS51 KALY 011216
CLMDDH


CLIMATE REPORT
NATIONAL WEATHER SERVICE ALBANY NY
812 AM EDT WED MAY 1 2013

...................................

...THE BENNINGTON VT CLIMATE SUMMARY FOR THE MONTH OF APRIL 2013...

CLIMATE NORMAL PERIOD 1981 TO 2010
CLIMATE RECORD PERIOD 9999 TO 9999

WEATHER         OBSERVED          NORMAL  DEPART  LAST YEAR`S
                 VALUE   DATE(S)  VALUE   FROM    VALUE
                                          NORMAL
.............................................................
TEMPERATURE (F)
HIGHEST            76   04/24                         87
LOWEST             23   04/02                         22
AVG. MAXIMUM     56.3              56.7    -0.4     58.4
AVG. MINIMUM     33.8              34.3    -0.5     32.8
MEAN             45.0              45.5    -0.5     45.6
DAYS MAX >= 90      0               0.2    -0.2        0
DAYS MAX <= 32      0               0.2    -0.2        0
DAYS MIN <= 32     14              13.3     0.7       17
DAYS MIN <= 0       0               0.0     0.0        0

PRECIPITATION (INCHES)
TOTALS           3.37              3.27    0.10     2.18
DAILY AVG.       0.11              0.11    0.00     0.07
DAYS >= .01        16                                 13
DAYS >= .10         7                                  5
DAYS >= .50         3                                  1
DAYS >= 1.00        0                                  0
GREATEST
 24 HR. TOTAL    1.18   04/19 TO 04/20

DEGREE_DAYS
HEATING TOTAL     592               588       4      578
 SINCE 7/1       6393              6823    -430     4900
COOLING TOTAL       0                 3      -3        6
 SINCE 1/1          0                 3      -3        6
..............................................................

WIND (MPH)
AVERAGE WIND SPEED              6.8
HIGHEST WIND SPEED/DIRECTION    31/160    DATE  04/19
HIGHEST GUST SPEED/DIRECTION    46/140    DATE  04/12

SKY COVER
AVERAGE SKY COVER           0.50

AVERAGE RH (PERCENT)     57

WEATHER CONDITIONS. NUMBER OF DAYS WITH
THUNDERSTORM              0     MIXED PRECIP               0
HEAVY RAIN                1     RAIN                       5
LIGHT RAIN               17     FREEZING RAIN              0
LT FREEZING RAIN          0     HAIL                       0
HEAVY SNOW                0     SNOW                       0
LIGHT SNOW                2     SLEET                      0
FOG                      12     FOG W/VIS <= 1/4 MILE      0
HAZE                      2

-  INDICATES NEGATIVE NUMBERS.
R  INDICATES RECORD WAS SET OR TIED.
MM INDICATES DATA IS MISSING.
T  INDICATES TRACE AMOUNT.

$$
