000
CXUS51 KOKX 011737
CLSNYC

CLIMATE REPORT
NATIONAL WEATHER SERVICE NEW YORK NY
1237 PM EST THU MAR 1 2012

...THE CENTRAL PARK NY CLIMATE SUMMARY FOR THE SEASON, FROM
12/1/2011 TO 2/29/2012...

CLIMATE NORMAL PERIOD 1981 TO 2010
CLIMATE RECORD PERIOD 1869 TO 2012

WEATHER         OBSERVED          NORMAL  DEPART  LAST YEAR`S
                 VALUE   DATE(S)  VALUE   FROM    VALUE
                                          NORMAL
.............................................................
TEMPERATURE (F)
RECORD
 HIGH              75   12/07/1988
                        02/24/1985
                        02/25/1930
 LOW              -15   02/09/1934
HIGHEST            62   02/01        MM      MM
                        01/07
                        12/21
LOWEST             13   01/04        MM      MM
AVG. MAXIMUM     46.9              41.0     5.9
AVG. MINIMUM     34.1              29.3     4.8
MEAN             40.5              35.1     5.4
DAYS MAX >= 90      0               0.0     0.0
DAYS MAX <= 32      6              16.6   -10.6
DAYS MIN <= 32     33              52.4   -19.4
DAYS MIN <= 0       0               0.0     0.0

PRECIPITATION (INCHES)
RECORD
 MAXIMUM        20.71   1979
 MINIMUM         4.22   1901
TOTALS           8.60             10.74   -2.14    12.64
DAILY AVG.       0.09              0.12   -0.03
DAYS >= .01        30              30.2    -0.2
DAYS >= .10        15              18.9    -3.9
DAYS >= .50         5               7.5    -2.5
DAYS >= 1.00        3               3.0     0.0
GREATEST
 24 HR. TOTAL    1.84   MM
 STORM TOTAL       MM
 (MM/DD(HH))            MM

SNOWFALL (INCHES)
RECORDS
 TOTAL           60.9   2011
 24 HR TOTAL     12.3   MM
TOTALS            4.5              20.6   -16.1
 LIQUID EQUIV    0.45              2.10   -1.65
SINCE 7/1         7.4              20.9   -13.5
 LIQUID 7/1      0.74
DAYS >= TRACE      13               9.0     4.0
DAYS >= 1.0         1               4.8    -3.8
GREATEST
 SNOW DEPTH         3   01/22
 24 HR TOTAL      4.3   MM
 STORM TOTAL       MM
 (MM/DD(HH))            MM

DEGREE_DAYS
HEATING TOTAL    2209              2690    -481
 SINCE 7/1         MM              3549      MM
COOLING TOTAL       0                 0       0
 SINCE 1/1          0                 0       0
..............................................................

WIND (MPH)
AVERAGE WIND SPEED              6.7
HIGHEST WIND SPEED/DIRECTION    30/050    DATE  01/12
HIGHEST GUST SPEED/DIRECTION    41/MM     DATE   MM

SKY COVER
POSSIBLE SUNSHINE (PERCENT)   MM
AVERAGE SKY COVER           0.40
NUMBER OF DAYS FAIR           45
NUMBER OF DAYS PC             29
NUMBER OF DAYS CLOUDY         12

AVERAGE RH (PERCENT)     60

WEATHER CONDITIONS. NUMBER OF DAYS WITH
THUNDERSTORM              0     MIXED PRECIP               0
HEAVY RAIN                9     RAIN                      11
LIGHT RAIN               27     FREEZING RAIN              0
LT FREEZING RAIN          0     HAIL                       0
HEAVY SNOW                0     SNOW                       2
LIGHT SNOW                9     SLEET                      0
FOG                      27     FOG W/VIS <= 1/4 MILE      2
HAZE                     14

-  INDICATES NEGATIVE NUMBERS.
R  INDICATES RECORD WAS SET OR TIED.
MM INDICATES DATA IS MISSING.
T  INDICATES TRACE AMOUNT.

$$
