000
CXUS53 KPAH 020621
CLMEVV

CLIMATE REPORT
NATIONAL WEATHER SERVICE PADUCAH KY
120 AM CDT THU MAY 2 2013

...................................

...THE EVANSVILLE ASOS CLIMATE SUMMARY FOR THE MONTH OF APRIL 2013...

CLIMATE NORMAL PERIOD 1981 TO 2010
CLIMATE RECORD PERIOD 1896 TO 2013

WEATHER         OBSERVED          NORMAL  DEPART  LAST YEAR`S
                 VALUE   DATE(S)  VALUE   FROM    VALUE  DATE(S)
                                          NORMAL
................................................................
TEMPERATURE (F)
RECORD
 HIGH              91   04/27/1989
                        04/26/1989
 LOW               23   04/07/1990
                        04/03/1987
HIGHEST            85   04/17        67      18       86  04/01
LOWEST             26   04/03        45     -19       31  04/12
AVG. MAXIMUM     67.6              67.7    -0.1     72.2
AVG. MINIMUM     44.0              44.6    -0.6     46.0
MEAN             55.8              56.1    -0.3     59.1
DAYS MAX >= 90      0               0.0     0.0        0
DAYS MAX <= 32      0               0.0     0.0        0
DAYS MIN <= 32      4               2.8     1.2        1
DAYS MIN <= 0       0               0.0     0.0        0

PRECIPITATION (INCHES)
RECORD
 MAXIMUM        11.83   1996
 MINIMUM         0.40   1915
TOTALS           3.86              4.37   -0.51     1.44
DAILY AVG.       0.13              0.15   -0.02     0.05
DAYS >= .01         8              11.7    -3.7        9
DAYS >= .10         4               7.4    -3.4        5
DAYS >= .50         2               2.6    -0.6        0
DAYS >= 1.00        2               1.2     0.8        0
GREATEST
 24 HR. TOTAL    1.85   04/18 TO 04/19
 STORM TOTAL       MM
 (MM/DD(HH))            MM

SNOWFALL (INCHES)
RECORDS
 TOTAL            8.6   1971
TOTALS            0.0               0.1    -0.1      0.0
SINCE 7/1        12.3              11.8     0.5      0.5
SNOWDEPTH AVG.      0                MM      MM        0
DAYS >= TRACE       0
DAYS >= 1.0         0               0.0     0.0        0
GREATEST
 SNOW DEPTH         0   MM                             0  MM
 24 HR TOTAL      0.0   04/30 TO 04/30
 STORM TOTAL       MM
 (MM/DD(HH))            MM

DEGREE_DAYS
HEATING TOTAL     304               289      15      217
 SINCE 7/1       4448              4455      -7     3463
COOLING TOTAL      34                24      10       48
 SINCE 1/1         34                27       7       96
.................................................................

WIND (MPH)
AVERAGE WIND SPEED              7.5
HIGHEST WIND SPEED/DIRECTION    28/270    DATE  04/19
HIGHEST GUST SPEED/DIRECTION    38/260    DATE  04/19

SKY COVER
POSSIBLE SUNSHINE (PERCENT)   MM
AVERAGE SKY COVER           0.30
NUMBER OF DAYS FAIR           17
NUMBER OF DAYS PC             10
NUMBER OF DAYS CLOUDY          3

AVERAGE RH (PERCENT)     62

WEATHER CONDITIONS. NUMBER OF DAYS WITH
THUNDERSTORM              0     MIXED PRECIP               0
HEAVY RAIN                4     RAIN                       5
LIGHT RAIN               10     FREEZING RAIN              0
LT FREEZING RAIN          0     HAIL                       0
HEAVY SNOW                0     SNOW                       0
LIGHT SNOW                0     SLEET                      0
FOG                      10     FOG W/VIS <= 1/4 MILE      0
HAZE                      6

-  INDICATES NEGATIVE NUMBERS.
R  INDICATES RECORD WAS SET OR TIED.
MM INDICATES DATA IS MISSING.
T  INDICATES TRACE AMOUNT.

$$
