000
CXUS53 KPAH 011941
CLMEVV

INDCLMEEV 000
TTAA00 KPAH 011938


CLIMATE REPORT
NATIONAL WEATHER SERVICE PADUCAH KY
235 PM CDT SUN SEP 1 2013

...................................

...THE EVANSVILLE ASOS CLIMATE SUMMARY FOR THE MONTH OF AUGUST 2013...

CLIMATE NORMAL PERIOD 1981 TO 2010
CLIMATE RECORD PERIOD 1896 TO 2013

WEATHER         OBSERVED          NORMAL  DEPART  LAST YEAR`S
                 VALUE   DATE(S)  VALUE   FROM    VALUE  DATE(S)
                                          NORMAL
................................................................
TEMPERATURE (F)
RECORD
 HIGH             105   08/09/1930
                        08/08/1930
 LOW               43   08/29/1986
HIGHEST            97   08/31        87      10       99  08/02
                                                          08/01
LOWEST             54   08/15        65     -11       55  08/20
                                                          08/12
AVG. MAXIMUM     87.2              88.0    -0.8     89.2
AVG. MINIMUM     66.5              65.4     1.1     64.2
MEAN             76.8              76.7     0.1     76.7
DAYS MAX >= 90     11              11.6    -0.6       16
DAYS MAX <= 32      0               0.0     0.0        0
DAYS MIN <= 32      0               0.0     0.0        0
DAYS MIN <= 0       0               0.0     0.0        0

PRECIPITATION (INCHES)
RECORD
 MAXIMUM         8.51   2005
 MINIMUM         0.13   1943
TOTALS           1.64              2.98   -1.34     4.10
DAILY AVG.       0.05              0.10   -0.05     0.13
DAYS >= .01         6               6.9    -0.9        5
DAYS >= .10         4               4.5    -0.5        5
DAYS >= .50         2               1.8     0.2        2
DAYS >= 1.00        0               0.9    -0.9        1
GREATEST
 24 HR. TOTAL    0.59   08/11 TO 08/12
                        08/12 TO 08/12
                        08/12 TO 08/13
 STORM TOTAL       MM
 (MM/DD(HH))            MM

DEGREE_DAYS
COOLING TOTAL     374               363      11      371
 SINCE 1/1       1192              1199      -7     1667
.................................................................

WIND (MPH)
AVERAGE WIND SPEED              4.1
HIGHEST WIND SPEED/DIRECTION    30/350    DATE  08/31
HIGHEST GUST SPEED/DIRECTION    38/340    DATE  08/31

SKY COVER
POSSIBLE SUNSHINE (PERCENT)   MM
AVERAGE SKY COVER           0.30
NUMBER OF DAYS FAIR           21
NUMBER OF DAYS PC              9
NUMBER OF DAYS CLOUDY          1

AVERAGE RH (PERCENT)     72

WEATHER CONDITIONS. NUMBER OF DAYS WITH
THUNDERSTORM              0     MIXED PRECIP               0
HEAVY RAIN                3     RAIN                       4
LIGHT RAIN               10     FREEZING RAIN              0
LT FREEZING RAIN          0     HAIL                       0
HEAVY SNOW                0     SNOW                       0
LIGHT SNOW                0     SLEET                      0
FOG                      19     FOG W/VIS <= 1/4 MILE      1
HAZE                     13

-  INDICATES NEGATIVE NUMBERS.
R  INDICATES RECORD WAS SET OR TIED.
MM INDICATES DATA IS MISSING.
T  INDICATES TRACE AMOUNT.

$$
