000
CXUS53 KPAH 010657
CLMEVV

INDCLMEEV 000
TTAA00 KPAH 010656


CLIMATE REPORT
NATIONAL WEATHER SERVICE PADUCAH KY
148 AM CDT FRI NOV 1 2013

...................................

...THE EVANSVILLE ASOS CLIMATE SUMMARY FOR THE MONTH OF OCTOBER 2013...

CLIMATE NORMAL PERIOD 1981 TO 2010
CLIMATE RECORD PERIOD 1896 TO 2013

WEATHER         OBSERVED          NORMAL  DEPART  LAST YEAR`S
                 VALUE   DATE(S)  VALUE   FROM    VALUE  DATE(S)
                                          NORMAL
................................................................
TEMPERATURE (F)
RECORD
 HIGH              94   10/02/1953
 LOW               21   10/29/1952
                        10/22/1952
HIGHEST            85   10/03        70      15       81  10/22
LOWEST             28   10/25        45     -17       34  10/31
                                                          10/11
AVG. MAXIMUM     69.0              69.8    -0.8     65.6
AVG. MINIMUM     48.2              45.5     2.7     46.0
MEAN             58.6              57.6     1.0     55.8
DAYS MAX >= 90      0               0.2    -0.2        0
DAYS MAX <= 32      0               0.0     0.0        0
DAYS MIN <= 32      2               2.1    -0.1        0
DAYS MIN <= 0       0               0.0     0.0        0

PRECIPITATION (INCHES)
RECORD
 MAXIMUM        11.19   1910
 MINIMUM         0.01   1964
TOTALS           6.07              3.25    2.82     2.90
DAILY AVG.       0.20              0.10    0.10     0.09
DAYS >= .01        13               8.3     4.7        9
DAYS >= .10         9               5.5     3.5        6
DAYS >= .50         4               2.3     1.7        3
DAYS >= 1.00        2               0.7     1.3        0
GREATEST
 24 HR. TOTAL    3.01   10/05 TO 10/06
 STORM TOTAL       MM
 (MM/DD(HH))            MM

SNOWFALL (INCHES)
RECORDS
 TOTAL            5.0   1993
TOTALS            0.0               0.2    -0.2      0.0
SINCE 7/1         0.0               0.2    -0.2      0.0
SNOWDEPTH AVG.      0                MM      MM        0
DAYS >= TRACE       0
DAYS >= 1.0         0               0.0     0.0        0
GREATEST
 SNOW DEPTH         0   MM                             0  MM
 24 HR TOTAL      0.0   10/31 TO 10/31
 STORM TOTAL       MM
 (MM/DD(HH))            MM

DEGREE_DAYS
HEATING TOTAL     249               256      -7      300
 SINCE 7/1        259               303     -44      343
COOLING TOTAL      57                29      28       22
 SINCE 1/1       1464              1395      69     1843
.................................................................

WIND (MPH)
AVERAGE WIND SPEED              5.0
HIGHEST WIND SPEED/DIRECTION    31/280    DATE  10/05
HIGHEST GUST SPEED/DIRECTION    40/270    DATE  10/05

SKY COVER
POSSIBLE SUNSHINE (PERCENT)   MM
AVERAGE SKY COVER           0.40
NUMBER OF DAYS FAIR           15
NUMBER OF DAYS PC             11
NUMBER OF DAYS CLOUDY          5

AVERAGE RH (PERCENT)     71

WEATHER CONDITIONS. NUMBER OF DAYS WITH
THUNDERSTORM              0     MIXED PRECIP               0
HEAVY RAIN                8     RAIN                       7
LIGHT RAIN               14     FREEZING RAIN              0
LT FREEZING RAIN          0     HAIL                       0
HEAVY SNOW                0     SNOW                       0
LIGHT SNOW                0     SLEET                      0
FOG                      19     FOG W/VIS <= 1/4 MILE      2
HAZE                      7

-  INDICATES NEGATIVE NUMBERS.
R  INDICATES RECORD WAS SET OR TIED.
MM INDICATES DATA IS MISSING.
T  INDICATES TRACE AMOUNT.

$$
