000
CXUS54 KSHV 011400
CF6ELD
PRELIMINARY LOCAL CLIMATOLOGICAL DATA (WS FORM: F-6)
STATION: EL DORADO
MONTH: NOVEMBER
YEAR: 2023
LATITUDE: 33 13 N
LONGITUDE: 92 49 W
TEMPERATURE IN F: :PCPN: SNOW: WIND :SUNSHINE: SKY :PK WND
================================================================================
1 2 3 4 5 6A 6B 7 8 9 10 11 12 13 14 15 16 17 18
12Z AVG MX 2MIN
DY MAX MIN AVG DEP HDD CDD WTR SNW DPTH SPD SPD DIR MIN PSBL S-S WX SPD DR
================================================================================
1 55 28 42 -16 23 0 0.00 0.0 0 3.3 12 70 M M 0 17 30
2 61 28 45 -13 20 0 0.00 0.0 0 2.6 10 150 M M 0 M M
3 71 31 51 -7 14 0 0.00 0.0 0 1.8 12 190 M M 0 20 200
4 77 41 59 2 6 0 0.00 0.0 0 1.7 10 240 M M 1 15 200
5 79 45 62 5 3 0 0.00 0.0 0 0.6 7 210 M M 0 1 11 210
6 81 51 66 9 0 1 0.00 0.0 0 4.5 18 200 M M 1 27 200
7 84 55 70 14 0 5 0.00 0.0 0 6.9 17 190 M M 0 1 24 200
8 81 59 70 14 0 5 0.00 0.0 0 6.8 21 200 M M 4 1 28 220
9 69 51 60 4 5 0 0.23 0.0 0 5.6 16 20 M M 9 1 25 20
10 55 48 52 -3 13 0 0.77 0.0 0 7.4 14 20 M M 9 1 24 30
11 66 49 58 3 7 0 0.00 0.0 0 7.5 16 50 M M 7 22 40
12 64 46 55 0 10 0 0.00 0.0 0 3.1 8 320 M M 2 12 30
13 64 47 56 2 9 0 0.00 0.0 0 5.2 12 40 M M 1 16 30
14 69 48 59 5 6 0 0.00 0.0 0 2.6 9 50 M M 2 12 50
15 59 48 54 0 11 0 0.01 0.0 0 6.1 10 30 M M 10 1 15 40
16 65 56 61 7 4 0 T 0.0 0 2.7 7 130 M M 10 1 M M
17 67 54 61 8 4 0 0.02 0.0 0 3.2 12 310 M M 10 1 17 340
18 67 41 54 1 11 0 0.00 0.0 0 2.9 12 10 M M 1 12 17 20
19 68 36 52 -1 13 0 T 0.0 0 3.6 12 120 M M 1 16 80
20 74 51 63 11 2 0 0.78 0.0 0 5.4 17 360 M M 9 123 28 200
21 57 42 50 -2 15 0 0.03 0.0 0 6.9 15 330 M M 9 1 23 280
22 57 34 46 -6 19 0 0.00 0.0 0 3.8 13 320 M M 4 17 320
23 58 30 44 -8 21 0 T 0.0 0 1.4 9 210 M M 1 14 200
24 61 41 51 0 14 0 T 0.0 0 2.6 8 20 M M 7 13 40
25 60 35 48 -3 17 0 T 0.0 0 3.3 10 50 M M 0 1 14 50
26 54 32 43 -8 22 0 0.12 0.0 0 5.3 17 320 M M 5 1 25 290
27 54 27 41 -9 24 0 0.00 0.0 0 3.5 12 320 M M 0 17 340
28 61 29 45 -5 20 0 0.00 0.0 0 1.6 8 280 M M 0 13 10
29 64 29 47 -3 18 0 0.00 0.0 0 3.9 14 190 M M 0 19 250
30 56 43 50 0 15 0 0.85 0.0 0 7.9 17 140 M M 9 1 26 150
================================================================================
SM 1958 1255 346 11 2.81 0.0 123.7 M 112
================================================================================
AV 65.3 41.8 4.1 FASTST M M 4 MAX(MPH)
MISC ----> 21 200 # 28 220
================================================================================
NOTES:
# LAST OF SEVERAL OCCURRENCES
COLUMN 17 PEAK WIND IN M.P.H.
PRELIMINARY LOCAL CLIMATOLOGICAL DATA (WS FORM: F-6) , PAGE 2
STATION: EL DORADO
MONTH: NOVEMBER
YEAR: 2023
LATITUDE: 33 13 N
LONGITUDE: 92 49 W
[TEMPERATURE DATA] [PRECIPITATION DATA] SYMBOLS USED IN COLUMN 16
AVERAGE MONTHLY: 53.6 TOTAL FOR MONTH: 2.81 1 = FOG OR MIST
DPTR FM NORMAL: -0.2 DPTR FM NORMAL: -1.02 2 = FOG REDUCING VISIBILITY
HIGHEST: 84 ON 7 GRTST 24HR 1.00 ON 9-10 TO 1/4 MILE OR LESS
LOWEST: 27 ON 27 3 = THUNDER
SNOW, ICE PELLETS, HAIL 4 = ICE PELLETS
TOTAL MONTH: 0.0 INCH 5 = HAIL
GRTST 24HR 0.0 6 = FREEZING RAIN OR DRIZZLE
GRTST DEPTH: 0 7 = DUSTSTORM OR SANDSTORM:
VSBY 1/2 MILE OR LESS
8 = SMOKE OR HAZE
[NO. OF DAYS WITH] [WEATHER - DAYS WITH] 9 = BLOWING SNOW
X = TORNADO
MAX 32 OR BELOW: 0 0.01 INCH OR MORE: 8
MAX 90 OR ABOVE: 0 0.10 INCH OR MORE: 5
MIN 32 OR BELOW: 8 0.50 INCH OR MORE: 3
MIN 0 OR BELOW: 0 1.00 INCH OR MORE: 0
[HDD (BASE 65) ]
TOTAL THIS MO. 346 CLEAR (SCALE 0-3) 17
DPTR FM NORMAL -5 PTCLDY (SCALE 4-7) 5
TOTAL FM JUL 1 438 CLOUDY (SCALE 8-10) 8
DPTR FM NORMAL -32
[CDD (BASE 65) ]
TOTAL THIS MO. 11
DPTR FM NORMAL -4 [PRESSURE DATA]
TOTAL FM JAN 1 2397 HIGHEST SLP 30.55 ON 1
DPTR FM NORMAL 119 LOWEST SLP 29.71 ON 20
[REMARKS]
#FINAL-11-23#