000
CXUS54 KSHV 011400
CF6ELD
PRELIMINARY LOCAL CLIMATOLOGICAL DATA (WS FORM: F-6)
STATION: EL DORADO
MONTH: DECEMBER
YEAR: 2023
LATITUDE: 33 13 N
LONGITUDE: 92 49 W
TEMPERATURE IN F: :PCPN: SNOW: WIND :SUNSHINE: SKY :PK WND
================================================================================
1 2 3 4 5 6A 6B 7 8 9 10 11 12 13 14 15 16 17 18
12Z AVG MX 2MIN
DY MAX MIN AVG DEP HDD CDD WTR SNW DPTH SPD SPD DIR MIN PSBL S-S WX SPD DR
================================================================================
1 73 47 60 10 5 0 T 0.0 0 5.0 12 220 M M 5 1 17 220
2 68 41 55 6 10 0 0.00 0.0 0 3.5 9 60 M M 0 1 14 20
3 67 39 53 4 12 0 0.00 0.0 0 2.7 10 190 M M 0 1 15 200
4 63 36 50 1 15 0 0.00 0.0 0 4.7 15 320 M M 0 21 280
5 67 32 50 1 15 0 0.00 0.0 0 3.8 17 300 M M 0 25 300
6 58 31 45 -3 20 0 0.00 0.0 0 2.2 10 60 M M 0 16 40
7 66 33 50 2 15 0 0.00 0.0 0 5.8 14 180 M M 0 20 180
8 66 49 58 10 7 0 0.02 0.0 0 10.2 18 170 M M 9 1 29 150
9 81 52 67 19 0 2 0.00 0.0 0 10.4 23 220 M M 6 34 190
10 57 31 44 -4 21 0 0.00 0.0 0 6.2 17 320 M M 0 23 320
11 59 26 43 -4 22 0 0.00 0.0 0 1.2 7 170 M M 0 11 140
12 64 29 47 0 18 0 0.00 0.0 0 1.5 8 120 M M 0 12 110
13 62 31 47 0 18 0 0.00 0.0 0 4.4 13 70 M M 0 16 60
14 67 41 54 7 11 0 0.00 0.0 0 5.9 14 90 M M 0 8 21 90
15 67 44 56 9 9 0 0.45 0.0 0 6.6 15 120 M M 2 1 20 120
16 54 37 46 -1 19 0 0.27 0.0 0 4.0 10 280 M M 7 12 16 260
17 61 31 46 0 19 0 0.00 0.0 0 2.2 9 280 M M 0 1 13 280
18 63 32 48 2 17 0 0.00 0.0 0 5.8 14 310 M M 0 20 320
19 51 26 39 -7 26 0 0.00 0.0 0 2.7 13 130 M M 0 17 130
20 62 29 46 0 19 0 0.00 0.0 0 3.2 12 150 M M 0 16 130
21 59 34 47 1 18 0 0.00 0.0 0 2.3 8 140 M M 2 10 140
22 64 46 55 9 10 0 0.01 0.0 0 2.4 9 190 M M 9 1 13 180
23 66 54 60 14 5 0 0.03 0.0 0 4.7 12 130 M M 9 1 16 140
24 61 57 59 13 6 0 0.58 0.0 0 8.7 17 160 M M 10 1 27 160
25 59 32 46 1 19 0 0.00 0.0 0 7.1 16 260 M M 8 27 240
26 55 27 41 -4 24 0 0.00 0.0 0 2.7 9 180 M M 1 1 14 160
27 55 28 42 -3 23 0 0.00 0.0 0 6.7 20 280 M M 1 30 260
28 44 25 35 -10 30 0 0.00 0.0 0 3.9 12 280 M M 5 17 290
29 51 28 40 -5 25 0 0.00 0.0 0 6.1 18 270 M M 2 28 270
30 58 25 42 -3 23 0 0.00 0.0 0 2.2 12 210 M M 0 16 210
31 67 27 47 2 18 0 0.00 0.0 0 3.7 13 30 M M 0 19 220
================================================================================
SM 1915 1100 499 2 1.36 0.0 142.5 M 76
================================================================================
AV 61.8 35.5 4.6 FASTST M M 2 MAX(MPH)
MISC ----> 23 220 34 190
================================================================================
NOTES:
# LAST OF SEVERAL OCCURRENCES
COLUMN 17 PEAK WIND IN M.P.H.
PRELIMINARY LOCAL CLIMATOLOGICAL DATA (WS FORM: F-6) , PAGE 2
STATION: EL DORADO
MONTH: DECEMBER
YEAR: 2023
LATITUDE: 33 13 N
LONGITUDE: 92 49 W
[TEMPERATURE DATA] [PRECIPITATION DATA] SYMBOLS USED IN COLUMN 16
AVERAGE MONTHLY: 48.6 TOTAL FOR MONTH: 1.36 1 = FOG OR MIST
DPTR FM NORMAL: 1.8 DPTR FM NORMAL: -4.25 2 = FOG REDUCING VISIBILITY
HIGHEST: 81 ON 9 GRTST 24HR 0.72 ON 15-16 TO 1/4 MILE OR LESS
LOWEST: 25 ON 30,28 3 = THUNDER
SNOW, ICE PELLETS, HAIL 4 = ICE PELLETS
TOTAL MONTH: 0.0 INCH 5 = HAIL
GRTST 24HR 0.0 6 = FREEZING RAIN OR DRIZZLE
GRTST DEPTH: 0 7 = DUSTSTORM OR SANDSTORM:
VSBY 1/2 MILE OR LESS
8 = SMOKE OR HAZE
[NO. OF DAYS WITH] [WEATHER - DAYS WITH] 9 = BLOWING SNOW
X = TORNADO
MAX 32 OR BELOW: 0 0.01 INCH OR MORE: 6
MAX 90 OR ABOVE: 0 0.10 INCH OR MORE: 3
MIN 32 OR BELOW: 17 0.50 INCH OR MORE: 1
MIN 0 OR BELOW: 0 1.00 INCH OR MORE: 0
[HDD (BASE 65) ]
TOTAL THIS MO. 499 CLEAR (SCALE 0-3) 22
DPTR FM NORMAL -70 PTCLDY (SCALE 4-7) 5
TOTAL FM JUL 1 937 CLOUDY (SCALE 8-10) 4
DPTR FM NORMAL -102
[CDD (BASE 65) ]
TOTAL THIS MO. 2
DPTR FM NORMAL -3 [PRESSURE DATA]
TOTAL FM JAN 1 2399 HIGHEST SLP 30.61 ON 13
DPTR FM NORMAL 116 LOWEST SLP 29.76 ON 25
[REMARKS]
#FINAL-12-23#