000
CDUS43 KFSD 022224
CLIHON


CLIMATE REPORT
NATIONAL WEATHER SERVICE SIOUX FALLS SD
523 PM CDT WED MAY 2 2018


...................................

...THE HURON SD CLIMATE SUMMARY FOR MAY 2 2018...
VALID TODAY AS OF 0500 PM LOCAL TIME.

CLIMATE NORMAL PERIOD 1981 TO 2010
CLIMATE RECORD PERIOD 1881 TO 2018


WEATHER ITEM   OBSERVED TIME   RECORD YEAR NORMAL DEPARTURE LAST
                VALUE   (LST)  VALUE       VALUE  FROM      YEAR
                                                  NORMAL
..................................................................
TEMPERATURE (F)
 TODAY
  MAXIMUM         69    359 PM  92    1955  66      3       66
  MINIMUM         35    525 AM  20    2005  41     -6       30
  AVERAGE         52                        54     -2       48

PRECIPITATION (IN)
  TODAY            0.00          0.97 1997   0.10  -0.10     0.01
  MONTH TO DATE    0.00                      0.19  -0.19     0.01
  SINCE MAR 1      4.25                      3.96   0.29     1.96
  SINCE JAN 1      5.59                      5.06   0.53     2.76

SNOWFALL (IN)
  TODAY            0.0           1.6  1954   0.1   -0.1      0.0
  MONTH TO DATE    0.0                       0.1   -0.1      0.0
  SINCE MAR 1     30.8                      13.0   17.8     13.9
  SINCE JUL 1     58.7                      44.0   14.7     35.9
  SNOW DEPTH       0

DEGREE DAYS
 HEATING
  TODAY           13                        12      1       17
  MONTH TO DATE   27                        24      3       30
  SINCE MAR 1   1899                      1570    329     1520
  SINCE JUL 1   7847                      7402    445     6669

 COOLING
  TODAY            0                         0      0        0
  MONTH TO DATE    0                         0      0        0
  SINCE MAR 1      2                         4     -2        0
  SINCE JAN 1      2                         4     -2        0
..................................................................


WIND (MPH)
  HIGHEST WIND SPEED    10   HIGHEST WIND DIRECTION    NW (300)
  HIGHEST GUST SPEED    14   HIGHEST GUST DIRECTION     W (260)
  AVERAGE WIND SPEED     3.2


SKY COVER
  POSSIBLE SUNSHINE  MM
  AVERAGE SKY COVER 0.1


WEATHER CONDITIONS
 THE FOLLOWING WEATHER WAS RECORDED TODAY.
  FOG
  FOG W/VISIBILITY <= 1/4 MILE


RELATIVE HUMIDITY (PERCENT)
 HIGHEST   100           300 AM
 LOWEST     37           400 PM
 AVERAGE    69

..........................................................


THE HURON SD CLIMATE NORMALS FOR TOMORROW
                         NORMAL    RECORD    YEAR
 MAXIMUM TEMPERATURE (F)   67        94      1949
 MINIMUM TEMPERATURE (F)   41        16      2013


SUNRISE AND SUNSET
MAY  2 2018...........SUNRISE   622 AM CDT   SUNSET   838 PM CDT
MAY  3 2018...........SUNRISE   621 AM CDT   SUNSET   839 PM CDT


-  INDICATES NEGATIVE NUMBERS.
R  INDICATES RECORD WAS SET OR TIED.
MM INDICATES DATA IS MISSING.
T  INDICATES TRACE AMOUNT.




$$
