000
CDUS43 KMKX 160658
CLIMSN


CLIMATE REPORT
NATIONAL WEATHER SERVICE IN MILWAUKEE
158 AM CDT MON APR 16 2018


...................................

...THE MADISON WI CLIMATE SUMMARY FOR APRIL 15 2018...

CLIMATE NORMAL PERIOD 1981 TO 2010
CLIMATE RECORD PERIOD 1871 TO 2018


WEATHER ITEM   OBSERVED TIME   RECORD YEAR NORMAL DEPARTURE LAST
                VALUE   (LST)  VALUE       VALUE  FROM      YEAR
                                                  NORMAL
..................................................................
TEMPERATURE (F)
 YESTERDAY
  MAXIMUM         29    558 AM  87    2002  57    -28       76
  MINIMUM         24    847 PM  18    2014  36    -12       54
                                      1928
  AVERAGE         27                        46    -19       65

PRECIPITATION (IN)
  YESTERDAY        0.16          1.51 1998   0.11   0.05     0.85
  MONTH TO DATE    1.34                      1.66  -0.32     2.52
  SINCE MAR 1      2.08                      3.86  -1.78     5.35
  SINCE JAN 1      6.26                      6.54  -0.28    10.05

SNOWFALL (IN)
  YESTERDAY        1.7           4.5  1923   0.1    1.6      0.0
  MONTH TO DATE    6.0                       1.8    4.2       T
  SINCE MAR 1      9.4                       8.8    0.6      8.3
  SINCE JUL 1     36.9                      49.9  -13.0     44.0
  SNOW DEPTH       1

DEGREE DAYS
 HEATING
  YESTERDAY       38                        19     19        0
  MONTH TO DATE  506                       323    183      229
  SINCE MAR 1   1499                      1286    213     1178
  SINCE JUL 1   6774                      6772      2     5690

 COOLING
  YESTERDAY        0                         0      0        0
  MONTH TO DATE    0                         0      0        0
  SINCE MAR 1      0                         0      0        0
  SINCE JAN 1      0                         0      0        0
..................................................................


WIND (MPH)
  HIGHEST WIND SPEED    28   HIGHEST WIND DIRECTION    NE (50)
  HIGHEST GUST SPEED    38   HIGHEST GUST DIRECTION     E (80)
  AVERAGE WIND SPEED    15.5


SKY COVER
  POSSIBLE SUNSHINE  MM
  AVERAGE SKY COVER 1.0


WEATHER CONDITIONS
 THE FOLLOWING WEATHER WAS RECORDED YESTERDAY.
  LIGHT SNOW
  FOG


RELATIVE HUMIDITY (PERCENT)
 HIGHEST    92           500 AM
 LOWEST     81           200 PM
 AVERAGE    87

..........................................................


THE MADISON WI CLIMATE NORMALS FOR TODAY
                         NORMAL    RECORD    YEAR
 MAXIMUM TEMPERATURE (F)   58        86      2002
 MINIMUM TEMPERATURE (F)   36        12      1875


SUNRISE AND SUNSET
APRIL 16 2018.........SUNRISE   614 AM CDT   SUNSET   741 PM CDT
APRIL 17 2018.........SUNRISE   612 AM CDT   SUNSET   742 PM CDT


-  INDICATES NEGATIVE NUMBERS.
R  INDICATES RECORD WAS SET OR TIED.
MM INDICATES DATA IS MISSING.
T  INDICATES TRACE AMOUNT.




$$
