000
CXUS53 KOAX 011322
CF6LNK
PRELIMINARY LOCAL CLIMATOLOGICAL DATA (WS FORM: F-6)
STATION: LINCOLN NE
MONTH: DECEMBER
YEAR: 2023
LATITUDE: 40 50 N
LONGITUDE: 96 45 W
TEMPERATURE IN F: :PCPN: SNOW: WIND :SUNSHINE: SKY :PK WND
================================================================================
1 2 3 4 5 6A 6B 7 8 9 10 11 12 13 14 15 16 17 18
12Z AVG MX 2MIN
DY MAX MIN AVG DEP HDD CDD WTR SNW DPTH SPD SPD DIR MIN PSBL S-S WX SPD DR
================================================================================
1 43 17 30 -3 35 0 0.00 0.0 0 8.6 16 360 M M 0 22 20
2 40 13 27 -6 38 0 0.00 0.0 0 3.5 9 170 M M 4 12 170
3 40 20 30 -3 35 0 0.33 0.3 0 6.2 12 140 M M 6 1 15 180
4 44 17 31 -1 34 0 0.01 0.0 0 6.7 18 290 M M 3 12 25 280
5 50 25 38 6 27 0 0.00 0.0 0 8.4 21 310 M M 1 28 290
6 58 25 42 10 23 0 0.00 0.0 0 8.9 21 220 M M 0 29 210
7 62 31 47 16 18 0 0.00 0.0 0 7.7 20 200 M M 0 18 28 200
8 59 33 46 15 19 0 T 0.0 0 6.9 20 340 M M 1 26 340
9 44 31 38 8 27 0 0.00 0.0 0 17.5 31 310 M M 4 41 310
10 48 19 34 4 31 0 0.00 0.0 0 4.8 15 200 M M 0 20 220
11 53 18 36 6 29 0 0.00 0.0 0 3.8 12 260 M M 0 8 16 260
12 37 29 33 3 32 0 0.00 0.0 0 7.0 14 30 M M 8 17 30
13 47 20 34 5 31 0 0.00 0.0 0 2.6 12 360 M M 0 12 360
14 52 21 37 8 28 0 0.09 0.0 0 3.5 14 200 M M 3 1 17 210
15 43 39 41 12 24 0 0.43 0.0 0 3.8 13 120 M M 10 1 17 130
16 41 32 37 9 28 0 0.01 0.0 0 10.4 18 330 M M 10 1 25 320
17 53 23 38 10 27 0 0.00 0.0 0 6.5 21 350 M M 0 1 26 320
18 39 24 32 4 33 0 0.00 0.0 0 7.2 22 340 M M 0 30 350
19 51 22 37 9 28 0 0.00 0.0 0 11.2 26 200 M M 0 34 190
20 49 22 36 8 29 0 0.00 0.0 0 2.5 8 350 M M 0 9 350
21 54 29 42 15 23 0 0.00 0.0 0 3.1 10 180 M M 8 18 13 180
22 53 29 41 14 24 0 0.00 0.0 0 3.0 10 240 M M 6 18 15 230
23 58 23 41 14 24 0 T 0.0 0 8.3 24 170 M M 5 128 31 160
24 58 35 47 20 18 0 0.43 0.0 0 16.5 28 350 M M 10 1 35 360
25 35 26 31 5 34 0 0.36 2.8 T 13.0 29 350 M M 10 16 37 360
26 31 26 29 3 36 0 0.04 0.8 2 10.5 16 360 M M 10 1 21 20
27 34 21 28 2 37 0 0.00 0.0 3 12.5 21 360 M M 6 26 360
28 35 18 27 1 38 0 0.00 0.0 2 9.7 21 340 M M 6 26 340
29 43 26 35 9 30 0 0.00 0.0 0 7.1 18 330 M M 2 25 330
30 47 23 35 9 30 0 0.00 0.0 0 7.3 20 340 M M 2 25 340
31 30 16 23 -3 42 0 0.00 0.0 0 11.6 23 350 M M 9 28 350
================================================================================
SM 1431 753 912 0 1.70 3.9 240.3 M 124
================================================================================
AV 46.2 24.3 7.8 FASTST M M 4 MAX(MPH)
MISC ----> 31 310 41 310
================================================================================
NOTES:
# LAST OF SEVERAL OCCURRENCES
COLUMN 17 PEAK WIND IN M.P.H.
PRELIMINARY LOCAL CLIMATOLOGICAL DATA (WS FORM: F-6) , PAGE 2
STATION: LINCOLN NE
MONTH: DECEMBER
YEAR: 2023
LATITUDE: 40 50 N
LONGITUDE: 96 45 W
[TEMPERATURE DATA] [PRECIPITATION DATA] SYMBOLS USED IN COLUMN 16
AVERAGE MONTHLY: 35.2 TOTAL FOR MONTH: 1.70 1 = FOG OR MIST
DPTR FM NORMAL: 6.4 DPTR FM NORMAL: 0.52 2 = FOG REDUCING VISIBILITY
HIGHEST: 62 ON 7 GRTST 24HR 0.52 ON 14-15 TO 1/4 MILE OR LESS
LOWEST: 13 ON 2 3 = THUNDER
SNOW, ICE PELLETS, HAIL 4 = ICE PELLETS
TOTAL MONTH: 3.9 INCHES 5 = HAIL
GRTST 24HR 2.8 ON 25-25 6 = FREEZING RAIN OR DRIZZLE
GRTST DEPTH: 3 ON 27 7 = DUSTSTORM OR SANDSTORM:
VSBY 1/2 MILE OR LESS
8 = SMOKE OR HAZE
[NO. OF DAYS WITH] [WEATHER - DAYS WITH] 9 = BLOWING SNOW
X = TORNADO
MAX 32 OR BELOW: 2 0.01 INCH OR MORE: 8
MAX 90 OR ABOVE: 0 0.10 INCH OR MORE: 4
MIN 32 OR BELOW: 28 0.50 INCH OR MORE: 0
MIN 0 OR BELOW: 0 1.00 INCH OR MORE: 0
[HDD (BASE 65) ]
TOTAL THIS MO. 912 CLEAR (SCALE 0-3) 16
DPTR FM NORMAL -210 PTCLDY (SCALE 4-7) 8
TOTAL FM JUL 1 1905 CLOUDY (SCALE 8-10) 7
DPTR FM NORMAL -419
[CDD (BASE 65) ]
TOTAL THIS MO. 0
DPTR FM NORMAL 0 [PRESSURE DATA]
TOTAL FM JAN 1 1458 HIGHEST SLP 30.68 ON 13
DPTR FM NORMAL 189 LOWEST SLP 29.49 ON 7
[REMARKS]
#FINAL-12-23#