562
CXUS51 KBGM 032240
CLSBGM


CLIMATE REPORT
NATIONAL WEATHER SERVICE BINGHAMTON NY
631 PM EDT SAT JUN 3 2017

...................................

...THE BINGHAMTON NY CLIMATE SUMMARY FOR THE SEASON, FROM
3/1/2017 TO 5/31/2017...

CLIMATE NORMAL PERIOD 1981 TO 2010
CLIMATE RECORD PERIOD 1951 TO 2017

WEATHER         OBSERVED          NORMAL  DEPART  LAST YEAR`S
                 VALUE   DATE(S)  VALUE   FROM    VALUE  DATE(S)
                                          NORMAL
................................................................
TEMPERATURE (F)
RECORD
 HIGH              89   04/27/2009
                        05/20/1996
                        05/07/1982
 LOW               -7   03/19/1993
HIGHEST            86   05/18        53      33       88  05/28
                        05/17
LOWEST              2   03/05        35     -33       12  04/05
                                                          03/03
AVG. MAXIMUM     52.9              53.6    -0.7     55.9
AVG. MINIMUM     35.8              35.5     0.3     36.0
MEAN             44.3              44.6    -0.3     46.0
DAYS MAX >= 90      0               0.0     0.0        0
DAYS MAX <= 32     12               7.2     4.8        7
DAYS MIN <= 32     33              34.5    -1.5       34
DAYS MIN <= 0       0               0.2    -0.2        0

PRECIPITATION (INCHES)
RECORD
 MAXIMUM        19.93   2011
 MINIMUM         5.07   1969
TOTALS          18.18              9.99    8.19     7.08
DAILY AVG.       0.20              0.11    0.09     0.08
DAYS >= .01        56              41.7    14.3       36
DAYS >= .10        31              22.8     8.2       21
DAYS >= .50        13               6.3     6.7        2
DAYS >= 1.00        5               1.2     3.8        0
GREATEST
 24 HR. TOTAL    2.19   03/14 TO 03/15

SNOWFALL (INCHES)
RECORDS
 TOTAL           54.1   1993
 24 HR TOTAL     19.1   03/13/1993 TO 03/14/1993
 SNOW DEPTH        35   03/15/1993
TOTALS           41.7              19.5    22.2     10.3
SINCE 7/1       135.2              83.4    51.8     32.0
SNOWDEPTH AVG.      2                MM      MM        0
DAYS >= TRACE      18              14.0     4.0       20
DAYS >= 1.0         4               4.9    -0.9        3
GREATEST
 SNOW DEPTH        26   03/15                          4  04/05
                                                          04/04
 24 HR TOTAL     31.3R  03/14 TO 03/15

DEGREE_DAYS
HEATING TOTAL    1903              1904      -1     1771
 SINCE 7/1       6516              7104    -588     6129
COOLING TOTAL      21                24      -3       46
 SINCE 1/1         21                23      -2       46

FREEZE DATES
RECORD
 EARLIEST     09/20/1993
 LATEST       05/25/1956
EARLIEST                        10/08
LATEST                          05/02
....................................................

WIND (MPH)
AVERAGE WIND SPEED              9.3
RESULTANT WIND SPEED/DIRECTION   2/268
HIGHEST WIND SPEED/DIRECTION    39/260    DATE  05/01
HIGHEST GUST SPEED/DIRECTION    59/260    DATE  05/01

SKY COVER
POSSIBLE SUNSHINE (PERCENT)   MM
AVERAGE SKY COVER           0.60
NUMBER OF DAYS FAIR           22
NUMBER OF DAYS PC             29
NUMBER OF DAYS CLOUDY         41

AVERAGE RH (PERCENT)     69

WEATHER CONDITIONS. NUMBER OF DAYS WITH
THUNDERSTORM             10     MIXED PRECIP               0
HEAVY RAIN               18     RAIN                      24
LIGHT RAIN               50     FREEZING RAIN              0
LT FREEZING RAIN          1     HAIL                       0
HEAVY SNOW                1     SNOW                       4
LIGHT SNOW               17     SLEET                      0
FOG                      54     FOG W/VIS <= 1/4 MILE     13
HAZE                      7

-  INDICATES NEGATIVE NUMBERS.
R  INDICATES RECORD WAS SET OR TIED.
MM INDICATES DATA IS MISSING.
T  INDICATES TRACE AMOUNT.

$$
