000
CXUS51 KBGM 021422
CLSBGM


CLIMATE REPORT
NATIONAL WEATHER SERVICE BINGHAMTON NY
915 AM EST SUN MAR 2 2014

...................................

...THE BINGHAMTON NY CLIMATE SUMMARY FOR THE SEASON, FROM
12/1/2013 TO 2/28/2014...

CLIMATE NORMAL PERIOD 1981 TO 2010
CLIMATE RECORD PERIOD 1951 TO 2014

WEATHER         OBSERVED          NORMAL  DEPART  LAST YEAR`S
                 VALUE   DATE(S)  VALUE   FROM    VALUE  DATE(S)
                                          NORMAL
................................................................
TEMPERATURE (F)
RECORD
 HIGH              66   02/16/1954
 LOW              -20   01/15/1957
HIGHEST            62   12/22        31      31       64  12/04
LOWEST            -11   01/22        18     -29       -1  01/24
                                                          01/23
AVG. MAXIMUM     28.6              31.3    -2.7     33.1
AVG. MINIMUM     14.6              18.1    -3.5     21.7
MEAN             21.6              24.7    -3.1     27.4
DAYS MAX >= 90      0               0.0     0.0        0
DAYS MAX <= 32     58              48.6     9.4       41
DAYS MIN <= 32     84              80.9     3.1       78
DAYS MIN <= 0      14               5.2     8.8        2

PRECIPITATION (INCHES)
RECORD
 MAXIMUM        12.16   1977
 MINIMUM         3.99   1979
TOTALS           9.12              7.59    1.53     9.75
DAILY AVG.       0.10              0.08    0.02     0.11
DAYS >= .01        51              44.3     6.7       49
DAYS >= .10        23              18.4     4.6       25
DAYS >= .50         5               3.9     1.1        7
DAYS >= 1.00        1               0.7     0.3        1
GREATEST
 24 HR. TOTAL    1.29   02/05 TO 02/05

SNOWFALL (INCHES)
RECORDS
 TOTAL           90.3   1977
 24 HR TOTAL     21.0   02/19/1972 TO 02/19/1972
 SNOW DEPTH        33   12/28/1969
TOTALS           74.0              57.1    16.9     49.2
SINCE 7/1        82.2              63.9    18.3     53.8
SNOWDEPTH AVG.      5                 4       1        3
DAYS >= TRACE      66              43.6    22.4       62
DAYS >= 1.0        21              16.7     4.3       15
GREATEST
 SNOW DEPTH        17   02/17                         12  12/31
                        02/16                             12/30
 24 HR TOTAL     13.2   02/05 TO 02/05

DEGREE_DAYS
HEATING TOTAL    3880              3624     256     3351
 SINCE 7/1       5471              5199     272     4884
COOLING TOTAL       0                 0       0        0
 SINCE 1/1          0                 0       0        0

FREEZE DATES
RECORD
 EARLIEST     09/20/1993
 LATEST       05/25/1956
EARLIEST                        10/08
LATEST                          05/02
...................................................

WIND (MPH)
AVERAGE WIND SPEED              8.5
RESULTANT WIND SPEED/DIRECTION   4/248
HIGHEST WIND SPEED/DIRECTION    31/260    DATE  02/22
HIGHEST GUST SPEED/DIRECTION    41/270    DATE  02/22

SKY COVER
POSSIBLE SUNSHINE (PERCENT)   MM
AVERAGE SKY COVER           0.70
NUMBER OF DAYS FAIR           14
NUMBER OF DAYS PC             34
NUMBER OF DAYS CLOUDY         42

AVERAGE RH (PERCENT)     73

WEATHER CONDITIONS. NUMBER OF DAYS WITH
THUNDERSTORM              0     MIXED PRECIP               0
HEAVY RAIN                1     RAIN                       5
LIGHT RAIN               19     FREEZING RAIN              0
LT FREEZING RAIN          4     HAIL                       0
HEAVY SNOW                4     SNOW                      18
LIGHT SNOW               58     SLEET                      0
FOG                      69     FOG W/VIS <= 1/4 MILE     23
HAZE                     40

-  INDICATES NEGATIVE NUMBERS.
R  INDICATES RECORD WAS SET OR TIED.
MM INDICATES DATA IS MISSING.
T  INDICATES TRACE AMOUNT.

$$

TAC
