000
CXUS51 KCLE 051720
CLMCAK


CLIMATE REPORT
NATIONAL WEATHER SERVICE CLEVELAND OH
117 PM EDT TUE APR 5 2016

...................................

...THE AKRON CANTON OH CLIMATE SUMMARY FOR THE MONTH OF MARCH 2016...

CLIMATE NORMAL PERIOD 1981 TO 2010
CLIMATE RECORD PERIOD 1887 TO 2016

WEATHER         OBSERVED          NORMAL  DEPART  LAST YEAR`S
                 VALUE   DATE(S)  VALUE   FROM    VALUE
                                          NORMAL
.............................................................
TEMPERATURE (F)
RECORD
 HIGH              83   03/22/2012
 LOW               -6   03/12/1948
HIGHEST            75   03/27
LOWEST             20   03/03
AVG. MAXIMUM     55.1              46.6     8.5     44.8
AVG. MINIMUM     35.4              28.5     6.9     24.9
MEAN             45.3              37.6     7.7     34.8
DAYS MAX >= 90      0               0.0     0.0        0
DAYS MAX <= 32      1               3.6    -2.6        4
DAYS MIN <= 32     16              20.4    -4.4       20
DAYS MIN <= 0       0               0.0     0.0        1

PRECIPITATION (INCHES)
RECORD
 MAXIMUM        10.46   1913
 MINIMUM         0.49   1910
TOTALS           4.58              2.98    1.60     2.76
DAYS >= .01        14              14.0     0.0       12
DAYS >= .10         8               7.4     0.6        7
DAYS >= .50         4               1.7     2.3        2
DAYS >= 1.00        0               0.3    -0.3        0
GREATEST
 24 HR. TOTAL    0.89   03/13 TO 03/14              0.70

SNOWFALL (INCHES)
RECORDS
 TOTAL           20.9   1960
                        0
TOTALS            2.4               8.2    -5.8      6.9
SINCE 7/1        25.1              44.7   -19.6     59.8
DAYS >= 1.0         1               2.7    -1.7        1
GREATEST
 24 HR TOTAL      1.2   MM

DEGREE_DAYS
HEATING TOTAL     602               851    -249      928
 SINCE 7/1       4249              5395   -1146     5771
COOLING TOTAL       0                 0       0        0
 SINCE 1/1          0                 0       0        0
..............................................................

WIND (MPH)
AVERAGE WIND SPEED              10.3
HIGHEST WIND SPEED/DIRECTION    38/210    DATE  03/31
HIGHEST GUST SPEED/DIRECTION    53/200    DATE  03/31

SKY COVER
AVERAGE SKY COVER           0.70

AVERAGE RH (PERCENT)     66

WEATHER CONDITIONS. NUMBER OF DAYS WITH
THUNDERSTORM              0     MIXED PRECIP               0
HEAVY RAIN                2     RAIN                       5
LIGHT RAIN               15     FREEZING RAIN              0
LT FREEZING RAIN          0     HAIL                       0
HEAVY SNOW                0     SNOW                       1
LIGHT SNOW                6     SLEET                      0
FOG                      17     FOG W/VIS <= 1/4 MILE      1
HAZE                      7

-  INDICATES NEGATIVE NUMBERS.
R  INDICATES RECORD WAS SET OR TIED.
MM INDICATES DATA IS MISSING.
T  INDICATES TRACE AMOUNT.

$$
