000
CXUS51 KCLE 011930
CLMCAK


CLIMATE REPORT
NATIONAL WEATHER SERVICE CLEVELAND OH
328 PM EDT SUN JUN 1 2014

...................................

...THE AKRON CANTON OH CLIMATE SUMMARY FOR THE MONTH OF MAY 2014...

CLIMATE NORMAL PERIOD 1981 TO 2010
CLIMATE RECORD PERIOD 1887 TO 2014

WEATHER         OBSERVED          NORMAL  DEPART  LAST YEAR`S
                 VALUE   DATE(S)  VALUE   FROM    VALUE
                                          NORMAL
.............................................................
TEMPERATURE (F)
RECORD
 HIGH              94   05/31/1895
 LOW               24   05/10/1966
HIGHEST            86   05/13
LOWEST             38   05/06
                        05/05
AVG. MAXIMUM     72.1              69.3     2.8     73.9
AVG. MINIMUM     51.9              48.5     3.4     51.9
MEAN             62.0              58.9     3.1     62.9
DAYS MAX >= 90      0               0.1    -0.1        0
DAYS MAX <= 32      0               0.0     0.0        0
DAYS MIN <= 32      0               0.3    -0.3        2
DAYS MIN <= 0       0               0.0     0.0        0

PRECIPITATION (INCHES)
RECORD
 MAXIMUM         9.60   1956
 MINIMUM         0.47   1934
TOTALS           4.30              4.28    0.02     1.52
DAYS >= .01        14              14.0     0.0        9
DAYS >= .10        10               8.7     1.3        5
DAYS >= .50         2               2.8    -0.8        1
DAYS >= 1.00        1               0.8     0.2        0
GREATEST
 24 HR. TOTAL    1.48   05/12 TO 05/12              0.63
                        05/11 TO 05/12
                        05/12 TO 05/12

SNOWFALL (INCHES)
RECORDS
 TOTAL            3.3   1908
                        0
TOTALS              T               0.1    -0.1      0.0
SINCE 7/1        69.9              47.5    22.4     47.2
DAYS >= 1.0         0               0.0     0.0        0
GREATEST
 24 HR TOTAL        T   05/17 TO 05/17

DEGREE_DAYS
HEATING TOTAL     156               225     -69      157
 SINCE 7/1       6407              6101     306     5802
COOLING TOTAL      73                36      37       99
 SINCE 1/1         76                42      34      106
..............................................................

WIND (MPH)
AVERAGE WIND SPEED              7.2
HIGHEST WIND SPEED/DIRECTION    29/270    DATE  05/03
HIGHEST GUST SPEED/DIRECTION    29/270    DATE  05/03

SKY COVER
AVERAGE SKY COVER           0.60

AVERAGE RH (PERCENT)     65

WEATHER CONDITIONS. NUMBER OF DAYS WITH
THUNDERSTORM              0     MIXED PRECIP               0
HEAVY RAIN                1     RAIN                       7
LIGHT RAIN               16     FREEZING RAIN              0
LT FREEZING RAIN          0     HAIL                       2
HEAVY SNOW                0     SNOW                       0
LIGHT SNOW                0     SLEET                      0
FOG                      11     FOG W/VIS <= 1/4 MILE      2
HAZE                      5

-  INDICATES NEGATIVE NUMBERS.
R  INDICATES RECORD WAS SET OR TIED.
MM INDICATES DATA IS MISSING.
T  INDICATES TRACE AMOUNT.

$$
