000
CXUS53 KILX 011427
CLMILX


CLIMATE REPORT
NATIONAL WEATHER SERVICE LINCOLN IL
927 AM CDT SAT NOV 1 2014

...................................

...THE LINCOLN IL CLIMATE SUMMARY FOR THE MONTH OF OCTOBER 2014...

CLIMATE NORMAL PERIOD 1981 TO 2010
CLIMATE RECORD PERIOD 1905 TO 2014

WEATHER         OBSERVED          NORMAL  DEPART  LAST YEAR`S
                 VALUE   DATE(S)  VALUE   FROM    VALUE
                                          NORMAL
.............................................................
TEMPERATURE (F)
RECORD
 HIGH              95   10/03/1954
                        10/02/1953
 LOW                7   10/30/1925
HIGHEST            83   10/01        MM      MM       87
LOWEST             28   10/30        MM      MM       20
AVG. MAXIMUM     63.5              65.6    -2.1     66.0
AVG. MINIMUM     42.9              42.0     0.9     41.5
MEAN             53.2              53.8    -0.6     53.8
DAYS MAX >= 90      0               0.0     0.0        0
DAYS MAX <= 32      0               0.0     0.0        0
DAYS MIN <= 32      5               4.7     0.3        7
DAYS MIN <= 0       0               0.0     0.0        0

PRECIPITATION (INCHES)
RECORD
 MAXIMUM        11.07   1941
 MINIMUM         0.24   1964
TOTALS           4.43              3.08    1.35     3.51
DAILY AVG.       0.14              0.10    0.04     0.11
DAYS >= .01        14               9.3     4.7       11
DAYS >= .10         5               6.3    -1.3        8
DAYS >= .50         4               2.2     1.8        3
DAYS >= 1.00        1               0.7     0.3        0
GREATEST
 24 HR. TOTAL    2.08   10/02 TO 10/02              0.88

SNOWFALL (INCHES)
RECORDS
 TOTAL            2.8   1929
TOTALS            0.0               0.0     0.0        T
SINCE 7/1         0.0               0.0     0.0        T
DAYS >= 1.0         0               0.0     0.0        0
GREATEST
 SNOW DEPTH         0   MM                             0
 24 HR TOTAL      0.0   10/31 TO 10/31                 T

DEGREE_DAYS
HEATING TOTAL     363               361       2      381
 SINCE 7/1        486               456      30      463
COOLING TOTAL       5                14      -9       39
 SINCE 1/1        838              1017    -179      947
..............................................................

WIND (MPH)
AVERAGE WIND SPEED              MM
HIGHEST WIND SPEED/DIRECTION    MM        DATE   MM
HIGHEST GUST SPEED/DIRECTION    MM        DATE   MM

SKY COVER
POSSIBLE SUNSHINE (PERCENT)   MM
AVERAGE SKY COVER             MM
NUMBER OF DAYS FAIR            0
NUMBER OF DAYS PC              0
NUMBER OF DAYS CLOUDY          0

AVERAGE RH (PERCENT)     MM

WEATHER CONDITIONS. NUMBER OF DAYS WITH
THUNDERSTORM              0     MIXED PRECIP               0
HEAVY RAIN                3     RAIN                       5
LIGHT RAIN               17     FREEZING RAIN              0
LT FREEZING RAIN          0     HAIL                       0
HEAVY SNOW                0     SNOW                       0
LIGHT SNOW                0     SLEET                      0
FOG                      10     FOG W/VIS <= 1/4 MILE      0
HAZE                      2

-  INDICATES NEGATIVE NUMBERS.
R  INDICATES RECORD WAS SET OR TIED.
MM INDICATES DATA IS MISSING.
T  INDICATES TRACE AMOUNT.

$$
