000
CXUS51 KOKX 011728
CLSEWR

CLIMATE REPORT
NATIONAL WEATHER SERVICE NEW YORK NY
1224 PM EST TUE MAR 1 2016

...................................

...THE NEWARK NJ CLIMATE SUMMARY FOR THE SEASON, FROM
12/1/2015 TO 2/29/2016...

CLIMATE NORMAL PERIOD 1981 TO 2010
CLIMATE RECORD PERIOD 1929 TO 2016

WEATHER         OBSERVED          NORMAL  DEPART  LAST YEAR`S
                 VALUE   DATE(S)  VALUE   FROM    VALUE
                                          NORMAL
.............................................................
TEMPERATURE (F)
RECORD
 HIGH              76   12/07/1998
                        02/15/1949
 LOW              -14   02/09/1934
HIGHEST            71   12/24        MM      MM
LOWEST              0   02/14        MM      MM
AVG. MAXIMUM     47.8              41.5     6.3
AVG. MINIMUM     32.2              27.0     5.2
MEAN             40.0              34.2     5.8
DAYS MAX >= 90      0               0.0     0.0
DAYS MAX <= 32     10              14.7    -4.7
DAYS MIN <= 32     44              62.6   -18.6
DAYS MIN <= 0       1               0.4     0.6

PRECIPITATION (INCHES)
RECORD
 MAXIMUM        20.41   1979
 MINIMUM         4.38   2002
TOTALS          12.45             10.23    2.22    11.39
DAILY AVG.       0.14              0.11    0.03
DAYS >= .01        39              30.8     8.2
DAYS >= .10        16              18.4    -2.4
DAYS >= .50         8               7.6     0.4
DAYS >= 1.00        5               2.7     2.3
GREATEST
 24 HR. TOTAL    7.12   MM
 STORM TOTAL       MM
 (MM/DD(HH))            MM

SNOWFALL (INCHES)
RECORDS
 TOTAL           66.0   2011
 24 HR TOTAL     17.7   MM
TOTALS           34.7              22.6    12.1
 LIQUID EQUIV    3.47              2.30    1.17
SINCE 7/1        34.7              23.0    11.7
 LIQUID 7/1      3.47
DAYS >= TRACE      21              11.3     9.7
DAYS >= 1.0         3               5.2    -2.2
GREATEST
 SNOW DEPTH        20   01/24
 24 HR TOTAL     27.5R  MM
 STORM TOTAL       MM
 (MM/DD(HH))            MM

DEGREE_DAYS
HEATING TOTAL    2241              2767    -526
 SINCE 7/1         MM              3662      MM
COOLING TOTAL       0                 0       0
 SINCE 1/1          0                 0       0
..............................................................

WIND (MPH)
AVERAGE WIND SPEED              9.4
HIGHEST WIND SPEED/DIRECTION    37/280    DATE  02/13
HIGHEST GUST SPEED/DIRECTION    51/160    DATE  02/24

SKY COVER
POSSIBLE SUNSHINE (PERCENT)   MM
AVERAGE SKY COVER           0.70
NUMBER OF DAYS FAIR           11
NUMBER OF DAYS PC             39
NUMBER OF DAYS CLOUDY         41

AVERAGE RH (PERCENT)     63

WEATHER CONDITIONS. NUMBER OF DAYS WITH
THUNDERSTORM              0     MIXED PRECIP               0
HEAVY RAIN                7     RAIN                      12
LIGHT RAIN               36     FREEZING RAIN              1
LT FREEZING RAIN          4     HAIL                       0
HEAVY SNOW                1     SNOW                      11
LIGHT SNOW               18     SLEET                      6
FOG                      35     FOG W/VIS <= 1/4 MILE      5
HAZE                      8

-  INDICATES NEGATIVE NUMBERS.
R  INDICATES RECORD WAS SET OR TIED.
MM INDICATES DATA IS MISSING.
T  INDICATES TRACE AMOUNT.

$$
