000
CXUS51 KOKX 011639
CLSEWR

CLIMATE REPORT
NATIONAL WEATHER SERVICE NEW YORK NY
1239 PM EDT SUN SEP 1 2013

...................................

...THE NEWARK NJ CLIMATE SUMMARY FOR THE SEASON, FROM
6/1/2013 TO 8/31/2013...

CLIMATE NORMAL PERIOD 1981 TO 2010
CLIMATE RECORD PERIOD 1929 TO 2013

WEATHER         OBSERVED          NORMAL  DEPART  LAST YEAR`S
                 VALUE   DATE(S)  VALUE   FROM    VALUE
                                          NORMAL
.............................................................
TEMPERATURE (F)
RECORD
 HIGH             108   07/22/2011
 LOW               41   06/01/1938
HIGHEST           101   07/18        MM      MM
LOWEST             54   06/05        MM      MM
AVG. MAXIMUM     84.5              83.9     0.6
AVG. MINIMUM     68.1              66.5     1.6
MEAN             76.3              75.2     1.1
DAYS MAX >= 90     22              18.3     3.7
DAYS MAX <= 32      0               0.0     0.0
DAYS MIN <= 32      0               0.0     0.0
DAYS MIN <= 0       0               0.0     0.0

PRECIPITATION (INCHES)
RECORD
 MAXIMUM        23.57   2011
 MINIMUM         4.46   1966
TOTALS          17.05             12.48    4.57     9.85
DAILY AVG.       0.19              0.14    0.05
DAYS >= .01        32              30.8     1.2
DAYS >= .10        24              19.5     4.5
DAYS >= .50        13               8.3     4.7
DAYS >= 1.00        5               3.7     1.3
GREATEST
 24 HR. TOTAL    3.72   MM
 STORM TOTAL       MM
 (MM/DD(HH))            MM

SNOWFALL (INCHES)
RECORDS
 TOTAL              T   2011
                        2009
                        2008
 24 HR TOTAL       MM
TOTALS            0.0               0.0     0.0
 LIQUID EQUIV    0.00              0.00    0.00
SINCE 7/1         0.0               0.0     0.0
 LIQUID 7/1      0.00
DAYS >= TRACE       0               0.0     0.0
DAYS >= 1.0         0               0.0     0.0
GREATEST
 SNOW DEPTH         0   MM
 24 HR TOTAL      0.0   MM
 STORM TOTAL       MM
 (MM/DD(HH))            MM

DEGREE_DAYS
HEATING TOTAL       8                18     -10
 SINCE 7/1          0                 1      -1
COOLING TOTAL    1071               957     114
 SINCE 1/1       1171              1034     137
..............................................................

WIND (MPH)
AVERAGE WIND SPEED              8.6
HIGHEST WIND SPEED/DIRECTION    36/200    DATE  06/02
HIGHEST GUST SPEED/DIRECTION    52/220    DATE  06/02

SKY COVER
POSSIBLE SUNSHINE (PERCENT)   MM
AVERAGE SKY COVER           0.70
NUMBER OF DAYS FAIR            6
NUMBER OF DAYS PC             51
NUMBER OF DAYS CLOUDY         35

AVERAGE RH (PERCENT)     67

WEATHER CONDITIONS. NUMBER OF DAYS WITH
THUNDERSTORM              0     MIXED PRECIP               0
HEAVY RAIN               17     RAIN                      20
LIGHT RAIN               48     FREEZING RAIN              0
LT FREEZING RAIN          0     HAIL                       0
HEAVY SNOW                0     SNOW                       0
LIGHT SNOW                0     SLEET                      0
FOG                      28     FOG W/VIS <= 1/4 MILE      2
HAZE                     11

-  INDICATES NEGATIVE NUMBERS.
R  INDICATES RECORD WAS SET OR TIED.
MM INDICATES DATA IS MISSING.
T  INDICATES TRACE AMOUNT.

$$
