000
CXUS54 KHGX 011410
CF6IAH
PRELIMINARY LOCAL CLIMATOLOGICAL DATA (WS FORM: F-6)
STATION: HOUSTON INTERCONTINENTAL
MONTH: MARCH
YEAR: 2023
LATITUDE: 29 58 N
LONGITUDE: 95 21 W
TEMPERATURE IN F: :PCPN: SNOW: WIND :SUNSHINE: SKY :PK WND
================================================================================
1 2 3 4 5 6A 6B 7 8 9 10 11 12 13 14 15 16 17 18
12Z AVG MX 2MIN
DY MAX MIN AVG DEP HDD CDD WTR SNW DPTH SPD SPD DIR MIN PSBL S-S WX SPD DR
================================================================================
1 84 71 78 17 0 13 0.00 0.0 0 10.6 26 160 M M 9 1 36 160
2 79 65 72 11 0 7 0.08 0.0 0 12.7 28 150 M M 10 1 39 160
3 72 53 63 2 2 0 0.00 0.0 0 11.2 29 330 M M 2 41 310
4 80 46 63 2 2 0 0.00 0.0 0 3.8 14 150 M M 0 17 130
5 78 50 64 2 1 0 0.00 0.0 0 5.8 16 150 M M 2 18 23 150
6 83 55 69 7 0 4 0.00 0.0 0 4.2 13 150 M M 8 18 17 140
7 83 67 75 13 0 10 T 0.0 0 7.3 17 130 M M 8 1 23 130
8 87 66 77 15 0 12 0.00 0.0 0 6.9 18 140 M M 6 1 22 140
9 86 62 74 12 0 9 0.00 0.0 0 6.8 18 170 M M M 27 160
10 79 63 71 8 0 6 0.01 0.0 0 5.5 13 360 M M 7 1 19 40
11 86 63 75 12 0 10 0.00 0.0 0 9.9 18 190 M M 7 1 30 200
12 84 59 72 9 0 7 0.00 0.0 0 12.8 23 10 M M 8 31 330
13 71 53 62 -1 3 0 0.00 0.0 0 11.6 21 40 M M 6 8 30 40
14 67 50 59 -4 6 0 0.00 0.0 0 9.8 17 50 M M 6 8 23 90
15 70 44 57 -7 8 0 0.00 0.0 0 10.9 22 120 M M 2 8 29 150
16 75 63 69 5 0 4 0.21 0.0 0 12.6 28 150 M M 8 1 40 150
17 72 45 59 -5 6 0 0.76 0.0 0 15.5 29 330 M M 9 13 40 340
18 56 47 52 -12 13 0 T 0.0 0 9.3 18 360 M M 10 24 50
19 59 39 49 -15 16 0 0.00 0.0 0 6.5 17 350 M M 5 24 10
20 56 37 47 -18 18 0 0.00 0.0 0 10.7 22 140 M M 8 28 130
21 73 53 63 -2 2 0 T 0.0 0 14.7 25 150 M M 10 36 160
22 83 68 76 11 0 11 0.00 0.0 0 11.5 22 150 M M 8 31 150
23 85 71 78 13 0 13 T 0.0 0 13.5 24 150 M M 9 1 36 150
24 83 70 77 12 0 12 0.01 0.0 0 9.7 20 160 M M 7 1 33 170
25 85 60 73 7 0 8 0.00 0.0 0 3.8 14 340 M M 2 1 22 10
26 82 54 68 2 0 3 0.07 0.0 0 4.9 16 310 M M 7 12 20 310
27 77 63 70 4 0 5 T 0.0 0 7.0 15 90 M M 9 128 19 120
28 77 62 70 4 0 5 T 0.0 0 13.2 28 360 M M 9 40 30
29 68 56 62 -4 3 0 0.01 0.0 0 9.2 17 70 M M 8 25 70
30 76 58 67 0 0 2 T 0.0 0 13.0 26 140 M M 10 1 34 130
31 84 73 79 12 0 14 T 0.0 0 11.4 37 140 M M 9 45 140
================================================================================
SM 2380 1786 80 155 1.15 0.0 296.3 M 209
================================================================================
AV 76.8 57.6 9.6 FASTST M M 7 MAX(MPH)
MISC ----> 37 140 45 140
================================================================================
NOTES:
# LAST OF SEVERAL OCCURRENCES
COLUMN 17 PEAK WIND IN M.P.H.
PRELIMINARY LOCAL CLIMATOLOGICAL DATA (WS FORM: F-6) , PAGE 2
STATION: HOUSTON INTERCONTINENTAL
MONTH: MARCH
YEAR: 2023
LATITUDE: 29 58 N
LONGITUDE: 95 21 W
[TEMPERATURE DATA] [PRECIPITATION DATA] SYMBOLS USED IN COLUMN 16
AVERAGE MONTHLY: 67.2 TOTAL FOR MONTH: 1.15 1 = FOG OR MIST
DPTR FM NORMAL: 3.4 DPTR FM NORMAL: -2.32 2 = FOG REDUCING VISIBILITY
HIGHEST: 87 ON 8 GRTST 24HR 0.97 ON 16-17 TO 1/4 MILE OR LESS
LOWEST: 37 ON 20 3 = THUNDER
SNOW, ICE PELLETS, HAIL 4 = ICE PELLETS
TOTAL MONTH: 0.0 INCH 5 = HAIL
GRTST 24HR 0.0 6 = FREEZING RAIN OR DRIZZLE
GRTST DEPTH: 0 7 = DUSTSTORM OR SANDSTORM:
VSBY 1/2 MILE OR LESS
8 = SMOKE OR HAZE
[NO. OF DAYS WITH] [WEATHER - DAYS WITH] 9 = BLOWING SNOW
X = TORNADO
MAX 32 OR BELOW: 0 0.01 INCH OR MORE: 7
MAX 90 OR ABOVE: 0 0.10 INCH OR MORE: 2
MIN 32 OR BELOW: 0 0.50 INCH OR MORE: 1
MIN 0 OR BELOW: 0 1.00 INCH OR MORE: 0
[HDD (BASE 65) ]
TOTAL THIS MO. 80 CLEAR (SCALE 0-3) 5
DPTR FM NORMAL -42 PTCLDY (SCALE 4-7) 11
TOTAL FM JUL 1 1094 CLOUDY (SCALE 8-10) 15
DPTR FM NORMAL -140
[CDD (BASE 65) ]
TOTAL THIS MO. 155
DPTR FM NORMAL 70 [PRESSURE DATA]
TOTAL FM JAN 1 287 HIGHEST SLP 30.55 ON 19
DPTR FM NORMAL 153 LOWEST SLP 29.36 ON 2
[REMARKS]
#FINAL-03-23#