000
CXUS54 KHGX 011415
CF6IAH
PRELIMINARY LOCAL CLIMATOLOGICAL DATA (WS FORM: F-6)

                                          STATION:   HOUSTON INTERCONTINENTAL
                                          MONTH:     MAY
                                          YEAR:      2014
                                          LATITUDE:   29 58 N
                                          LONGITUDE:  95 21 W

  TEMPERATURE IN F:       :PCPN:    SNOW:  WIND      :SUNSHINE: SKY     :PK WND
================================================================================
1   2   3   4   5  6A  6B    7    8   9   10  11  12  13   14  15   16   17  18
                                     12Z  AVG MX 2MIN
DY MAX MIN AVG DEP HDD CDD  WTR  SNW DPTH SPD SPD DIR MIN PSBL S-S WX    SPD DR
================================================================================

 1  75  48  62 -11   3   0 0.00  0.0    0  3.6 16  30   M    M   7        26  10
 2  81  51  66  -8   0   1 0.00  0.0    0  4.9 13 310   M    M   6        16 290
 3  88  61  75   1   0  10 0.00  0.0    0  6.8 17 270   M    M   0        23 240
 4  88  61  75   1   0  10 0.00  0.0    0  7.3 17 170   M    M   0        22 160
 5  86  59  73  -1   0   8 0.00  0.0    0  9.2 20 150   M    M   1        24 160
 6  85  68  77   2   0  12 0.00  0.0    0 11.8 23 160   M    M   5        29 150
 7  85  65  75   0   0  10    T  0.0    0 13.4 25 150   M    M   7        31 140
 8  78  75  77   2   0  12 0.04  0.0    0 12.1 26 150   M    M  10        33 150
 9  86  64  75   0   0  10 0.33  0.0    0  8.5 32 300   M    M  10 13     40 310
10  87  63  75  -1   0  10    T  0.0    0 10.3 25 140   M    M   7        29 140
11  87  75  81   5   0  16 0.01  0.0    0 15.1 26 150   M    M   8        32 150
12  85  67  76   0   0  11 0.28  0.0    0 13.3 30 350   M    M  10 138    38 350
13  75  60  68  -8   0   3 3.44  0.0    0 11.9 24  90   M    M  10 13     28 100
14  72  54  63 -14   2   0 0.15  0.0    0 13.9 26 330   M    M   6 1      35 340
15  79  49  64 -13   1   0 0.00  0.0    0  3.8 13 270   M    M   0        17 280
16  85  62  74  -3   0   9 0.00  0.0    0  9.1 18 230   M    M   1        25 230
17  86  63  75  -2   0  10 0.00  0.0    0 10.3 22 170   M    M   4        31 170
18  85  63  74  -4   0   9 0.00  0.0    0  8.4 22 150   M    M   3        26 150
19  85  67  76  -2   0  11 0.00  0.0    0 10.6 21 140   M    M   5        26 160
20  87  71  79   1   0  14 0.00  0.0    0 10.9 20 160   M    M   6        24 150
21  86  71  79   1   0  14 0.00  0.0    0 10.5 22 130   M    M   5        26 140
22  87  65  76  -2   0  11 0.00  0.0    0  8.0 17 140   M    M   5 1      22 140
23  85  66  76  -3   0  11 0.00  0.0    0  6.7 17 110   M    M   7 1      23 120
24  88  66  77  -2   0  12 0.00  0.0    0  8.3 18 120   M    M   5        23 120
25  87  71  79   0   0  14 0.00  0.0    0  8.1 18 130   M    M   7        25 130
26  80  68  74  -5   0   9 2.91  0.0    0  8.3 28 290   M    M   9 123    39 280
27  76  65  71  -9   0   6 1.44  0.0    0  6.3 32 350   M    M   8 13     45 360
28  84  68  76  -4   0  11 1.34  0.0    0  4.4 13 360   M    M   8 13     17 300
29  88  68  78  -2   0  13 0.00  0.0    0  5.4 15 350   M    M   3        20 360
30  88  70  79  -1   0  14 1.73  0.0    0  4.6 33 340   M    M   5 13     40 330
31  85  71  78  -2   0  13 0.04  0.0    0  3.9 15 120   M    M   7 13     16 120
================================================================================
SM 2599 1995         6 294 11.71     0.0 269.7          M      175
================================================================================
AV 83.8 64.4                               8.7 FASTST   M    M   6    MAX(MPH)
                                 MISC ---->  # 33 340               # 45  360
================================================================================
NOTES:
# LAST OF SEVERAL OCCURRENCES

COLUMN 17 PEAK WIND IN M.P.H.

PRELIMINARY LOCAL CLIMATOLOGICAL DATA (WS FORM: F-6) , PAGE 2

                                          STATION:  HOUSTON INTERCONTINENTAL
                                          MONTH:    MAY
                                          YEAR:     2014
                                          LATITUDE:   29 58 N
                                          LONGITUDE:  95 21 W

[TEMPERATURE DATA]      [PRECIPITATION DATA]       SYMBOLS USED IN COLUMN 16

AVERAGE MONTHLY: 74.1   TOTAL FOR MONTH:  11.71    1 = FOG OR MIST
DPTR FM NORMAL:  -2.8   DPTR FM NORMAL:    6.62    2 = FOG REDUCING VISIBILITY
HIGHEST:    88 ON 30,29 GRTST 24HR  4.15 ON 26-27      TO 1/4 MILE OR LESS
LOWEST:     48 ON  1                               3 = THUNDER
                        SNOW, ICE PELLETS, HAIL    4 = ICE PELLETS
                        TOTAL MONTH:   0.0 INCH    5 = HAIL
                        GRTST 24HR     0.0         6 = FREEZING RAIN OR DRIZZLE
                        GRTST DEPTH:   0           7 = DUSTSTORM OR SANDSTORM:
                                                       VSBY 1/2 MILE OR LESS
                                                   8 = SMOKE OR HAZE
[NO. OF DAYS WITH]      [WEATHER - DAYS WITH]      9 = BLOWING SNOW
                                                   X = TORNADO
MAX 32 OR BELOW:   0    0.01 INCH OR MORE:  11
MAX 90 OR ABOVE:   0    0.10 INCH OR MORE:   8
MIN 32 OR BELOW:   0    0.50 INCH OR MORE:   5
MIN  0 OR BELOW:   0    1.00 INCH OR MORE:   5

[HDD (BASE 65) ]
TOTAL THIS MO.     6    CLEAR  (SCALE 0-3)   5
DPTR FM NORMAL     5    PTCLDY (SCALE 4-7)  20
TOTAL FM JUL 1  1741    CLOUDY (SCALE 8-10)  6
DPTR FM NORMAL   374

[CDD (BASE 65) ]
TOTAL THIS MO.   294
DPTR FM NORMAL   -77    [PRESSURE DATA]
TOTAL FM JAN 1   541    HIGHEST SLP 30.31 ON 15
DPTR FM NORMAL  -111    LOWEST  SLP 29.77 ON 30

[REMARKS]
#FINAL-05-14#
