000
CXUS54 KHGX 011415
CF6IAH
PRELIMINARY LOCAL CLIMATOLOGICAL DATA (WS FORM: F-6)

                                          STATION:   HOUSTON INTERCONTINENTAL
                                          MONTH:     AUGUST
                                          YEAR:      2017
                                          LATITUDE:   29 58 N
                                          LONGITUDE:  95 21 W

  TEMPERATURE IN F:       :PCPN:    SNOW:  WIND      :SUNSHINE: SKY     :PK WND
================================================================================
1   2   3   4   5  6A  6B    7    8   9   10  11  12  13   14  15   16   17  18
                                     12Z  AVG MX 2MIN
DY MAX MIN AVG DEP HDD CDD  WTR  SNW DPTH SPD SPD DIR MIN PSBL S-S WX    SPD DR
================================================================================

 1  93  73  83  -2   0  18 0.00  0.0    0  7.7 17 100   M    M   6        21 100
 2  90  75  83  -2   0  18 0.09  0.0    0  6.9 22  70   M    M   8 13     25  60
 3  89  75  82  -3   0  17    T  0.0    0  5.7 16  10   M    M   7        19  10
 4  93  75  84  -1   0  19 1.26  0.0    0  4.6 21 310   M    M   5 1      26 320
 5  92  75  84  -1   0  19 0.39  0.0    0  5.2 28 160   M    M   4 13     32 150
 6  94  77  86   1   0  21 0.10  0.0    0  6.6 21 210   M    M   7 3      27 200
 7  84  74  79  -6   0  14 2.13  0.0    0  5.4 22 170   M    M   9 13     31 190
 8  88  73  81  -4   0  16 3.61  0.0    0  4.7 14 210   M    M   7 13     21 220
 9  94  76  85   0   0  20 0.00  0.0    0  5.4 14  60   M    M   7 1      17  70
10  97  77  87   2   0  22 0.12  0.0    0  3.5 29 140   M    M   4 13     33 150
11  97  77  87   2   0  22 0.00  0.0    0  4.5 15 210   M    M   4 1      21 220
12  97  79  88   3   0  23 0.00  0.0    0  5.8 17 150   M    M   6        21 160
13  97  78  88   3   0  23 0.00  0.0    0  7.0 14 200   M    M   4        19 180
14  96  81  89   4   0  24 0.00  0.0    0  8.3 16 150   M    M   4        21 160
15  97  80  89   4   0  24 0.00  0.0    0  7.6 17 160   M    M   5        24 170
16  96  82  89   4   0  24    T  0.0    0  9.2 20 150   M    M   5        24 160
17  97  81  89   4   0  24 0.00  0.0    0  7.3 17 160   M    M   4        21 150
18  99  78  89   4   0  24 0.00  0.0    0  5.6 17 140   M    M   3        20 140
19  98  78  88   3   0  23 0.00  0.0    0  4.6 15 150   M    M   3        18 150
20  97  75  86   1   0  21 0.00  0.0    0  5.3 17 130   M    M   3        20 150
21  94  78  86   1   0  21 0.00  0.0    0  5.8 15  60   M    M   4        19  80
22  97  75  86   2   0  21 0.00  0.0    0  3.9 17 140   M    M   4        20 150
23  95  76  86   2   0  21 0.15  0.0    0  5.3 25  20   M    M   5        31  20
24  95  76  86   2   0  21 0.00  0.0    0  8.1 20 110   M    M   7 3      23 110
25  80  76  78  -6   0  13 0.39  0.0    0 15.0 24  90   M    M   9        33 100
26  79  74  77  -7   0  12 8.37  0.0    0 18.4 37 130   M    M  10 123    47 170
27  77  74  76  -8   0  1116.07  0.0    0 15.5 29  60   M    M  10 13     35  60
28  74  71  73 -11   0   8 4.00  0.0    0 23.5 37  40   M    M  10 1      48  40
29  75  72  74 -10   0   9 2.43  0.0    0 21.6 32 360   M    M  10 1      40  10
30  86  73  80  -4   0  15    T  0.0    0 14.4 24 320   M    M   7        32 340
31  93  73  83   0   0  18 0.00  0.0    0  6.6 15 310   M    M   4        22 320
================================================================================
SM 2830 2357         0 586 39.11     0.0 259.0          M      185
================================================================================
AV 91.3 76.0                               8.4 FASTST   M    M   6    MAX(MPH)
                                 MISC ---->  # 37 130               # 48   40
================================================================================
NOTES:
# LAST OF SEVERAL OCCURRENCES

COLUMN 17 PEAK WIND IN M.P.H.

PRELIMINARY LOCAL CLIMATOLOGICAL DATA (WS FORM: F-6) , PAGE 2

                                          STATION:  HOUSTON INTERCONTINENTAL
                                          MONTH:    AUGUST
                                          YEAR:     2017
                                          LATITUDE:   29 58 N
                                          LONGITUDE:  95 21 W

[TEMPERATURE DATA]      [PRECIPITATION DATA]       SYMBOLS USED IN COLUMN 16

AVERAGE MONTHLY: 83.7   TOTAL FOR MONTH:  39.11    1 = FOG OR MIST
DPTR FM NORMAL:  -0.9   DPTR FM NORMAL:   35.35    2 = FOG REDUCING VISIBILITY
HIGHEST:    99 ON 18    GRTST 24HR 16.07 ON 27-27      TO 1/4 MILE OR LESS
LOWEST:     71 ON 28                               3 = THUNDER
                        SNOW, ICE PELLETS, HAIL    4 = ICE PELLETS
                        TOTAL MONTH:   0.0 INCH    5 = HAIL
                        GRTST 24HR     0.0         6 = FREEZING RAIN OR DRIZZLE
                        GRTST DEPTH:   0           7 = DUSTSTORM OR SANDSTORM:
                                                       VSBY 1/2 MILE OR LESS
                                                   8 = SMOKE OR HAZE
[NO. OF DAYS WITH]      [WEATHER - DAYS WITH]      9 = BLOWING SNOW
                                                   X = TORNADO
MAX 32 OR BELOW:   0    0.01 INCH OR MORE:  13
MAX 90 OR ABOVE:  22    0.10 INCH OR MORE:  12
MIN 32 OR BELOW:   0    0.50 INCH OR MORE:   7
MIN  0 OR BELOW:   0    1.00 INCH OR MORE:   7

[HDD (BASE 65) ]
TOTAL THIS MO.     0    CLEAR  (SCALE 0-3)   2
DPTR FM NORMAL     0    PTCLDY (SCALE 4-7)  23
TOTAL FM JUL 1     0    CLOUDY (SCALE 8-10)  6
DPTR FM NORMAL     0

[CDD (BASE 65) ]
TOTAL THIS MO.   586
DPTR FM NORMAL   -23    [PRESSURE DATA]
TOTAL FM JAN 1  2652    HIGHEST SLP 30.10 ON 10
DPTR FM NORMAL   270    LOWEST  SLP 29.63 ON 28

[REMARKS]
#FINAL-08-17#
