000
CXUS54 KHGX 011515
CF6IAH
PRELIMINARY LOCAL CLIMATOLOGICAL DATA (WS FORM: F-6)

                                          STATION:   HOUSTON INTERCONTINENTAL
                                          MONTH:     NOVEMBER
                                          YEAR:      2015
                                          LATITUDE:   29 58 N
                                          LONGITUDE:  95 21 W

  TEMPERATURE IN F:       :PCPN:    SNOW:  WIND      :SUNSHINE: SKY     :PK WND
================================================================================
1   2   3   4   5  6A  6B    7    8   9   10  11  12  13   14  15   16   17  18
                                     12Z  AVG MX 2MIN
DY MAX MIN AVG DEP HDD CDD  WTR  SNW DPTH SPD SPD DIR MIN PSBL S-S WX    SPD DR
================================================================================

 1  69  63  66  -1   0   1 0.34  0.0    0  4.3 20  80   M    M   8 1      24  70
 2  76  60  68   1   0   3 0.00  0.0    0  4.3 14  10   M    M   5 1      17 210
 3  77  58  68   2   0   3 0.00  0.0    0  3.8 12 110   M    M   4 1      15 110
 4  79  60  70   4   0   5 0.00  0.0    0  7.6 16 140   M    M   7 12     20 140
 5  83  66  75   9   0  10 0.00  0.0    0  9.3 20 150   M    M   6 1      22 150
 6  83  67  75  10   0  10    T  0.0    0  5.0 14 340   M    M   8 1      17 340
 7  72  55  64  -1   1   0 0.26  0.0    0 13.7 23  20   M    M  10 1      31  10
 8  72  52  62  -3   3   0 0.00  0.0    0  8.3 17  30   M    M   3        23  20
 9  74  51  63  -1   2   0 0.00  0.0    0  2.1  7 290   M    M   3        21  50
10  75  55  65   1   0   0 0.00  0.0    0  5.2 14 140   M    M   7        16 130
11  84  65  75  11   0  10 0.06  0.0    0 10.1 23 350   M    M   9 1      28 340
12  74  57  66   2   0   1    T  0.0    0 10.0 18  10   M    M   7        29  30
13  67  51  59  -4   6   0    T  0.0    0  7.9 15  50   M    M   8        18  60
14  70  51  61  -2   4   0 0.00  0.0    0  6.5 15 130   M    M   6        18 100
15  74  50  62   0   3   0 0.00  0.0    0  7.0 15 150   M    M   6        18 150
16  80  61  71   9   0   6 0.00  0.0    0 10.9 22 150   M    M  10 18     30 140
17  78  52  65   3   0   0 1.81  0.0    0 11.5 38 330   M    M   9 13     49 330
18  72  49  61  -1   4   0 0.00  0.0    0  3.0  9 300   M    M   2 1      23 210
19  79  49  64   3   1   0 0.00  0.0    0  4.1 12 110   M    M   0 1      14  90
20  73  50  62   1   3   0 0.00  0.0    0  6.1 14 150   M    M   4        21 120
21  68  44  56  -4   9   0 0.20  0.0    0 13.1 29 360   M    M   7 1      36 360
22  56  36  46 -14  19   0 0.00  0.0    0  6.0 18  50   M    M   1        25  50
23  62  35  49 -11  16   0 0.00  0.0    0  2.2  8 120   M    M   2        13 130
24  67  43  55  -5  10   0 0.00  0.0    0  7.3 17 110   M    M   6        23 130
25  76  54  65   6   0   0 0.00  0.0    0 11.3 21 120   M    M   8        25 130
26  77  66  72  13   0   7    T  0.0    0 14.0 28 140   M    M   9 1      33 140
27  76  69  73  15   0   8 0.13  0.0    0  9.8 21 140   M    M  10 1      24 140
28  68  47  58   0   7   0 0.93  0.0    0  8.8 13 350   M    M   8 1      18 330
29  52  47  50  -8  15   0 0.07    M    0  6.7 12 350   M    M  10 1      16 350
30  61  51  56  -2   9   0 0.00  0.0    0  5.2 10 340   M    M  10 12     18 250
================================================================================
SM 2174 1614       112  64  3.80     0.0 225.1          M      193
================================================================================
AV 72.5 53.8                               7.5 FASTST   M    M   6    MAX(MPH)
                                 MISC ---->  # 38 330               # 49  330
================================================================================
NOTES:
# LAST OF SEVERAL OCCURRENCES

COLUMN 17 PEAK WIND IN M.P.H.

PRELIMINARY LOCAL CLIMATOLOGICAL DATA (WS FORM: F-6) , PAGE 2

                                          STATION:  HOUSTON INTERCONTINENTAL
                                          MONTH:    NOVEMBER
                                          YEAR:     2015
                                          LATITUDE:   29 58 N
                                          LONGITUDE:  95 21 W

[TEMPERATURE DATA]      [PRECIPITATION DATA]       SYMBOLS USED IN COLUMN 16

AVERAGE MONTHLY: 63.1   TOTAL FOR MONTH:   3.80    1 = FOG OR MIST
DPTR FM NORMAL:   0.8   DPTR FM NORMAL:   -0.54    2 = FOG REDUCING VISIBILITY
HIGHEST:    84 ON 11    GRTST 24HR  1.92 ON 31- 1      TO 1/4 MILE OR LESS
LOWEST:     35 ON 23                               3 = THUNDER
                        SNOW, ICE PELLETS, HAIL    4 = ICE PELLETS
                        TOTAL MONTH:   0.0 INCH    5 = HAIL
                        GRTST 24HR     0.0         6 = FREEZING RAIN OR DRIZZLE
                        GRTST DEPTH:   0           7 = DUSTSTORM OR SANDSTORM:
                                                       VSBY 1/2 MILE OR LESS
                                                   8 = SMOKE OR HAZE
[NO. OF DAYS WITH]      [WEATHER - DAYS WITH]      9 = BLOWING SNOW
                                                   X = TORNADO
MAX 32 OR BELOW:   0    0.01 INCH OR MORE:   8
MAX 90 OR ABOVE:   0    0.10 INCH OR MORE:   6
MIN 32 OR BELOW:   0    0.50 INCH OR MORE:   2
MIN  0 OR BELOW:   0    1.00 INCH OR MORE:   1

[HDD (BASE 65) ]
TOTAL THIS MO.   112    CLEAR  (SCALE 0-3)   5
DPTR FM NORMAL   -43    PTCLDY (SCALE 4-7)  13
TOTAL FM JUL 1   113    CLOUDY (SCALE 8-10) 12
DPTR FM NORMAL   -72

[CDD (BASE 65) ]
TOTAL THIS MO.    64
DPTR FM NORMAL   -10    [PRESSURE DATA]
TOTAL FM JAN 1  3290    HIGHEST SLP 30.38 ON 23
DPTR FM NORMAL   162    LOWEST  SLP 29.59 ON 17

[REMARKS]
#FINAL-11-15#
