000
CXUS54 KHGX 020434
CF6IAH
PRELIMINARY LOCAL CLIMATOLOGICAL DATA (WS FORM: F-6)

                                          STATION:   HOUSTON INTERCONTINENTAL
                                          MONTH:     JANUARY
                                          YEAR:      2017
                                          LATITUDE:   29 58 N
                                          LONGITUDE:  95 21 W

  TEMPERATURE IN F:       :PCPN:    SNOW:  WIND      :SUNSHINE: SKY     :PK WND
================================================================================
1   2   3   4   5  6A  6B    7    8   9   10  11  12  13   14  15   16   17  18
                                     12Z  AVG MX 2MIN
DY MAX MIN AVG DEP HDD CDD  WTR  SNW DPTH SPD SPD DIR MIN PSBL S-S WX    SPD DR
================================================================================

 1  75  63  69  16   0   4 0.00  0.0    0  3.2 13 150   M    M   9 18     14 140
 2  74  52  63  10   2   0 1.29  0.0    0  6.3 31 330   M    M   6 123    42 330
 3  76  48  62   9   3   0 0.00  0.0    0  8.5 21 340   M    M   5        27 330
 4  53  42  48  -5  17   0 0.00  0.0    0  7.8 22 350   M    M   7        27 350
 5  56  44  50  -3  15   0    T  0.0    0  7.1 23  10   M    M  10 18     27  10
 6  44  26  35 -18  30   0 0.27  0.0    0 16.3 25  10   M    M   9 13     31 360
 7  43  21  32 -21  33   0 0.00  0.0    0  9.9 21 350   M    M   2        26 340
 8  50  23  37 -16  28   0 0.00  0.0    0  5.8 16 150   M    M   2        19 130
 9  67  42  55   2  10   0 0.00  0.0    0 10.7 23 140   M    M   8        26 150
10  78  63  71  18   0   6    T  0.0    0 10.3 21 210   M    M   7        31 210
11  80  66  73  20   0   8 0.00  0.0    0 12.4 22 170   M    M   6 8      31 190
12  81  67  74  21   0   9 0.00  0.0    0 11.4 18 160   M    M   6 1      24 140
13  79  67  73  20   0   8 0.18  0.0    0 11.3 18 140   M    M   8 12     24 130
14  77  59  68  15   0   3 0.00  0.0    0  8.7 14 140   M    M   9 12     18 150
15  76  62  69  16   0   4 0.05  0.0    0 14.4 26 140   M    M   9 1      34 140
16  80  67  74  21   0   9 0.20  0.0    0 11.2 22 170   M    M   9 1      29 170
17  72  59  66  13   0   1 0.56  0.0    0  8.0 18  10   M    M  10 13     22  10
18  74  56  65  12   0   0 2.11  0.0    0  6.3 14 300   M    M   9 123    16 300
19  64  55  60   7   5   0 0.43  0.0    0  4.7 16  90   M    M  10 1      19 290
20  78  57  68  15   0   3 0.95  0.0    0  5.8 18 310   M    M   9 123    27 310
21  78  62  70  17   0   5 0.01  0.0    0  5.9 24 300   M    M   8 1238   37 310
22  68  57  63  10   2   0 0.04  0.0    0 15.6 35 320   M    M   3 3      48 300
23  72  48  60   7   5   0 0.00  0.0    0  6.9 13 270   M    M   0        17 260
24  80  48  64  11   1   0 0.00  0.0    0 10.9 21 160   M    M   4        27 180
25  76  54  65  12   0   0    T  0.0    0 10.9 22 340   M    M   9 1      29 330
26  61  42  52  -2  13   0 0.00  0.0    0  8.4 22 350   M    M   7        28 360
27  57  39  48  -6  17   0 0.00  0.0    0  6.0 15  40   M    M   7        20 350
28  61  45  53  -1  12   0 0.00  0.0    0  8.7 17 320   M    M   6        23 310
29  68  39  54   0  11   0 0.00  0.0    0  8.1 22 330   M    M   1        28 310
30  77  42  60   6   5   0 0.00  0.0    0  6.0 14 210   M    M   1        20 250
31  76  48  62   8   3   0 0.00  0.0    0  6.2 15 210   M    M   1        19 230
================================================================================
SM 2151 1563       212  60  6.09     0.0 273.7          M      197
================================================================================
AV 69.4 50.4                               8.8 FASTST   M    M   6    MAX(MPH)
                                 MISC ---->  # 35 320               # 48  300
================================================================================
NOTES:
# LAST OF SEVERAL OCCURRENCES

COLUMN 17 PEAK WIND IN M.P.H.

PRELIMINARY LOCAL CLIMATOLOGICAL DATA (WS FORM: F-6) , PAGE 2

                                          STATION:  HOUSTON INTERCONTINENTAL
                                          MONTH:    JANUARY
                                          YEAR:     2017
                                          LATITUDE:   29 58 N
                                          LONGITUDE:  95 21 W

[TEMPERATURE DATA]      [PRECIPITATION DATA]       SYMBOLS USED IN COLUMN 16

AVERAGE MONTHLY: 59.9   TOTAL FOR MONTH:   6.09    1 = FOG OR MIST
DPTR FM NORMAL:   6.8   DPTR FM NORMAL:    2.71    2 = FOG REDUCING VISIBILITY
HIGHEST:    81 ON 12    GRTST 24HR  2.52 ON 17-18      TO 1/4 MILE OR LESS
LOWEST:     21 ON  7                               3 = THUNDER
                        SNOW, ICE PELLETS, HAIL    4 = ICE PELLETS
                        TOTAL MONTH:   0.0 INCH    5 = HAIL
                        GRTST 24HR     0.0         6 = FREEZING RAIN OR DRIZZLE
                        GRTST DEPTH:   0           7 = DUSTSTORM OR SANDSTORM:
                                                       VSBY 1/2 MILE OR LESS
                                                   8 = SMOKE OR HAZE
[NO. OF DAYS WITH]      [WEATHER - DAYS WITH]      9 = BLOWING SNOW
                                                   X = TORNADO
MAX 32 OR BELOW:   0    0.01 INCH OR MORE:  11
MAX 90 OR ABOVE:   0    0.10 INCH OR MORE:   8
MIN 32 OR BELOW:   3    0.50 INCH OR MORE:   4
MIN  0 OR BELOW:   0    1.00 INCH OR MORE:   2

[HDD (BASE 65) ]
TOTAL THIS MO.   212    CLEAR  (SCALE 0-3)   7
DPTR FM NORMAL  -173    PTCLDY (SCALE 4-7)  12
TOTAL FM JUL 1   529    CLOUDY (SCALE 8-10) 12
DPTR FM NORMAL  -395

[CDD (BASE 65) ]
TOTAL THIS MO.    60
DPTR FM NORMAL    45    [PRESSURE DATA]
TOTAL FM JAN 1    60    HIGHEST SLP 30.77 ON  8
DPTR FM NORMAL    48    LOWEST  SLP 29.43 ON 21

[REMARKS]
#FINAL-01-17#
