000
CXUS54 KHGX 011515
CF6IAH
PRELIMINARY LOCAL CLIMATOLOGICAL DATA (WS FORM: F-6)

                                          STATION:   HOUSTON INTERCONTINENTAL
                                          MONTH:     FEBRUARY
                                          YEAR:      2016
                                          LATITUDE:   29 58 N
                                          LONGITUDE:  95 21 W

  TEMPERATURE IN F:       :PCPN:    SNOW:  WIND      :SUNSHINE: SKY     :PK WND
================================================================================
1   2   3   4   5  6A  6B    7    8   9   10  11  12  13   14  15   16   17  18
                                     12Z  AVG MX 2MIN
DY MAX MIN AVG DEP HDD CDD  WTR  SNW DPTH SPD SPD DIR MIN PSBL S-S WX    SPD DR
================================================================================

 1  77  64  71  17   0   6 0.00  0.0    0 11.4 29 150   M    M   8 18     40 150
 2  74  49  62   8   3   0 0.00  0.0    0  7.3 17 340   M    M   7 18     22 350
 3  61  44  53  -1  12   0 0.00  0.0    0 11.3 21 350   M    M   1        25 340
 4  59  38  49  -5  16   0 0.00  0.0    0  7.3 21 340   M    M   0        25  20
 5  59  33  46  -9  19   0 0.00  0.0    0  5.8 17 150   M    M   2        20 160
 6  60  41  51  -4  14   0 0.15    M    0  6.8 29 310   M    M   4 13     39 310
 7  66  34  50  -5  15   0 0.00  0.0    0  4.2 14 160   M    M   2 1      20 190
 8  63  44  54  -1  11   0 0.00  0.0    0 12.4 29 330   M    M   2        37 300
 9  66  39  53  -2  12   0 0.00  0.0    0  6.9 18 310   M    M   1        24 320
10  71  38  55   0  10   0 0.00  0.0    0  5.2 14 170   M    M   0        18 170
11  80  55  68  12   0   3 0.00  0.0    0  8.9 20 230   M    M   1        25 230
12  78  55  67  11   0   2 0.00  0.0    0  4.2 14 280   M    M   1 18     20 230
13  67  51  59   3   6   0 0.00  0.0    0  9.1 18 130   M    M   6        23 130
14  74  57  66  10   0   1 0.00  0.0    0  9.4 21 180   M    M   8 1      30 160
15  76  46  61   5   4   0    T    M    0  7.9 21 320   M    M   6        30 260
16  79  41  60   3   5   0 0.00  0.0    0  4.4 14 310   M    M   4 8      20 270
17  73  47  60   3   5   0 0.00  0.0    0  6.6 16  70   M    M   1        22  40
18  77  42  60   3   5   0 0.00  0.0    0  9.1 22 150   M    M   2 1      28 160
19  81  63  72  15   0   7 0.00  0.0    0  9.7 20 160   M    M   4        26 160
20  79  63  71  14   0   6 0.00  0.0    0  9.0 20 160   M    M   7 1      24 150
21  74  63  69  11   0   4 0.00  0.0    0  5.1 14 160   M    M   9        18 170
22  68  57  63   5   2   0 0.67  0.0    0  3.7 14  90   M    M   9 1      16  90
23  73  48  61   3   4   0 1.13    M    0 14.2 33 310   M    M   8 1      44 310
24  63  41  52  -6  13   0    T  0.0    0 12.6 30 310   M    M   1        41 330
25  72  40  56  -2   9   0 0.00  0.0    0  8.0 18 340   M    M   0        22 330
26  63  39  51  -8  14   0 0.00  0.0    0  4.2 13  70   M    M   1        17 100
27  71  40  56  -3   9   0 0.00  0.0    0  5.1 18 160   M    M   2        23 160
28  74  44  59   0   6   0 0.00  0.0    0  7.9 17 170   M    M   5        23 170
29  78  55  67   8   0   2 0.00  0.0    0  6.1 17 150   M    M   5 1      21 150
================================================================================
SM 2056 1371       194  31  1.95     0.0 223.8          M      107
================================================================================
AV 70.9 47.3                               7.7 FASTST   M    M   4    MAX(MPH)
                                 MISC ---->  # 33 310               # 44  310
================================================================================
NOTES:
# LAST OF SEVERAL OCCURRENCES

COLUMN 17 PEAK WIND IN M.P.H.

PRELIMINARY LOCAL CLIMATOLOGICAL DATA (WS FORM: F-6) , PAGE 2

                                          STATION:  HOUSTON INTERCONTINENTAL
                                          MONTH:    FEBRUARY
                                          YEAR:     2016
                                          LATITUDE:   29 58 N
                                          LONGITUDE:  95 21 W

[TEMPERATURE DATA]      [PRECIPITATION DATA]       SYMBOLS USED IN COLUMN 16

AVERAGE MONTHLY: 59.1   TOTAL FOR MONTH:   1.95    1 = FOG OR MIST
DPTR FM NORMAL:   2.7   DPTR FM NORMAL:   -1.25    2 = FOG REDUCING VISIBILITY
HIGHEST:    81 ON 19    GRTST 24HR  1.47 ON 22-23      TO 1/4 MILE OR LESS
LOWEST:     33 ON  5                               3 = THUNDER
                        SNOW, ICE PELLETS, HAIL    4 = ICE PELLETS
                        TOTAL MONTH:   0.0 INCH    5 = HAIL
                        GRTST 24HR     0.0         6 = FREEZING RAIN OR DRIZZLE
                        GRTST DEPTH:   0           7 = DUSTSTORM OR SANDSTORM:
                                                       VSBY 1/2 MILE OR LESS
                                                   8 = SMOKE OR HAZE
[NO. OF DAYS WITH]      [WEATHER - DAYS WITH]      9 = BLOWING SNOW
                                                   X = TORNADO
MAX 32 OR BELOW:   0    0.01 INCH OR MORE:   3
MAX 90 OR ABOVE:   0    0.10 INCH OR MORE:   3
MIN 32 OR BELOW:   0    0.50 INCH OR MORE:   2
MIN  0 OR BELOW:   0    1.00 INCH OR MORE:   1

[HDD (BASE 65) ]
TOTAL THIS MO.   194    CLEAR  (SCALE 0-3)  15
DPTR FM NORMAL   -70    PTCLDY (SCALE 4-7)  11
TOTAL FM JUL 1   917    CLOUDY (SCALE 8-10)  3
DPTR FM NORMAL  -278

[CDD (BASE 65) ]
TOTAL THIS MO.    31
DPTR FM NORMAL     8    [PRESSURE DATA]
TOTAL FM JAN 1    37    HIGHEST SLP 30.51 ON  5
DPTR FM NORMAL    -2    LOWEST  SLP 29.55 ON 23

[REMARKS]
#FINAL-02-16#
