000
CXUS54 KHGX 011510
CF6IAH
PRELIMINARY LOCAL CLIMATOLOGICAL DATA (WS FORM: F-6)
STATION: HOUSTON INTERCONTINENTAL
MONTH: JANUARY
YEAR: 2024
LATITUDE: 29 58 N
LONGITUDE: 95 21 W
TEMPERATURE IN F: :PCPN: SNOW: WIND :SUNSHINE: SKY :PK WND
================================================================================
1 2 3 4 5 6A 6B 7 8 9 10 11 12 13 14 15 16 17 18
12Z AVG MX 2MIN
DY MAX MIN AVG DEP HDD CDD WTR SNW DPTH SPD SPD DIR MIN PSBL S-S WX SPD DR
================================================================================
1 65 47 56 2 9 0 0.01 0.0 0 7.4 17 20 M M 8 18 32 20
2 53 40 47 -7 18 0 0.70 0.0 0 9.2 22 10 M M 8 1 28 360
3 60 43 52 -1 13 0 0.35 0.0 0 8.2 23 60 M M 7 1 29 50
4 63 38 51 -2 14 0 0.00 0.0 0 9.4 22 100 M M 3 1 29 130
5 62 43 53 0 12 0 1.44 0.0 0 8.9 22 330 M M 7 1 29 310
6 64 40 52 -1 13 0 0.00 0.0 0 3.1 10 320 M M 6 12 16 350
7 62 38 50 -3 15 0 0.00 0.0 0 7.9 21 140 M M 6 24 150
8 76 50 63 10 2 0 0.31 0.0 0 12.7 38 320 M M 9 13 52 320
9 56 40 48 -5 17 0 T 0.0 0 13.7 28 290 M M 2 43 280
10 69 33 51 -2 14 0 0.00 0.0 0 6.2 20 230 M M 3 31 220
11 78 47 63 10 2 0 T 0.0 0 10.1 22 160 M M 7 1 35 180
12 72 35 54 1 11 0 0.02 0.0 0 13.9 31 310 M M 4 45 310
13 65 32 49 -4 16 0 0.00 0.0 0 5.5 17 170 M M 3 23 160
14 51 33 42 -11 23 0 0.00 0.0 0 11.9 21 10 M M 7 25 10
15 33 25 29 -24 36 0 0.04 T 0 15.0 23 350 M M 10 16 29 10
16 34 18 26 -28 39 0 0.00 0.0 0 13.9 24 360 M M 4 34 350
17 45 20 33 -21 32 0 0.00 0.0 0 6.6 17 130 M M 5 8 23 150
18 66 40 53 -1 12 0 0.03 0.0 0 4.6 14 220 M M 8 128 22 200
19 56 36 46 -8 19 0 0.00 0.0 0 12.7 22 20 M M 1 1 33 350
20 49 29 39 -15 26 0 0.00 0.0 0 9.0 15 40 M M 3 20 50
21 43 36 40 -14 25 0 T 0.0 0 12.4 18 100 M M 10 25 110
22 65 42 54 0 11 0 1.39 0.0 0 9.4 20 140 M M 9 18 27 250
23 69 62 66 12 0 1 1.29 0.0 0 8.8 16 150 M M 10 123 20 140
24 64 61 63 9 2 0 1.96 0.0 0 8.0 22 350 M M 10 13 29 340
25 71 52 62 8 3 0 0.74 0.0 0 6.9 22 330 M M 5 123 33 320
26 64 53 59 5 6 0 0.49 0.0 0 7.0 14 70 M M 10 123 21 120
27 61 47 54 0 11 0 T 0.0 0 10.3 23 340 M M 8 1 31 320
28 64 42 53 -2 12 0 0.00 0.0 0 7.1 17 360 M M 1 23 350
29 69 37 53 -2 12 0 0.00 0.0 0 3.0 9 160 M M 1 12 240
30 73 46 60 5 5 0 0.00 0.0 0 5.2 10 220 M M 6 16 260
31 76 46 61 6 4 0 0.00 0.0 0 3.5 8 120 M M 7 14 140
================================================================================
SM 1898 1251 434 1 8.77 T 271.5 M 188
================================================================================
AV 61.2 40.4 8.8 FASTST M M 6 MAX(MPH)
MISC ----> 38 320 52 320
================================================================================
NOTES:
# LAST OF SEVERAL OCCURRENCES
COLUMN 17 PEAK WIND IN M.P.H.
PRELIMINARY LOCAL CLIMATOLOGICAL DATA (WS FORM: F-6) , PAGE 2
STATION: HOUSTON INTERCONTINENTAL
MONTH: JANUARY
YEAR: 2024
LATITUDE: 29 58 N
LONGITUDE: 95 21 W
[TEMPERATURE DATA] [PRECIPITATION DATA] SYMBOLS USED IN COLUMN 16
AVERAGE MONTHLY: 50.8 TOTAL FOR MONTH: 8.77 1 = FOG OR MIST
DPTR FM NORMAL: -3.0 DPTR FM NORMAL: 5.01 2 = FOG REDUCING VISIBILITY
HIGHEST: 78 ON 11 GRTST 24HR 2.50 ON 22-22 TO 1/4 MILE OR LESS
LOWEST: 18 ON 16 3 = THUNDER
SNOW, ICE PELLETS, HAIL 4 = ICE PELLETS
TOTAL MONTH: T 5 = HAIL
GRTST 24HR T ON 15-15 6 = FREEZING RAIN OR DRIZZLE
GRTST DEPTH: 0 7 = DUSTSTORM OR SANDSTORM:
VSBY 1/2 MILE OR LESS
8 = SMOKE OR HAZE
[NO. OF DAYS WITH] [WEATHER - DAYS WITH] 9 = BLOWING SNOW
X = TORNADO
MAX 32 OR BELOW: 0 0.01 INCH OR MORE: 13
MAX 90 OR ABOVE: 0 0.10 INCH OR MORE: 9
MIN 32 OR BELOW: 5 0.50 INCH OR MORE: 6
MIN 0 OR BELOW: 0 1.00 INCH OR MORE: 4
[HDD (BASE 65) ]
TOTAL THIS MO. 434 CLEAR (SCALE 0-3) 6
DPTR FM NORMAL 68 PTCLDY (SCALE 4-7) 16
TOTAL FM JUL 1 877 CLOUDY (SCALE 8-10) 9
DPTR FM NORMAL 5
[CDD (BASE 65) ]
TOTAL THIS MO. 1
DPTR FM NORMAL -16 [PRESSURE DATA]
TOTAL FM JAN 1 1 HIGHEST SLP 30.57 ON 20
DPTR FM NORMAL -16 LOWEST SLP 29.44 ON 8
[REMARKS]
#FINAL-01-24#