000
CXUS54 KHGX 011515
CF6IAH
PRELIMINARY LOCAL CLIMATOLOGICAL DATA (WS FORM: F-6)

                                          STATION:   HOUSTON INTERCONTINENTAL
                                          MONTH:     DECEMBER
                                          YEAR:      2016
                                          LATITUDE:   29 58 N
                                          LONGITUDE:  95 21 W

  TEMPERATURE IN F:       :PCPN:    SNOW:  WIND      :SUNSHINE: SKY     :PK WND
================================================================================
1   2   3   4   5  6A  6B    7    8   9   10  11  12  13   14  15   16   17  18
                                     12Z  AVG MX 2MIN
DY MAX MIN AVG DEP HDD CDD  WTR  SNW DPTH SPD SPD DIR MIN PSBL S-S WX    SPD DR
================================================================================

 1  66  36  51  -6  14   0 0.00  0.0    0  5.6 17 100   M    M   4        20  90
 2  65  45  55  -2  10   0 0.07  0.0    0 11.0 22 100   M    M   9 1      26 110
 3  56  50  53  -4  12   0 0.89  0.0    0 11.6 25  50   M    M  10 13     30  50
 4  53  51  52  -4  13   0 0.77  0.0    0  9.3 18  30   M    M  10 1      23  40
 5  54  50  52  -4  13   0 0.94  0.0    0  7.6 17  70   M    M  10 1      21  30
 6  70  48  59   3   6   0 0.00  0.0    0  5.8 18 350   M    M   6 12     22  20
 7  57  46  52  -4  13   0 0.19  0.0    0  6.3 14  10   M    M   9 128    16  10
 8  56  40  48  -8  17   0 0.09  0.0    0 17.9 28  20   M    M   8 1      34  20
 9  51  38  45 -10  20   0 0.00  0.0    0  9.6 18  40   M    M   8        25  40
10  56  34  45 -10  20   0 0.00  0.0    0  8.1 15 110   M    M   8        18 120
11  76  52  64   9   1   0 0.08  0.0    0  8.6 17 190   M    M   9 18     27 190
12  71  64  68  13   0   3    T  0.0    0  2.3  9 330   M    M  10 1      11 340
13  75  62  69  14   0   4    T  0.0    0  5.2 21 360   M    M   9 128    27 220
14  63  57  60   6   5   0    T  0.0    0  6.8 15  30   M    M  10 18     17  50
15  59  44  52  -2  13   0 0.00  0.0    0  9.8 21  40   M    M   7        25  40
16  74  43  59   5   6   0 0.11    M    0  7.6 14 170   M    M  10 1      19 180
17  81  46  64  10   1   0    T    M    0 11.2 31 330   M    M   9 1      39 330
18  46  33  40 -14  25   0 0.00  0.0    0 20.2 30 360   M    M   8        40 360
19  50  30  40 -14  25   0 0.00  0.0    0 10.9 17  20   M    M   4        23  20
20  59  35  47  -7  18   0 0.00  0.0    0  3.7 12  40   M    M   4        14  20
21  72  45  59   5   6   0 0.00  0.0    0  5.5 14 220   M    M   7        20 220
22  73  59  66  13   0   1    T  0.0    0  4.4  9 120   M    M   8 12     12 330
23  78  63  71  18   0   6 0.09  0.0    0  8.2 16 160   M    M   9 123    21 170
24  80  68  74  21   0   9    T  0.0    0 10.5 18 140   M    M   7 1      22 140
25  80  69  75  22   0  10 0.01  0.0    0 15.0 28 150   M    M   9 1      35 150
26  84  71  78  25   0  13 0.00  0.0    0 10.2 18 150   M    M   9 1      26 180
27  83  67  75  22   0  10 0.02  0.0    0  3.0 10 160   M    M   8 1238   12 150
28  82  70  76  23   0  11 0.00  0.0    0  5.8 14 230   M    M   8 1      20 220
29  72  52  62   9   3   0 0.00  0.0    0 13.9 32  30   M    M   8        40  20
30  56  48  52  -1  13   0    T  0.0    0  6.8 12 110   M    M  10        14  90
31  68  51  60   7   5   0 0.30  0.0    0  2.4 10 140   M    M  10 1      12 150
================================================================================
SM 2066 1567       259  67  3.56     0.0 264.8          M      255
================================================================================
AV 66.7 50.6                               8.5 FASTST   M    M   8    MAX(MPH)
                                 MISC ---->  # 32  30               # 40  360
================================================================================
NOTES:
# LAST OF SEVERAL OCCURRENCES

COLUMN 17 PEAK WIND IN M.P.H.

PRELIMINARY LOCAL CLIMATOLOGICAL DATA (WS FORM: F-6) , PAGE 2

                                          STATION:  HOUSTON INTERCONTINENTAL
                                          MONTH:    DECEMBER
                                          YEAR:     2016
                                          LATITUDE:   29 58 N
                                          LONGITUDE:  95 21 W

[TEMPERATURE DATA]      [PRECIPITATION DATA]       SYMBOLS USED IN COLUMN 16

AVERAGE MONTHLY: 58.6   TOTAL FOR MONTH:   3.56    1 = FOG OR MIST
DPTR FM NORMAL:   4.2   DPTR FM NORMAL:   -0.18    2 = FOG REDUCING VISIBILITY
HIGHEST:    84 ON 26    GRTST 24HR  1.18 ON  4- 5      TO 1/4 MILE OR LESS
LOWEST:     30 ON 19                               3 = THUNDER
                        SNOW, ICE PELLETS, HAIL    4 = ICE PELLETS
                        TOTAL MONTH:   0.0 INCH    5 = HAIL
                        GRTST 24HR     0.0         6 = FREEZING RAIN OR DRIZZLE
                        GRTST DEPTH:   0           7 = DUSTSTORM OR SANDSTORM:
                                                       VSBY 1/2 MILE OR LESS
                                                   8 = SMOKE OR HAZE
[NO. OF DAYS WITH]      [WEATHER - DAYS WITH]      9 = BLOWING SNOW
                                                   X = TORNADO
MAX 32 OR BELOW:   0    0.01 INCH OR MORE:  12
MAX 90 OR ABOVE:   0    0.10 INCH OR MORE:   6
MIN 32 OR BELOW:   1    0.50 INCH OR MORE:   3
MIN  0 OR BELOW:   0    1.00 INCH OR MORE:   0

[HDD (BASE 65) ]
TOTAL THIS MO.   259    CLEAR  (SCALE 0-3)   0
DPTR FM NORMAL   -95    PTCLDY (SCALE 4-7)  11
TOTAL FM JUL 1   317    CLOUDY (SCALE 8-10) 20
DPTR FM NORMAL  -222

[CDD (BASE 65) ]
TOTAL THIS MO.    67
DPTR FM NORMAL    40    [PRESSURE DATA]
TOTAL FM JAN 1  3444    HIGHEST SLP 30.65 ON 19
DPTR FM NORMAL   289    LOWEST  SLP 29.70 ON 17

[REMARKS]
#FINAL-12-16#
#FINAL-12-16#
