000
CXUS54 KHGX 011415
CF6IAH
PRELIMINARY LOCAL CLIMATOLOGICAL DATA (WS FORM: F-6)

                                          STATION:   HOUSTON INTERCONTINENTAL
                                          MONTH:     JUNE
                                          YEAR:      2015
                                          LATITUDE:   29 58 N
                                          LONGITUDE:  95 21 W

  TEMPERATURE IN F:       :PCPN:    SNOW:  WIND      :SUNSHINE: SKY     :PK WND
================================================================================
1   2   3   4   5  6A  6B    7    8   9   10  11  12  13   14  15   16   17  18
                                     12Z  AVG MX 2MIN
DY MAX MIN AVG DEP HDD CDD  WTR  SNW DPTH SPD SPD DIR MIN PSBL S-S WX    SPD DR
================================================================================

 1  89  66  78  -2   0  13 0.00  0.0    0  3.7 12 350   M    M   4        17 360
 2  90  68  79  -2   0  14 0.00  0.0    0  3.9 12  20   M    M   4        16  20
 3  91  69  80  -1   0  15 0.00  0.0    0  2.9 13 130   M    M   5        16 140
 4  90  69  80  -1   0  15 0.00  0.0    0  3.7 12 140   M    M   3        20 130
 5  92  72  82   1   0  17 0.00  0.0    0  3.2 12 110   M    M   5        24  70
 6  93  72  83   2   0  18 0.00  0.0    0  2.4  9 140   M    M   3        14 120
 7  93  72  83   2   0  18 0.00  0.0    0  3.6 14 160   M    M   2        23 170
 8  93  72  83   1   0  18 0.00  0.0    0  2.9 10 180   M    M   5        14 150
 9  93  74  84   2   0  19 0.00  0.0    0  3.7 10 160   M    M   5        13 270
10  94  74  84   2   0  19 0.00  0.0    0  4.8 14 140   M    M   3 8      16 150
11  94  73  84   2   0  19 0.01  0.0    0  6.5 24 150   M    M   4        28 150
12  92  74  83   1   0  18    T  0.0    0  8.9 22 150   M    M   4        26 150
13  86  74  80  -2   0  15 0.35  0.0    0 10.5 22 140   M    M   7 1      26 130
14  88  74  81  -1   0  16 0.52  0.0    0  9.4 24 140   M    M   6 138    32 140
15  90  75  83   1   0  18 0.14  0.0    0 10.4 24  90   M    M   7 13     30  80
16  80  75  78  -5   0  13 2.46  0.0    0 12.5 28 140   M    M   9 13     36 140
17  84  76  80  -3   0  15 0.70  0.0    0 10.8 32 150   M    M   9 13     39 150
18  86  76  81  -2   0  16    T  0.0    0  5.2 14 300   M    M   9 13     22 180
19  90  76  83   0   0  18 0.00  0.0    0  3.6 14 150   M    M   8 1      16 150
20  90  77  84   1   0  19 0.20  0.0    0  6.5 25 160   M    M   8 13     31 160
21  93  78  86   3   0  21 0.00  0.0    0  7.7 15 160   M    M   8        20 150
22  92  76  84   1   0  19 0.00  0.0    0  5.3 14 160   M    M   7        17 160
23  92  76  84   1   0  19 0.00  0.0    0  5.7 15 150   M    M   7        18 130
24  93  74  84   1   0  19 0.00  0.0    0  4.1 12 110   M    M   4        15 140
25  94  75  85   2   0  20 0.00  0.0    0  4.1 16 170   M    M   4 38     22 170
26  94  77  86   2   0  21 0.13  0.0    0  4.3 17 240   M    M   6 3      23 230
27  93  73  83  -1   0  18 2.38  0.0    0  6.0 22  60   M    M   7 13     32  30
28  90  73  82  -2   0  17 2.24  0.0    0  5.0 20 310   M    M   8 13     26 280
29  92  76  84   0   0  19 0.00  0.0    0  5.8 17 180   M    M   7        23 170
30  92  72  82  -2   0  17 2.26  0.0    0  4.8 26 130   M    M   8 1238   39 120
================================================================================
SM 2723 2208         0 523 11.39     0.0 171.9          M      176
================================================================================
AV 90.8 73.6                               5.7 FASTST   M    M   6    MAX(MPH)
                                 MISC ---->  # 32 150               # 39  150
================================================================================
NOTES:
# LAST OF SEVERAL OCCURRENCES

COLUMN 17 PEAK WIND IN M.P.H.

PRELIMINARY LOCAL CLIMATOLOGICAL DATA (WS FORM: F-6) , PAGE 2

                                          STATION:  HOUSTON INTERCONTINENTAL
                                          MONTH:    JUNE
                                          YEAR:     2015
                                          LATITUDE:   29 58 N
                                          LONGITUDE:  95 21 W

[TEMPERATURE DATA]      [PRECIPITATION DATA]       SYMBOLS USED IN COLUMN 16

AVERAGE MONTHLY: 82.2   TOTAL FOR MONTH:  11.39    1 = FOG OR MIST
DPTR FM NORMAL:  -0.2   DPTR FM NORMAL:    5.46    2 = FOG REDUCING VISIBILITY
HIGHEST:    94 ON 26,25 GRTST 24HR  4.62 ON 27-28      TO 1/4 MILE OR LESS
LOWEST:     66 ON  1                               3 = THUNDER
                        SNOW, ICE PELLETS, HAIL    4 = ICE PELLETS
                        TOTAL MONTH:   0.0 INCH    5 = HAIL
                        GRTST 24HR     0.0         6 = FREEZING RAIN OR DRIZZLE
                        GRTST DEPTH:   0           7 = DUSTSTORM OR SANDSTORM:
                                                       VSBY 1/2 MILE OR LESS
                                                   8 = SMOKE OR HAZE
[NO. OF DAYS WITH]      [WEATHER - DAYS WITH]      9 = BLOWING SNOW
                                                   X = TORNADO
MAX 32 OR BELOW:   0    0.01 INCH OR MORE:  11
MAX 90 OR ABOVE:  24    0.10 INCH OR MORE:  10
MIN 32 OR BELOW:   0    0.50 INCH OR MORE:   6
MIN  0 OR BELOW:   0    1.00 INCH OR MORE:   4

[HDD (BASE 65) ]
TOTAL THIS MO.     0    CLEAR  (SCALE 0-3)   3
DPTR FM NORMAL     0    PTCLDY (SCALE 4-7)  23
TOTAL FM JUL 1  1462    CLOUDY (SCALE 8-10)  4
DPTR FM NORMAL    95

[CDD (BASE 65) ]
TOTAL THIS MO.   523
DPTR FM NORMAL     3    [PRESSURE DATA]
TOTAL FM JAN 1  1215    HIGHEST SLP 30.16 ON 24
DPTR FM NORMAL    43    LOWEST  SLP 29.77 ON 10

[REMARKS]
#FINAL-06-15#
