000
CXUS54 KHGX 011515
CF6IAH
PRELIMINARY LOCAL CLIMATOLOGICAL DATA (WS FORM: F-6)

                                          STATION:   HOUSTON INTERCONTINENTAL
                                          MONTH:     NOVEMBER
                                          YEAR:      2016
                                          LATITUDE:   29 58 N
                                          LONGITUDE:  95 21 W

  TEMPERATURE IN F:       :PCPN:    SNOW:  WIND      :SUNSHINE: SKY     :PK WND
================================================================================
1   2   3   4   5  6A  6B    7    8   9   10  11  12  13   14  15   16   17  18
                                     12Z  AVG MX 2MIN
DY MAX MIN AVG DEP HDD CDD  WTR  SNW DPTH SPD SPD DIR MIN PSBL S-S WX    SPD DR
================================================================================

 1  84  65  75   8   0  10 0.05  0.0    0  7.6 20 130   M    M   6 13     23 150
 2  88  68  78  11   0  13 0.00  0.0    0  8.0 21 140   M    M   6 12     24 150
 3  88  69  79  13   0  14    T  0.0    0  5.0 16 110   M    M   7 1      18 110
 4  87  70  79  13   0  14 0.00  0.0    0  4.9 12  50   M    M   8 1      13  50
 5  83  66  75   9   0  10 0.00  0.0    0  6.6 15  70   M    M   8        18  50
 6  80  61  71   6   0   6 1.40  0.0    0  8.3 17 150   M    M   8 13     22 150
 7  78  64  71   6   0   6 0.13  0.0    0  8.9 18 110   M    M   8 1      22 120
 8  72  63  68   3   0   3 0.00  0.0    0  7.4 14  10   M    M   9 18     16  30
 9  76  61  69   5   0   4    T  0.0    0  9.2 18 360   M    M   8        23  30
10  73  55  64   0   1   0 0.00  0.0    0  5.9 13  50   M    M   7        16  50
11  75  57  66   2   0   1 0.00  0.0    0  4.3 13 360   M    M   8        16  10
12  80  58  69   5   0   4 0.00  0.0    0  5.7 14  40   M    M   6        17  30
13  68  53  61  -2   4   0    T  0.0    0  5.7 12  90   M    M   7        15 150
14  79  51  65   2   0   0 0.00  0.0    0  3.6 10 250   M    M   2        15 220
15  84  56  70   8   0   5 0.00  0.0    0  4.6 13 360   M    M   1 18     23  30
16  84  50  67   5   0   2 0.00  0.0    0  4.6 17 140   M    M   0 1      20 130
17  83  57  70   8   0   5 0.00  0.0    0  8.1 22 150   M    M   4 18     27 160
18  83  56  70   8   0   5 0.04  0.0    0  9.8 25 340   M    M   7 3      31 340
19  65  44  55  -6  10   0 0.00  0.0    0 11.6 23  30   M    M   0        30  20
20  66  36  51 -10  14   0 0.00  0.0    0  4.8 13 120   M    M   0        16 110
21  76  42  59  -1   6   0 0.00  0.0    0  6.5 18 140   M    M   1 1      23 150
22  82  54  68   8   0   3 0.00  0.0    0  9.2 22 160   M    M   6 1      28 150
23  74  52  63   3   2   0 0.31  0.0    0  7.2 22 330   M    M   5 13     28 320
24  74  49  62   2   3   0 0.00  0.0    0  3.7 12 110   M    M   2        14 120
25  76  54  65   6   0   0 0.01  0.0    0  4.2 13  10   M    M   7 1      15  10
26  71  53  62   3   3   0 0.00  0.0    0  5.4 13 110   M    M   7 1      17 120
27  73  49  61   3   4   0 0.00  0.0    0 11.5 22 150   M    M   6 1      26 140
28  82  55  69  11   0   4 0.05  0.0    0  8.1 25 220   M    M   9 1      36 210
29  84  53  69  11   0   4 0.00  0.0    0  5.2 14 220   M    M   8 128    21 230
30  69  44  57  -1   8   0 0.00  0.0    0  8.9 21 350   M    M   4        26 340
================================================================================
SM 2337 1665        55 113  1.99     0.0 204.5          M      165
================================================================================
AV 77.9 55.5                               6.8 FASTST   M    M   6    MAX(MPH)
                                 MISC ---->  # 25 340               # 36  210
================================================================================
NOTES:
# LAST OF SEVERAL OCCURRENCES

COLUMN 17 PEAK WIND IN M.P.H.

PRELIMINARY LOCAL CLIMATOLOGICAL DATA (WS FORM: F-6) , PAGE 2

                                          STATION:  HOUSTON INTERCONTINENTAL
                                          MONTH:    NOVEMBER
                                          YEAR:     2016
                                          LATITUDE:   29 58 N
                                          LONGITUDE:  95 21 W

[TEMPERATURE DATA]      [PRECIPITATION DATA]       SYMBOLS USED IN COLUMN 16

AVERAGE MONTHLY: 66.7   TOTAL FOR MONTH:   1.99    1 = FOG OR MIST
DPTR FM NORMAL:   4.4   DPTR FM NORMAL:   -2.35    2 = FOG REDUCING VISIBILITY
HIGHEST:    88 ON  3, 2 GRTST 24HR  1.53 ON  6- 7      TO 1/4 MILE OR LESS
LOWEST:     36 ON 20                               3 = THUNDER
                        SNOW, ICE PELLETS, HAIL    4 = ICE PELLETS
                        TOTAL MONTH:   0.0 INCH    5 = HAIL
                        GRTST 24HR     0.0         6 = FREEZING RAIN OR DRIZZLE
                        GRTST DEPTH:   0           7 = DUSTSTORM OR SANDSTORM:
                                                       VSBY 1/2 MILE OR LESS
                                                   8 = SMOKE OR HAZE
[NO. OF DAYS WITH]      [WEATHER - DAYS WITH]      9 = BLOWING SNOW
                                                   X = TORNADO
MAX 32 OR BELOW:   0    0.01 INCH OR MORE:   7
MAX 90 OR ABOVE:   0    0.10 INCH OR MORE:   3
MIN 32 OR BELOW:   0    0.50 INCH OR MORE:   1
MIN  0 OR BELOW:   0    1.00 INCH OR MORE:   1

[HDD (BASE 65) ]
TOTAL THIS MO.    55    CLEAR  (SCALE 0-3)   7
DPTR FM NORMAL  -100    PTCLDY (SCALE 4-7)  19
TOTAL FM JUL 1    58    CLOUDY (SCALE 8-10)  4
DPTR FM NORMAL  -127

[CDD (BASE 65) ]
TOTAL THIS MO.   113
DPTR FM NORMAL    39    [PRESSURE DATA]
TOTAL FM JAN 1  3377    HIGHEST SLP 30.54 ON 19
DPTR FM NORMAL   249    LOWEST  SLP 29.50 ON 28

[REMARKS]
#FINAL-11-16#
