000
CXUS54 KHGX 011938
CF6IAH
PRELIMINARY LOCAL CLIMATOLOGICAL DATA (WS FORM: F-6)

                                          STATION:   HOUSTON INTERCONTINENTAL
                                          MONTH:     MARCH
                                          YEAR:      2016
                                          LATITUDE:   29 58 N
                                          LONGITUDE:  95 21 W

  TEMPERATURE IN F:       :PCPN:    SNOW:  WIND      :SUNSHINE: SKY     :PK WND
================================================================================
1   2   3   4   5  6A  6B    7    8   9   10  11  12  13   14  15   16   17  18
                                     12Z  AVG MX 2MIN
DY MAX MIN AVG DEP HDD CDD  WTR  SNW DPTH SPD SPD DIR MIN PSBL S-S WX    SPD DR
================================================================================

 1  78  62  70  11   0   5 0.00  0.0    0  7.0 15  20   M    M   7 1      20 210
 2  70  49  60   0   5   0 0.00  0.0    0 12.6 23 140   M    M   6        28 150
 3  84  61  73  13   0   8    T  0.0    0  9.9 18 340   M    M   6 18     28 330
 4  74  48  61   1   4   0 0.00  0.0    0  5.6 15 130   M    M   2        18 170
 5  76  47  62   2   3   0 0.00  0.0    0  4.5 15 140   M    M   5 1      16 140
 6  75  47  61   1   4   0 0.00  0.0    0  9.3 29 150   M    M   6 12     36 150
 7  75  62  69   8   0   4    T  0.0    0 16.1 29 150   M    M   8        35 140
 8  72  67  70   9   0   5 0.22  0.0    0 17.1 36 150   M    M  10 138    43 140
 9  73  61  67   6   0   2 1.44  0.0    0 12.9 32 150   M    M   9 1238   38 140
10  76  63  70   9   0   5 0.90  0.0    0 11.6 23  30   M    M  10 13     29  30
11  74  63  69   7   0   4 0.11  0.0    0  8.3 18  70   M    M   8 1      26 150
12  75  60  68   6   0   3 0.02  0.0    0  5.8 18 210   M    M   5        24 210
13  82  56  69   7   0   4 0.00  0.0    0  7.9 20 220   M    M   2        29 220
14  87  56  72  10   0   7 0.00  0.0    0  7.1 16 220   M    M   2 1      23 210
15  84  64  74  11   0   9 0.00  0.0    0  8.0 16 230   M    M   8 18     28 210
16  78  63  71   8   0   6 0.00  0.0    0  8.8 22 140   M    M   8 1      24 140
17  80  62  71   8   0   6 0.00  0.0    0  6.2 14 160   M    M   9 128    20 150
18  81  63  72   9   0   7    T  0.0    0  6.3 20 360   M    M   9 123    24 350
19  69  50  60  -3   5   0 0.00  0.0    0 15.4 26 360   M    M   7 1      33  20
20  61  43  52 -12  13   0 0.00  0.0    0 11.9 29 340   M    M   1        38 320
21  63  34  49 -15  16   0 0.00  0.0    0  5.9 16 110   M    M   0        20 120
22  70  42  56  -8   9   0 0.00  0.0    0 10.5 22 160   M    M   5        29 150
23  76  63  70   6   0   5 0.03  0.0    0 13.5 22 160   M    M  10 1      32 180
24  69  51  60  -4   5   0 0.38  0.0    0 11.1 37 310   M    M   5 13     49 310
25  70  42  56  -9   9   0 0.00  0.0    0  3.8 16 140   M    M   2        17 150
26  75  46  61  -4   4   0 0.00  0.0    0  4.9 13 120   M    M   6 1      17 160
27  77  57  67   2   0   2 0.00  0.0    0  7.3 24 310   M    M   6 1      29 320
28  75  49  62  -3   3   0 0.00  0.0    0  5.8 14 140   M    M   3        16 140
29  71  59  65  -1   0   0    T  0.0    0  9.0 20 130   M    M  10 1      24 140
30  75  68  72   6   0   7 0.13  0.0    0 11.7 23 150   M    M  10 1      35 150
31  85  65  75   9   0  10 0.02  0.0    0  6.5 16  20   M    M   7 18     22  20
================================================================================
SM 2330 1723        80  99  3.25     0.0 282.3          M      192
================================================================================
AV 75.2 55.6                               9.1 FASTST   M    M   6    MAX(MPH)
                                 MISC ---->  # 37 310               # 49  310
================================================================================
NOTES:
# LAST OF SEVERAL OCCURRENCES

COLUMN 17 PEAK WIND IN M.P.H.

PRELIMINARY LOCAL CLIMATOLOGICAL DATA (WS FORM: F-6) , PAGE 2

                                          STATION:  HOUSTON INTERCONTINENTAL
                                          MONTH:    MARCH
                                          YEAR:     2016
                                          LATITUDE:   29 58 N
                                          LONGITUDE:  95 21 W

[TEMPERATURE DATA]      [PRECIPITATION DATA]       SYMBOLS USED IN COLUMN 16

AVERAGE MONTHLY: 65.4   TOTAL FOR MONTH:   3.25    1 = FOG OR MIST
DPTR FM NORMAL:   2.7   DPTR FM NORMAL:   -0.16    2 = FOG REDUCING VISIBILITY
HIGHEST:    87 ON 14    GRTST 24HR  2.23 ON  9-10      TO 1/4 MILE OR LESS
LOWEST:     34 ON 21                               3 = THUNDER
                        SNOW, ICE PELLETS, HAIL    4 = ICE PELLETS
                        TOTAL MONTH:   0.0 INCH    5 = HAIL
                        GRTST 24HR     0.0         6 = FREEZING RAIN OR DRIZZLE
                        GRTST DEPTH:   0           7 = DUSTSTORM OR SANDSTORM:
                                                       VSBY 1/2 MILE OR LESS
                                                   8 = SMOKE OR HAZE
[NO. OF DAYS WITH]      [WEATHER - DAYS WITH]      9 = BLOWING SNOW
                                                   X = TORNADO
MAX 32 OR BELOW:   0    0.01 INCH OR MORE:   9
MAX 90 OR ABOVE:   0    0.10 INCH OR MORE:   6
MIN 32 OR BELOW:   0    0.50 INCH OR MORE:   2
MIN  0 OR BELOW:   0    1.00 INCH OR MORE:   1

[HDD (BASE 65) ]
TOTAL THIS MO.    80    CLEAR  (SCALE 0-3)   7
DPTR FM NORMAL   -61    PTCLDY (SCALE 4-7)  15
TOTAL FM JUL 1   997    CLOUDY (SCALE 8-10)  9
DPTR FM NORMAL  -332

[CDD (BASE 65) ]
TOTAL THIS MO.    99
DPTR FM NORMAL    28    [PRESSURE DATA]
TOTAL FM JAN 1   136    HIGHEST SLP 30.49 ON 21
DPTR FM NORMAL    27    LOWEST  SLP 29.60 ON 31

[REMARKS]
#FINAL-03-16#
