000
CXUS54 KHGX 011415
CF6IAH
PRELIMINARY LOCAL CLIMATOLOGICAL DATA (WS FORM: F-6)

                                          STATION:   HOUSTON INTERCONTINENTAL
                                          MONTH:     MAY
                                          YEAR:      2016
                                          LATITUDE:   29 58 N
                                          LONGITUDE:  95 21 W

  TEMPERATURE IN F:       :PCPN:    SNOW:  WIND      :SUNSHINE: SKY     :PK WND
================================================================================
1   2   3   4   5  6A  6B    7    8   9   10  11  12  13   14  15   16   17  18
                                     12Z  AVG MX 2MIN
DY MAX MIN AVG DEP HDD CDD  WTR  SNW DPTH SPD SPD DIR MIN PSBL S-S WX    SPD DR
================================================================================

 1  85  70  78   5   0  13    T  0.0    0  9.1 20 130   M    M   9 1      23 140
 2  74  61  68  -6   0   3 0.05  0.0    0 11.5 24 360   M    M   9 1      30 360
 3  76  56  66  -8   0   1 0.00  0.0    0  8.5 17  10   M    M   2        24  40
 4  82  54  68  -6   0   3 0.00  0.0    0  5.2 18 310   M    M   0        31  20
 5  85  59  72  -2   0   7 0.00  0.0    0  6.5 17 350   M    M   3        28  30
 6  84  55  70  -5   0   5 0.00  0.0    0  3.3 12 110   M    M   2        16 150
 7  83  57  70  -5   0   5 0.00  0.0    0  7.5 20 130   M    M   2        26 130
 8  79  63  71  -4   0   6    T  0.0    0  9.7 24 140   M    M   8        30 140
 9  83  70  77   2   0  12 0.01  0.0    0 14.1 38 150   M    M   9        47 150
10  87  70  79   3   0  14 0.00  0.0    0 10.2 21 150   M    M   8 18     25 140
11  86  71  79   3   0  14 0.01  0.0    0 10.2 25 140   M    M   8 1      30 150
12  89  71  80   4   0  15 0.35  0.0    0  4.5 13  50   M    M   7 13     16 100
13  88  69  79   3   0  14 0.00  0.0    0  5.8 23 160   M    M   5 13     30 170
14  87  67  77   0   0  12 0.77  0.0    0  3.8 23 190   M    M   8 138    32 190
15  80  67  74  -3   0   9 0.86  0.0    0  6.6 13  80   M    M   9 13     17  70
16  73  65  69  -8   0   4 0.17  0.0    0  8.7 17 100   M    M   9 1      23 130
17  83  67  75  -2   0  10 0.00  0.0    0  4.3 14 350   M    M   8 12     20  30
18  81  68  75  -3   0  10 0.01  0.0    0  9.1 17  10   M    M   9        21  10
19  70  64  67 -11   0   2 0.49  0.0    0 10.7 21  90   M    M  10 13     24  80
20  80  63  72  -6   0   7 0.00  0.0    0  5.6 14 340   M    M   4 1      20  20
21  82  66  74  -4   0   9 0.03  0.0    0  5.9 23 150   M    M   8 13     29 160
22  85  70  78   0   0  13 0.00  0.0    0  8.1 17 140   M    M   7 12     25 110
23  85  68  77  -2   0  12 0.00  0.0    0  9.5 21 140   M    M   7 1      25 140
24  86  72  79   0   0  14 0.00  0.0    0 12.0 23 140   M    M   7        29 160
25  89  76  83   4   0  18 0.00  0.0    0 12.1 23 140   M    M   7        28 140
26  82  68  75  -4   0  10 0.69  0.0    0 11.2 29 150   M    M  10 13     38 150
27  82  65  74  -6   0   9 3.76  0.0    0 11.1 30 320   M    M   9 13     38 330
28  89  64  77  -3   0  12 0.00  0.0    0  6.3 18 130   M    M   4        22 130
29  88  70  79  -1   0  14 0.00  0.0    0  5.1 15 140   M    M   7        21 100
30  85  68  77  -3   0  12 0.00  0.0    0  5.0 16 170   M    M   6 1      21 170
31  87  68  78  -2   0  13    T  0.0    0  6.0 18 110   M    M   7 1      23 140
================================================================================
SM 2575 2042         0 302  7.20     0.0 247.2          M      208
================================================================================
AV 83.1 65.9                               8.0 FASTST   M    M   7    MAX(MPH)
                                 MISC ---->  # 38 150               # 47  150
================================================================================
NOTES:
# LAST OF SEVERAL OCCURRENCES

COLUMN 17 PEAK WIND IN M.P.H.

PRELIMINARY LOCAL CLIMATOLOGICAL DATA (WS FORM: F-6) , PAGE 2

                                          STATION:  HOUSTON INTERCONTINENTAL
                                          MONTH:    MAY
                                          YEAR:     2016
                                          LATITUDE:   29 58 N
                                          LONGITUDE:  95 21 W

[TEMPERATURE DATA]      [PRECIPITATION DATA]       SYMBOLS USED IN COLUMN 16

AVERAGE MONTHLY: 74.5   TOTAL FOR MONTH:   7.20    1 = FOG OR MIST
DPTR FM NORMAL:  -2.4   DPTR FM NORMAL:    2.11    2 = FOG REDUCING VISIBILITY
HIGHEST:    89 ON 28,25 GRTST 24HR  4.42 ON 26-27      TO 1/4 MILE OR LESS
LOWEST:     54 ON  4                               3 = THUNDER
                        SNOW, ICE PELLETS, HAIL    4 = ICE PELLETS
                        TOTAL MONTH:   0.0 INCH    5 = HAIL
                        GRTST 24HR     0.0         6 = FREEZING RAIN OR DRIZZLE
                        GRTST DEPTH:   0           7 = DUSTSTORM OR SANDSTORM:
                                                       VSBY 1/2 MILE OR LESS
                                                   8 = SMOKE OR HAZE
[NO. OF DAYS WITH]      [WEATHER - DAYS WITH]      9 = BLOWING SNOW
                                                   X = TORNADO
MAX 32 OR BELOW:   0    0.01 INCH OR MORE:  12
MAX 90 OR ABOVE:   0    0.10 INCH OR MORE:   7
MIN 32 OR BELOW:   0    0.50 INCH OR MORE:   4
MIN  0 OR BELOW:   0    1.00 INCH OR MORE:   1

[HDD (BASE 65) ]
TOTAL THIS MO.     0    CLEAR  (SCALE 0-3)   4
DPTR FM NORMAL    -1    PTCLDY (SCALE 4-7)  16
TOTAL FM JUL 1  1017    CLOUDY (SCALE 8-10) 11
DPTR FM NORMAL  -350

[CDD (BASE 65) ]
TOTAL THIS MO.   302
DPTR FM NORMAL   -69    [PRESSURE DATA]
TOTAL FM JAN 1   581    HIGHEST SLP 30.15 ON 13
DPTR FM NORMAL   -71    LOWEST  SLP 29.68 ON 27

[REMARKS]
#FINAL-05-16#
