000
CXUS54 KHGX 011757
CF6IAH
PRELIMINARY LOCAL CLIMATOLOGICAL DATA (WS FORM: F-6)

                                          STATION:   HOUSTON INTERCONTINENTAL
                                          MONTH:     MARCH
                                          YEAR:      2014
                                          LATITUDE:   29 58 N
                                          LONGITUDE:  95 21 W

  TEMPERATURE IN F:       :PCPN:    SNOW:  WIND      :SUNSHINE: SKY     :PK WND
================================================================================
1   2   3   4   5  6A  6B    7    8   9   10  11  12  13   14  15   16   17  18
                                     12Z  AVG MX 2MIN
DY MAX MIN AVG DEP HDD CDD  WTR  SNW DPTH SPD SPD DIR MIN PSBL S-S WX    SPD DR
================================================================================

 1  83  64  74  15   0   9 0.00  0.0    0  9.0 18 160   M    M   9 1      25 170
 2  77  34  56  -4   9   0 0.03    M    0 12.2 25 330   M    M  10 1      35 310
 3  42  27  35 -25  30   0 0.03    M    0 16.7 26 350   M    M   9 36     33 360
 4  38  31  35 -25  30   0 1.03    M    0  6.7 20  40   M    M  10 6      22  40
 5  53  37  45 -15  20   0 0.02    M    0  5.5 10 110   M    M  10 18     14 110
 6  61  44  53  -7  12   0 0.00  0.0    0  9.1 21 310   M    M   4        30 320
 7  66  37  52  -9  13   0 0.00  0.0    0  6.7 18 140   M    M   6        26 160
 8  69  51  60  -1   5   0 0.11  0.0    0  8.8 17 360   M    M  10        20 360
 9  58  46  52  -9  13   0 0.43    M    0  8.3 16 350   M    M   7 12     20 360
10  73  48  61   0   4   0 0.00  0.0    0  4.3 12 140   M    M   6        15 150
11  75  56  66   4   0   1 0.00  0.0    0  5.1 14 230   M    M   6        20 200
12  68  49  59  -3   6   0 0.00  0.0    0 15.6 30 360   M    M   4        38 350
13  67  38  53  -9  12   0 0.00  0.0    0  7.0 18 140   M    M   3        23 120
14  75  47  61  -1   4   0 0.00  0.0    0  8.1 20 160   M    M   6        24 150
15  69  62  66   3   0   1 0.56  0.0    0  8.9 18 130   M    M  10 1      23 130
16  69  45  57  -6   8   0    T    M    0 13.4 28 330   M    M   9 13     36 310
17  63  44  54  -9  11   0 0.00  0.0    0  8.0 22 330   M    M   6        30 340
18  77  43  60  -3   5   0 0.00  0.0    0  9.2 20 170   M    M   3        30 170
19  75  57  66   3   0   1 0.00  0.0    0  5.0 16 360   M    M   7        22 340
20  76  56  66   2   0   1 0.00  0.0    0  5.1 10  70   M    M   6        17  20
21  78  50  64   0   1   0 0.00  0.0    0  8.1 21 150   M    M   7 1      25 150
22  81  65  73   9   0   8    T  0.0    0  6.1 17 150   M    M   9 18     25  40
23  72  53  63  -1   2   0 0.05  0.0    0 11.1 25  10   M    M  10 18     32  10
24  64  52  58  -6   7   0 0.00  0.0    0  4.6 13  60   M    M   9        15  60
25  71  46  59  -6   6   0 0.00  0.0    0  7.2 20  20   M    M   5        26  20
26  64  46  55 -10  10   0 0.15  0.0    0 12.8 28 150   M    M   8 1      36 150
27  71  62  67   2   0   2 0.02  0.0    0 11.1 23 160   M    M  10 18     29 160
28  85  58  72   7   0   7 0.02  0.0    0  7.0 28 340   M    M   9 1238   35 350
29  80  53  67   1   0   2 0.00  0.0    0  8.6 18  10   M    M   6 1      24  20
30  73  46  60  -6   5   0 0.00  0.0    0  8.2 20 140   M    M   5        25 130
31  78  50  64  -2   1   0 0.00  0.0    0  9.2 22 150   M    M   5        29 150
================================================================================
SM 2151 1497       214  32  2.45     0.0 266.7          M      224
================================================================================
AV 69.4 48.3                               8.6 FASTST   M    M   7    MAX(MPH)
                                 MISC ---->  # 30 360               # 38  350
================================================================================
NOTES:
# LAST OF SEVERAL OCCURRENCES

COLUMN 17 PEAK WIND IN M.P.H.

PRELIMINARY LOCAL CLIMATOLOGICAL DATA (WS FORM: F-6) , PAGE 2

                                          STATION:  HOUSTON INTERCONTINENTAL
                                          MONTH:    MARCH
                                          YEAR:     2014
                                          LATITUDE:   29 58 N
                                          LONGITUDE:  95 21 W

[TEMPERATURE DATA]      [PRECIPITATION DATA]       SYMBOLS USED IN COLUMN 16

AVERAGE MONTHLY: 58.8   TOTAL FOR MONTH:   2.45    1 = FOG OR MIST
DPTR FM NORMAL:  -3.9   DPTR FM NORMAL:   -0.96    2 = FOG REDUCING VISIBILITY
HIGHEST:    85 ON 28    GRTST 24HR  1.03 ON  4- 4      TO 1/4 MILE OR LESS
LOWEST:     27 ON  3                               3 = THUNDER
                        SNOW, ICE PELLETS, HAIL    4 = ICE PELLETS
                        TOTAL MONTH:   0.0 INCH    5 = HAIL
                        GRTST 24HR     0.0         6 = FREEZING RAIN OR DRIZZLE
                        GRTST DEPTH:   0           7 = DUSTSTORM OR SANDSTORM:
                                                       VSBY 1/2 MILE OR LESS
                                                   8 = SMOKE OR HAZE
[NO. OF DAYS WITH]      [WEATHER - DAYS WITH]      9 = BLOWING SNOW
                                                   X = TORNADO
MAX 32 OR BELOW:   0    0.01 INCH OR MORE:  11
MAX 90 OR ABOVE:   0    0.10 INCH OR MORE:   5
MIN 32 OR BELOW:   2    0.50 INCH OR MORE:   2
MIN  0 OR BELOW:   0    1.00 INCH OR MORE:   1

[HDD (BASE 65) ]
TOTAL THIS MO.   214    CLEAR  (SCALE 0-3)   2
DPTR FM NORMAL    73    PTCLDY (SCALE 4-7)  15
TOTAL FM JUL 1  1694    CLOUDY (SCALE 8-10) 14
DPTR FM NORMAL   365

[CDD (BASE 65) ]
TOTAL THIS MO.    32
DPTR FM NORMAL   -39    [PRESSURE DATA]
TOTAL FM JAN 1    66    HIGHEST SLP 30.36 ON 13
DPTR FM NORMAL   -43    LOWEST  SLP 29.64 ON 11

[REMARKS]
#FINAL-03-14#
