000
CXUS54 KHGX 011515
CF6IAH
PRELIMINARY LOCAL CLIMATOLOGICAL DATA (WS FORM: F-6)

                                          STATION:   HOUSTON INTERCONTINENTAL
                                          MONTH:     JANUARY
                                          YEAR:      2016
                                          LATITUDE:   29 58 N
                                          LONGITUDE:  95 21 W

  TEMPERATURE IN F:       :PCPN:    SNOW:  WIND      :SUNSHINE: SKY     :PK WND
================================================================================
1   2   3   4   5  6A  6B    7    8   9   10  11  12  13   14  15   16   17  18
                                     12Z  AVG MX 2MIN
DY MAX MIN AVG DEP HDD CDD  WTR  SNW DPTH SPD SPD DIR MIN PSBL S-S WX    SPD DR
================================================================================

 1  51  45  48  -5  17   0    T  0.0    0 12.6 21  30   M    M  10        29  30
 2  51  45  48  -5  17   0    T  0.0    0  6.5 14  10   M    M  10        16 360
 3  62  43  53   0  12   0 0.07    M    0  5.6 12 310   M    M   5        16 310
 4  62  38  50  -3  15   0 0.00  0.0    0  4.9 10  30   M    M   0        14  20
 5  55  34  45  -8  20   0 0.00  0.0    0  6.7 14  80   M    M   4        18  80
 6  58  40  49  -4  16   0 1.40    M    0  8.0 20 360   M    M  10 13     25  10
 7  69  51  60   7   5   0 0.19  0.0    0  3.1 17 300   M    M   7 12     23 150
 8  68  50  59   6   6   0 0.06  0.0    0  4.4 13  90   M    M   9 123    15  90
 9  62  42  52  -1  13   0    T  0.0    0 12.5 25 310   M    M   7        37 330
10  52  37  45  -8  20   0 0.00  0.0    0  7.9 20 320   M    M   5        24 330
11  56  32  44  -9  21   0 0.00  0.0    0  3.2  9 140   M    M   6        12 140
12  62  35  49  -4  16   0 0.00  0.0    0  1.4  7 190   M    M   2 1      12 220
13  64  36  50  -3  15   0 0.00  0.0    0  3.6 12 140   M    M   3 1      15 150
14  65  44  55   2  10   0 0.00  0.0    0  4.9 10 140   M    M   9 1      14 140
15  72  45  59   6   6   0 0.00  0.0    0  4.9 14 280   M    M   3 12     18 290
16  60  42  51  -2  14   0 0.17    M    0  7.9 21 350   M    M   7 1      25  10
17  57  36  47  -6  18   0 0.00  0.0    0  4.8 20 330   M    M   5        25 330
18  61  36  49  -4  16   0 0.00  0.0    0  1.7  8 140   M    M   1        13  20
19  68  39  54   1  11   0 0.00  0.0    0  7.0 18 170   M    M   3        24 170
20  65  46  56   3   9   0 0.00  0.0    0  4.6 13 330   M    M   8 12     17 330
21  74  44  59   6   6   0    T  0.0    0 13.1 30 330   M    M   9 123    39 330
22  53  38  46  -7  19   0 0.00  0.0    0 14.9 31 330   M    M   4        39 330
23  55  33  44  -9  21   0 0.00  0.0    0  3.1  8 290   M    M   1        13 340
24  67  33  50  -3  15   0 0.00  0.0    0  7.6 21 160   M    M   5        25 150
25  74  53  64  11   1   0 0.01  0.0    0  5.2 15 220   M    M   8 8      21 220
26  63  49  56   2   9   0 0.26    M    0 12.0 20  20   M    M   8 1      25 340
27  58  42  50  -4  15   0 0.00  0.0    0  9.8 18 360   M    M   6        25  30
28  65  32  49  -5  16   0 0.00  0.0    0  3.6 13 280   M    M   1        22 320
29  74  39  57   3   8   0 0.00  0.0    0  6.0 14 210   M    M   1        20 180
30  75  48  62   8   3   0 0.00  0.0    0  8.3 18 210   M    M   4 1      26 210
31  79  62  71  17   0   6 0.00  0.0    0  7.5 18 220   M    M   7 1      25 190
================================================================================
SM 1957 1289       390   6  2.16     0.0 207.3          M      168
================================================================================
AV 63.1 41.6                               6.7 FASTST   M    M   5    MAX(MPH)
                                 MISC ---->  # 31 330               # 39  330
================================================================================
NOTES:
# LAST OF SEVERAL OCCURRENCES

COLUMN 17 PEAK WIND IN M.P.H.

PRELIMINARY LOCAL CLIMATOLOGICAL DATA (WS FORM: F-6) , PAGE 2

                                          STATION:  HOUSTON INTERCONTINENTAL
                                          MONTH:    JANUARY
                                          YEAR:     2016
                                          LATITUDE:   29 58 N
                                          LONGITUDE:  95 21 W

[TEMPERATURE DATA]      [PRECIPITATION DATA]       SYMBOLS USED IN COLUMN 16

AVERAGE MONTHLY: 52.4   TOTAL FOR MONTH:   2.16    1 = FOG OR MIST
DPTR FM NORMAL:  -0.7   DPTR FM NORMAL:   -1.22    2 = FOG REDUCING VISIBILITY
HIGHEST:    79 ON 31    GRTST 24HR  1.59 ON  6- 7      TO 1/4 MILE OR LESS
LOWEST:     32 ON 28,11                            3 = THUNDER
                        SNOW, ICE PELLETS, HAIL    4 = ICE PELLETS
                        TOTAL MONTH:   0.0 INCH    5 = HAIL
                        GRTST 24HR     0.0         6 = FREEZING RAIN OR DRIZZLE
                        GRTST DEPTH:   0           7 = DUSTSTORM OR SANDSTORM:
                                                       VSBY 1/2 MILE OR LESS
                                                   8 = SMOKE OR HAZE
[NO. OF DAYS WITH]      [WEATHER - DAYS WITH]      9 = BLOWING SNOW
                                                   X = TORNADO
MAX 32 OR BELOW:   0    0.01 INCH OR MORE:   7
MAX 90 OR ABOVE:   0    0.10 INCH OR MORE:   4
MIN 32 OR BELOW:   2    0.50 INCH OR MORE:   1
MIN  0 OR BELOW:   0    1.00 INCH OR MORE:   1

[HDD (BASE 65) ]
TOTAL THIS MO.   390    CLEAR  (SCALE 0-3)   8
DPTR FM NORMAL     5    PTCLDY (SCALE 4-7)  16
TOTAL FM JUL 1   723    CLOUDY (SCALE 8-10)  7
DPTR FM NORMAL  -201

[CDD (BASE 65) ]
TOTAL THIS MO.     6
DPTR FM NORMAL    -9    [PRESSURE DATA]
TOTAL FM JAN 1     6    HIGHEST SLP 30.47 ON  1
DPTR FM NORMAL    -6    LOWEST  SLP 29.65 ON  8

[REMARKS]
#FINAL-01-16#
