000
CXUS54 KHGX 011713
CF6IAH
PRELIMINARY LOCAL CLIMATOLOGICAL DATA (WS FORM: F-6)

                                          STATION:   HOUSTON INTERCONTINENTAL
                                          MONTH:     JUNE
                                          YEAR:      2014
                                          LATITUDE:   29 58 N
                                          LONGITUDE:  95 21 W

  TEMPERATURE IN F:       :PCPN:    SNOW:  WIND      :SUNSHINE: SKY     :PK WND
================================================================================
1   2   3   4   5  6A  6B    7    8   9   10  11  12  13   14  15   16   17  18
                                     12Z  AVG MX 2MIN
DY MAX MIN AVG DEP HDD CDD  WTR  SNW DPTH SPD SPD DIR MIN PSBL S-S WX    SPD DR
================================================================================

 1  88  71  80   0   0  15 0.01  0.0    0  8.3 22 110   M    M   4        26  90
 2  89  72  81   0   0  16    T  0.0    0  8.9 20 140   M    M   5 1      24 130
 3  88  73  81   0   0  16    T  0.0    0  8.4 16 130   M    M   5        22 140
 4  90  71  81   0   0  16 0.00  0.0    0  6.4 17 140   M    M   4        21 160
 5  92  75  84   3   0  19 0.00  0.0    0  7.4 14 170   M    M   4        21 180
 6  92  73  83   2   0  18 0.00  0.0    0  6.3 15 150   M    M   5        18 150
 7  93  73  83   2   0  18 0.00  0.0    0  5.8 16 100   M    M   5        18 110
 8  92  77  85   3   0  20 0.02  0.0    0  6.0 16 180   M    M   6        22 180
 9  87  72  80  -2   0  15 0.50  0.0    0  8.5 20 140   M    M   6 13     26 200
10  87  71  79  -3   0  14 0.01  0.0    0  7.2 17 290   M    M   3        23 250
11  94  68  81  -1   0  16 0.00  0.0    0  4.3 13 130   M    M   2        16 180
12  94  74  84   2   0  19 0.10  0.0    0  7.4 23 130   M    M   7 3      26 130
13  92  77  85   3   0  20 0.01  0.0    0  5.8 15 140   M    M   6 12     20  20
14  91  71  81  -1   0  16 0.00  0.0    0  8.2 21 140   M    M   5        24 140
15  93  74  84   2   0  19 0.00  0.0    0 10.0 21 150   M    M   5        23 150
16  92  77  85   2   0  20    T  0.0    0 11.4 24 140   M    M   5 18     30 130
17  93  80  87   4   0  22 0.00  0.0    0 11.0 21 150   M    M   5        25 140
18  89  78  84   1   0  19 0.22  0.0    0  8.7 21 130   M    M   5 13     25 140
19  92  75  84   1   0  19 0.00  0.0    0  9.0 16 130   M    M   6        21 140
20  92  74  83   0   0  18 0.00  0.0    0  5.5 17 180   M    M   7        24 170
21  92  71  82  -1   0  17    T  0.0    0  3.8 22 160   M    M   6        25 160
22  90  76  83   0   0  18 0.07  0.0    0  6.1 20 220   M    M   9 38     29 220
23  92  73  83   0   0  18 0.50  0.0    0  7.3 22 260   M    M   8 13     31 240
24  92  74  83   0   0  18 0.54  0.0    0  3.5 22 230   M    M   7 13     30 230
25  83  73  78  -5   0  13 0.09  0.0    0  8.1 21 150   M    M   9 1      24 160
26  86  73  80  -4   0  15    T  0.0    0  6.9 20 130   M    M   8        22 170
27  90  74  82  -2   0  17 0.01  0.0    0 13.7 25 150   M    M   8        31 160
28  90  79  85   1   0  20 0.10  0.0    0 12.8 23 140   M    M   7 1      28 130
29  93  79  86   2   0  21 0.00  0.0    0 10.2 20 150   M    M   7 18     24 150
30  93  78  86   2   0  21 0.00  0.0    0  8.5 17 160   M    M   4 1      23 150
================================================================================
SM 2721 2226         0 533  2.18     0.0 235.4          M      173
================================================================================
AV 90.7 74.2                               7.8 FASTST   M    M   6    MAX(MPH)
                                 MISC ---->  # 25 150               # 31  240
================================================================================
NOTES:
# LAST OF SEVERAL OCCURRENCES

COLUMN 17 PEAK WIND IN M.P.H.

PRELIMINARY LOCAL CLIMATOLOGICAL DATA (WS FORM: F-6) , PAGE 2

                                          STATION:  HOUSTON INTERCONTINENTAL
                                          MONTH:    JUNE
                                          YEAR:     2014
                                          LATITUDE:   29 58 N
                                          LONGITUDE:  95 21 W

[TEMPERATURE DATA]      [PRECIPITATION DATA]       SYMBOLS USED IN COLUMN 16

AVERAGE MONTHLY: 82.4   TOTAL FOR MONTH:   2.18    1 = FOG OR MIST
DPTR FM NORMAL:   0.0   DPTR FM NORMAL:   -3.75    2 = FOG REDUCING VISIBILITY
HIGHEST:    94 ON 12,11 GRTST 24HR  0.63 ON 24-25      TO 1/4 MILE OR LESS
LOWEST:     68 ON 11                               3 = THUNDER
                        SNOW, ICE PELLETS, HAIL    4 = ICE PELLETS
                        TOTAL MONTH:   0.0 INCH    5 = HAIL
                        GRTST 24HR     0.0         6 = FREEZING RAIN OR DRIZZLE
                        GRTST DEPTH:   0           7 = DUSTSTORM OR SANDSTORM:
                                                       VSBY 1/2 MILE OR LESS
                                                   8 = SMOKE OR HAZE
[NO. OF DAYS WITH]      [WEATHER - DAYS WITH]      9 = BLOWING SNOW
                                                   X = TORNADO
MAX 32 OR BELOW:   0    0.01 INCH OR MORE:  13
MAX 90 OR ABOVE:  22    0.10 INCH OR MORE:   6
MIN 32 OR BELOW:   0    0.50 INCH OR MORE:   3
MIN  0 OR BELOW:   0    1.00 INCH OR MORE:   0

[HDD (BASE 65) ]
TOTAL THIS MO.     0    CLEAR  (SCALE 0-3)   1
DPTR FM NORMAL     0    PTCLDY (SCALE 4-7)  27
TOTAL FM JUL 1  1741    CLOUDY (SCALE 8-10)  2
DPTR FM NORMAL   374

[CDD (BASE 65) ]
TOTAL THIS MO.   533
DPTR FM NORMAL    13    [PRESSURE DATA]
TOTAL FM JAN 1  1074    HIGHEST SLP 30.10 ON 20
DPTR FM NORMAL   -98    LOWEST  SLP 29.77 ON  9

[REMARKS]
#FINAL-06-14#
