000
CXUS54 KHGX 011833
CF6IAH
PRELIMINARY LOCAL CLIMATOLOGICAL DATA (WS FORM: F-6)

                                          STATION:   HOUSTON INTERCONTINENTAL
                                          MONTH:     APRIL
                                          YEAR:      2015
                                          LATITUDE:   29 58 N
                                          LONGITUDE:  95 21 W

  TEMPERATURE IN F:       :PCPN:    SNOW:  WIND      :SUNSHINE: SKY     :PK WND
================================================================================
1   2   3   4   5  6A  6B    7    8   9   10  11  12  13   14  15   16   17  18
                                     12Z  AVG MX 2MIN
DY MAX MIN AVG DEP HDD CDD  WTR  SNW DPTH SPD SPD DIR MIN PSBL S-S WX    SPD DR
================================================================================

 1  79  69  74   8   0   9 0.01  0.0    0  7.6 20 160   M    M   9 3      25 160
 2  84  69  77  11   0  12 0.00  0.0    0 10.2 20 150   M    M   8 18     26 180
 3  82  71  77  10   0  12    T  0.0    0  7.3 17 360   M    M   9 8      21 360
 4  73  61  67   0   0   2 0.00  0.0    0 11.8 22  50   M    M   9        26  30
 5  67  57  62  -5   3   0 0.02  0.0    0  7.7 15 100   M    M  10 1      21 100
 6  82  67  75   8   0  10    T  0.0    0  9.1 20 150   M    M   8 1      25 150
 7  87  70  79  11   0  14 0.00  0.0    0  9.2 18 170   M    M   6 1      26 160
 8  84  71  78  10   0  13 0.00  0.0    0  9.3 20 160   M    M   8        26 170
 9  86  70  78  10   0  13 0.00  0.0    0  9.6 20 170   M    M   8 18     26 160
10  74  61  68   0   0   3 1.74  0.0    0  5.8 20 360   M    M  10 13     24 350
11  77  63  70   2   0   5 0.13  0.0    0  6.1 14 130   M    M  10 1      17 140
12  80  68  74   5   0   9 0.14  0.0    0  8.6 23 130   M    M   9 1      26 130
13  86  71  79  10   0  14 0.32  0.0    0  6.5 16 220   M    M   8 13     23 220
14  76  64  70   1   0   5 0.12  0.0    0  5.1 31 160   M    M   8 13     37 150
15  81  60  71   2   0   6    T  0.0    0  4.8 14 150   M    M   6        16 150
16  82  65  74   4   0   9 1.66  0.0    0  7.2 24 110   M    M   8 13     29 120
17  83  64  74   4   0   9 1.10  0.0    0 10.6 24 130   M    M   6 13     28 120
18  78  66  72   2   0   7 0.09  0.0    0  6.5 22 310   M    M   8 38     28 310
19  86  58  72   2   0   7 0.54  0.0    0  6.0 30 340   M    M   5 13     41 330
20  74  59  67  -3   0   2 0.00  0.0    0  8.8 25  20   M    M   7        29  30
21  79  56  68  -3   0   3 0.00  0.0    0  8.6 18 120   M    M   4        24 140
22  84  67  76   5   0  11 0.00  0.0    0  6.4 17 150   M    M   8        20 130
23  88  69  79   8   0  14 0.00  0.0    0  4.5 12 150   M    M   9 1      14 130
24  85  71  78   6   0  13    T  0.0    0  6.9 17 160   M    M   9 18     23 160
25  88  67  78   6   0  13 0.21  0.0    0  7.1 22 270   M    M   7 13     31 270
26  85  67  76   4   0  11    T  0.0    0  6.5 20 140   M    M   8 18     24 140
27  78  66  72   0   0   7 0.02  0.0    0 10.2 22 320   M    M   9 1      30 310
28  71  56  64  -8   1   0    T  0.0    0  9.9 18 360   M    M   8        25 360
29  78  52  65  -8   0   0 0.00  0.0    0  7.6 20  10   M    M   3        25  10
30  82  53  68  -5   0   3 0.00  0.0    0  3.4  9 290   M    M   1        14 140
================================================================================
SM 2419 1928         4 236  6.10     0.0 228.9          M      226
================================================================================
AV 80.6 64.3                               7.6 FASTST   M    M   8    MAX(MPH)
                                 MISC ---->  # 31 160               # 41  330
================================================================================
NOTES:
# LAST OF SEVERAL OCCURRENCES

COLUMN 17 PEAK WIND IN M.P.H.

PRELIMINARY LOCAL CLIMATOLOGICAL DATA (WS FORM: F-6) , PAGE 2

                                          STATION:  HOUSTON INTERCONTINENTAL
                                          MONTH:    APRIL
                                          YEAR:     2015
                                          LATITUDE:   29 58 N
                                          LONGITUDE:  95 21 W

[TEMPERATURE DATA]      [PRECIPITATION DATA]       SYMBOLS USED IN COLUMN 16

AVERAGE MONTHLY: 72.4   TOTAL FOR MONTH:   6.10    1 = FOG OR MIST
DPTR FM NORMAL:   2.9   DPTR FM NORMAL:    2.79    2 = FOG REDUCING VISIBILITY
HIGHEST:    88 ON 25,23 GRTST 24HR  1.97 ON 16-17      TO 1/4 MILE OR LESS
LOWEST:     52 ON 29                               3 = THUNDER
                        SNOW, ICE PELLETS, HAIL    4 = ICE PELLETS
                        TOTAL MONTH:   0.0 INCH    5 = HAIL
                        GRTST 24HR     0.0         6 = FREEZING RAIN OR DRIZZLE
                        GRTST DEPTH:   0           7 = DUSTSTORM OR SANDSTORM:
                                                       VSBY 1/2 MILE OR LESS
                                                   8 = SMOKE OR HAZE
[NO. OF DAYS WITH]      [WEATHER - DAYS WITH]      9 = BLOWING SNOW
                                                   X = TORNADO
MAX 32 OR BELOW:   0    0.01 INCH OR MORE:  13
MAX 90 OR ABOVE:   0    0.10 INCH OR MORE:   9
MIN 32 OR BELOW:   0    0.50 INCH OR MORE:   4
MIN  0 OR BELOW:   0    1.00 INCH OR MORE:   3

[HDD (BASE 65) ]
TOTAL THIS MO.     4    CLEAR  (SCALE 0-3)   2
DPTR FM NORMAL   -33    PTCLDY (SCALE 4-7)  12
TOTAL FM JUL 1  1462    CLOUDY (SCALE 8-10) 16
DPTR FM NORMAL    96

[CDD (BASE 65) ]
TOTAL THIS MO.   236
DPTR FM NORMAL    64    [PRESSURE DATA]
TOTAL FM JAN 1   314    HIGHEST SLP 30.29 ON  4
DPTR FM NORMAL    33    LOWEST  SLP 29.56 ON 27

[REMARKS]
#FINAL-04-15#
