000
CXUS54 KHGX 012107
CF6IAH
PRELIMINARY LOCAL CLIMATOLOGICAL DATA (WS FORM: F-6)

                                          STATION:   HOUSTON INTERCONTINENTAL
                                          MONTH:     FEBRUARY
                                          YEAR:      2015
                                          LATITUDE:   29 58 N
                                          LONGITUDE:  95 21 W

  TEMPERATURE IN F:       :PCPN:    SNOW:  WIND      :SUNSHINE: SKY     :PK WND
================================================================================
1   2   3   4   5  6A  6B    7    8   9   10  11  12  13   14  15   16   17  18
                                     12Z  AVG MX 2MIN
DY MAX MIN AVG DEP HDD CDD  WTR  SNW DPTH SPD SPD DIR MIN PSBL S-S WX    SPD DR
================================================================================

 1  77  48  63   9   2   0 0.01    M    0 11.5 29 350   M    M   8 1      35 340
 2  50  36  43 -11  22   0 0.00  0.0    0 11.8 28 360   M    M   9        36  10
 3  46  41  44 -10  21   0 0.17    M    0  3.8 12 100   M    M  10 1      15 120
 4  61  42  52  -2  13   0 0.16  0.0    0  4.1 10  60   M    M  10 1      17  80
 5  55  41  48  -7  17   0    T  0.0    0  9.9 20 330   M    M  10 1      24 340
 6  56  41  49  -6  16   0 0.00  0.0    0  3.7  9 130   M    M   9 18     12 160
 7  69  37  53  -2  12   0 0.00  0.0    0  6.4 17 160   M    M   2 18     23 220
 8  77  54  66  11   0   1 0.00  0.0    0  6.7 18 220   M    M   4 1      32 190
 9  83  54  69  14   0   4 0.00  0.0    0  5.7 21 360   M    M   4 1      25  20
10  74  43  59   4   6   0 0.00  0.0    0  6.1 13 140   M    M   0 1      16 130
11  75  44  60   4   5   0 0.00  0.0    0  4.3 14 130   M    M   5 128    20 100
12  66  46  56   0   9   0 0.00  0.0    0  8.8 17 360   M    M   2 18     23  30
13  66  39  53  -3  12   0 0.00  0.0    0  5.3 15 140   M    M   3        17 140
14  78  43  61   5   4   0 0.00  0.0    0  4.1 15 280   M    M   5 1      18 290
15  71  51  61   5   4   0 0.02  0.0    0  6.4 16 170   M    M   9 18     22 160
16  68  37  53  -4  12   0 0.15    M    0 12.7 25 310   M    M  10 1      32 320
17  54  34  44 -13  21   0    T  0.0    0  9.4 21  10   M    M   5        24  10
18  64  33  49  -8  16   0 0.00  0.0    0  3.4 14 280   M    M   0        18 290
19  64  37  51  -6  14   0 0.00  0.0    0  8.1 20 130   M    M   5        28 140
20  69  52  61   4   4   0 0.01  0.0    0 13.9 29 170   M    M  10        37 170
21  75  65  70  12   0   5    T  0.0    0  8.6 18 180   M    M   9 1      31 220
22  80  45  63   5   2   0    T    M    0  8.5 23  20   M    M  10 1      29  10
23  46  34  40 -18  25   0 0.02  0.0    0 13.9 24  20   M    M  10 1      26  30
24  43  33  38 -20  27   0    T    M    0  6.9 14 350   M    M  10 18     16 350
25  50  33  42 -16  23   0 0.10  0.0    0  7.2 17 340   M    M   7 1      22 320
26  55  31  43 -16  22   0 0.00  0.0    0 10.4 21 360   M    M   5 12     25  20
27  46  37  42 -17  23   0 0.00  0.0    0  9.9 18  80   M    M   9        23  70
28  57  37  47 -12  18   0 0.02  0.0    0  8.5 15 110   M    M   9 18     18 100
================================================================================
SM 1775 1168       350  10  0.66     0.0 220.0          M      189
================================================================================
AV 63.4 41.7                               7.9 FASTST   M    M   7    MAX(MPH)
                                 MISC ---->  # 29 350               # 37  170
================================================================================
NOTES:
# LAST OF SEVERAL OCCURRENCES

COLUMN 17 PEAK WIND IN M.P.H.

PRELIMINARY LOCAL CLIMATOLOGICAL DATA (WS FORM: F-6) , PAGE 2

                                          STATION:  HOUSTON INTERCONTINENTAL
                                          MONTH:    FEBRUARY
                                          YEAR:     2015
                                          LATITUDE:   29 58 N
                                          LONGITUDE:  95 21 W

[TEMPERATURE DATA]      [PRECIPITATION DATA]       SYMBOLS USED IN COLUMN 16

AVERAGE MONTHLY: 52.6   TOTAL FOR MONTH:   0.66    1 = FOG OR MIST
DPTR FM NORMAL:  -3.8   DPTR FM NORMAL:   -2.54    2 = FOG REDUCING VISIBILITY
HIGHEST:    83 ON  9    GRTST 24HR  0.33 ON  3- 4      TO 1/4 MILE OR LESS
LOWEST:     31 ON 26                               3 = THUNDER
                        SNOW, ICE PELLETS, HAIL    4 = ICE PELLETS
                        TOTAL MONTH:   0.0 INCH    5 = HAIL
                        GRTST 24HR     0.0         6 = FREEZING RAIN OR DRIZZLE
                        GRTST DEPTH:   0           7 = DUSTSTORM OR SANDSTORM:
                                                       VSBY 1/2 MILE OR LESS
                                                   8 = SMOKE OR HAZE
[NO. OF DAYS WITH]      [WEATHER - DAYS WITH]      9 = BLOWING SNOW
                                                   X = TORNADO
MAX 32 OR BELOW:   0    0.01 INCH OR MORE:   9
MAX 90 OR ABOVE:   0    0.10 INCH OR MORE:   4
MIN 32 OR BELOW:   1    0.50 INCH OR MORE:   0
MIN  0 OR BELOW:   0    1.00 INCH OR MORE:   0

[HDD (BASE 65) ]
TOTAL THIS MO.   350    CLEAR  (SCALE 0-3)   5
DPTR FM NORMAL    86    PTCLDY (SCALE 4-7)   9
TOTAL FM JUL 1  1319    CLOUDY (SCALE 8-10) 14
DPTR FM NORMAL   131

[CDD (BASE 65) ]
TOTAL THIS MO.    10
DPTR FM NORMAL   -13    [PRESSURE DATA]
TOTAL FM JAN 1    10    HIGHEST SLP 30.45 ON  6
DPTR FM NORMAL   -28    LOWEST  SLP 29.82 ON 25

[REMARKS]
#FINAL-02-15#
