000
CXUS54 KHGX 011415
CF6IAH
PRELIMINARY LOCAL CLIMATOLOGICAL DATA (WS FORM: F-6)

                                          STATION:   HOUSTON INTERCONTINENTAL
                                          MONTH:     OCTOBER
                                          YEAR:      2017
                                          LATITUDE:   29 58 N
                                          LONGITUDE:  95 21 W

  TEMPERATURE IN F:       :PCPN:    SNOW:  WIND      :SUNSHINE: SKY     :PK WND
================================================================================
1   2   3   4   5  6A  6B    7    8   9   10  11  12  13   14  15   16   17  18
                                     12Z  AVG MX 2MIN
DY MAX MIN AVG DEP HDD CDD  WTR  SNW DPTH SPD SPD DIR MIN PSBL S-S WX    SPD DR
================================================================================

 1  91  66  79   3   0  14 0.00  0.0    0  4.4 10 130   M    M   2        15 120
 2  90  73  82   7   0  17    T  0.0    0  9.2 18 100   M    M   6 1      23 100
 3  82  77  80   5   0  15 2.13  0.0    0  9.6 18  90   M    M   8 13     24 140
 4  89  71  80   5   0  15 0.00  0.0    0  8.5 17 100   M    M   5        23 100
 5  88  70  79   5   0  14 0.00  0.0    0  5.5 13  60   M    M   3        17  80
 6  87  66  77   3   0  12 0.00  0.0    0  4.2 13 120   M    M   2 1      16 130
 7  90  68  79   5   0  14    T  0.0    0  4.0 12  10   M    M   6 1      15 360
 8  93  71  82   8   0  17 0.00  0.0    0  3.0 14 130   M    M   4        16 120
 9  94  71  83  10   0  18 0.00  0.0    0  4.6 13 160   M    M   3 1      17 150
10  81  67  74   1   0   9 0.00  0.0    0  9.5 22 350   M    M   6 1      27 350
11  84  62  73   0   0   8 0.00  0.0    0  7.0 14 350   M    M   3        17 360
12  91  65  78   6   0  13 0.00  0.0    0  3.6  9 120   M    M   2        12 120
13  92  70  81   9   0  16 0.00  0.0    0  4.1 10 140   M    M   2 18     13 150
14  91  70  81   9   0  16 0.00  0.0    0  5.5 16 130   M    M   2 12     20 140
15  92  69  81   9   0  16 0.00  0.0    0  8.9 22 340   M    M   5 1      26 350
16  78  56  67  -5   0   2 0.00  0.0    0 11.1 23  10   M    M   2        30  40
17  79  51  65  -6   0   0 0.00  0.0    0  5.0 12  20   M    M   0        16  50
18  83  50  67  -4   0   2 0.00  0.0    0  4.1 10 140   M    M   1 1      13 130
19  85  60  73   2   0   8 0.00  0.0    0  6.2 14 130   M    M   7        18 130
20  80  67  74   4   0   9 0.02  0.0    0 10.2 22 130   M    M   8 13     27 110
21  87  69  78   8   0  13 0.04  0.0    0  8.2 21 140   M    M   6 123    23 140
22  76  60  68  -2   0   3 0.97  0.0    0  7.6 35  20   M    M   5 13     44  20
23  81  51  66  -4   0   1 0.00  0.0    0  1.8  9 350   M    M   0        11 330
24  77  56  67  -2   0   2 0.00  0.0    0 10.4 25 350   M    M   0        30 360
25  77  46  62  -7   3   0 0.00  0.0    0  4.6 14 330   M    M   0 8      17 280
26  83  49  66  -3   0   1 0.00  0.0    0  7.0 20 170   M    M   0        27 160
27  70  49  60  -8   5   0    T  0.0    0 11.7 24 340   M    M   6        33 340
28  62  41  52 -16  13   0 0.00  0.0    0 10.4 21 360   M    M   4        28  10
29  71  35  53 -15  12   0 0.00  0.0    0  3.2 12 220   M    M   0        14 220
30  80  44  62  -6   3   0 0.00  0.0    0  4.6 15 160   M    M   2        21 170
31  81  60  71   4   0   6 0.26  0.0    0  7.3 22 120   M    M   7 1      26 120
================================================================================
SM 2585 1880        36 261  3.42     0.0 205.0          M      107
================================================================================
AV 83.4 60.7                               6.6 FASTST   M    M   3    MAX(MPH)
                                 MISC ---->  # 35  20               # 44   20
================================================================================
NOTES:
# LAST OF SEVERAL OCCURRENCES

COLUMN 17 PEAK WIND IN M.P.H.

PRELIMINARY LOCAL CLIMATOLOGICAL DATA (WS FORM: F-6) , PAGE 2

                                          STATION:  HOUSTON INTERCONTINENTAL
                                          MONTH:    OCTOBER
                                          YEAR:     2017
                                          LATITUDE:   29 58 N
                                          LONGITUDE:  95 21 W

[TEMPERATURE DATA]      [PRECIPITATION DATA]       SYMBOLS USED IN COLUMN 16

AVERAGE MONTHLY: 72.0   TOTAL FOR MONTH:   3.42    1 = FOG OR MIST
DPTR FM NORMAL:   0.5   DPTR FM NORMAL:   -2.28    2 = FOG REDUCING VISIBILITY
HIGHEST:    94 ON  9    GRTST 24HR  2.13 ON  3- 3      TO 1/4 MILE OR LESS
LOWEST:     35 ON 29                               3 = THUNDER
                        SNOW, ICE PELLETS, HAIL    4 = ICE PELLETS
                        TOTAL MONTH:   0.0 INCH    5 = HAIL
                        GRTST 24HR     0.0         6 = FREEZING RAIN OR DRIZZLE
                        GRTST DEPTH:   0           7 = DUSTSTORM OR SANDSTORM:
                                                       VSBY 1/2 MILE OR LESS
                                                   8 = SMOKE OR HAZE
[NO. OF DAYS WITH]      [WEATHER - DAYS WITH]      9 = BLOWING SNOW
                                                   X = TORNADO
MAX 32 OR BELOW:   0    0.01 INCH OR MORE:   5
MAX 90 OR ABOVE:   9    0.10 INCH OR MORE:   3
MIN 32 OR BELOW:   0    0.50 INCH OR MORE:   2
MIN  0 OR BELOW:   0    1.00 INCH OR MORE:   1

[HDD (BASE 65) ]
TOTAL THIS MO.    36    CLEAR  (SCALE 0-3)  16
DPTR FM NORMAL     7    PTCLDY (SCALE 4-7)  15
TOTAL FM JUL 1    36    CLOUDY (SCALE 8-10)  0
DPTR FM NORMAL     6

[CDD (BASE 65) ]
TOTAL THIS MO.   261
DPTR FM NORMAL    32    [PRESSURE DATA]
TOTAL FM JAN 1  3364    HIGHEST SLP 30.31 ON 24
DPTR FM NORMAL   310    LOWEST  SLP 29.64 ON  8

[REMARKS]
#FINAL-10-17#
