000
CXUS54 KHGX 011416
CF6IAH
PRELIMINARY LOCAL CLIMATOLOGICAL DATA (WS FORM: F-6)

                                          STATION:   HOUSTON INTERCONTINENTAL
                                          MONTH:     JANUARY
                                          YEAR:      2014
                                          LATITUDE:   29 58 N
                                          LONGITUDE:  95 21 W

  TEMPERATURE IN F:       :PCPN:    SNOW:  WIND      :SUNSHINE: SKY     :PK WND
================================================================================
1   2   3   4   5  6A  6B    7    8   9   10  11  12  13   14  15   16   17  18
                                     12Z  AVG MX 2MIN
DY MAX MIN AVG DEP HDD CDD  WTR  SNW DPTH SPD SPD DIR MIN PSBL S-S WX    SPD DR
================================================================================

 1  65  46  56   3   9   0    T    M    0  3.5 13 150   M    M   9        15 180
 2  59  37  48  -5  17   0 0.01    M    0 13.5 29 350   M    M   7 1      36  10
 3  54  31  43 -10  22   0 0.00  0.0    0  5.3 13 150   M    M   2        16 100
 4  66  35  51  -2  14   0 0.00  0.0    0  9.1 20 160   M    M   6        25 160
 5  65  35  50  -3  15   0 0.05    M    0 14.6 30 310   M    M   8        36 320
 6  36  27  32 -21  33   0 0.00  0.0    0 13.0 25 360   M    M   7        33 350
 7  45  21  33 -20  32   0 0.00  0.0    0  7.2 16 130   M    M   5        18 140
 8  56  40  48  -5  17   0    T    M    0 14.7 30 140   M    M  10 8      38 140
 9  69  51  60   7   5   0 0.27  0.0    0  9.0 20 160   M    M  10 18     24 150
10  70  57  64  11   1   0    T  0.0    0  8.7 17 180   M    M   9 1      25 180
11  74  45  60   7   5   0 0.00  0.0    0  6.9 18 360   M    M   3 1      24  20
12  74  38  56   3   9   0    T    M    0  6.6 20 160   M    M   4        25 150
13  71  45  58   5   7   0 0.24    M    0  9.9 26 350   M    M   4 3      33 360
14  70  35  53   0  12   0 0.00  0.0    0  4.5 17  10   M    M   1        23  10
15  59  36  48  -5  17   0 0.00  0.0    0  9.0 21 310   M    M   0        29 320
16  70  33  52  -1  13   0 0.00  0.0    0  4.7 17 260   M    M   2        25 250
17  63  39  51  -2  14   0 0.00  0.0    0  6.4 18 350   M    M   2        23  10
18  69  32  51  -2  14   0 0.00  0.0    0  4.9 14 180   M    M   2        20 210
19  69  40  55   2  10   0 0.00  0.0    0  4.4 12 340   M    M   2 1      16 340
20  77  38  58   5   7   0 0.00  0.0    0  5.5 18 230   M    M   3 1      25 220
21  62  38  50  -3  15   0 0.00  0.0    0 12.5 29 360   M    M   1        35 360
22  69  29  49  -4  16   0 0.00  0.0    0  4.5 16 150   M    M   4        18 150
23  56  33  45  -8  20   0 0.30    M    0 13.0 26  30   M    M   9 1      33  30
24  36  28  32 -21  33   0 0.04    T    0  9.5 23  30   M    M   9 16     30  30
25  61  29  45  -8  20   0 0.00  0.0    0  4.7 13 230   M    M   5        18 240
26  71  45  58   4   7   0 0.00  0.0    0  6.8 17 210   M    M   5        24 200
27  61  49  55   1  10   0 0.00  0.0    0 11.4 22  10   M    M   8 1      30  20
28  49  30  40 -14  25   0 0.05    T    0 11.1 23  20   M    M   9 146    28  20
29  42  29  36 -18  29   0 0.00  0.0    0  4.9 12  10   M    M   6 8      15  20
30  58  22  40 -14  25   0 0.00  0.0    0  9.0 20 150   M    M   8        25 160
31  72  57  65  11   0   0 0.00  0.0    0 12.0 20 160   M    M   9        25 160
================================================================================
SM 1918 1150       473   0  0.96    T    260.8          M      169
================================================================================
AV 61.9 37.1                               8.4 FASTST   M    M   5    MAX(MPH)
                                 MISC ---->  # 30 310               # 38  140
================================================================================
NOTES:
# LAST OF SEVERAL OCCURRENCES

COLUMN 17 PEAK WIND IN M.P.H.

PRELIMINARY LOCAL CLIMATOLOGICAL DATA (WS FORM: F-6) , PAGE 2

                                          STATION:  HOUSTON INTERCONTINENTAL
                                          MONTH:    JANUARY
                                          YEAR:     2014
                                          LATITUDE:   29 58 N
                                          LONGITUDE:  95 21 W

[TEMPERATURE DATA]      [PRECIPITATION DATA]       SYMBOLS USED IN COLUMN 16

AVERAGE MONTHLY: 49.5   TOTAL FOR MONTH:   0.96    1 = FOG OR MIST
DPTR FM NORMAL:  -3.6   DPTR FM NORMAL:   -2.42    2 = FOG REDUCING VISIBILITY
HIGHEST:    77 ON 20    GRTST 24HR  0.34 ON 23-24      TO 1/4 MILE OR LESS
LOWEST:     21 ON  7                               3 = THUNDER
                        SNOW, ICE PELLETS, HAIL    4 = ICE PELLETS
                        TOTAL MONTH:    T          5 = HAIL
                        GRTST 24HR    T  ON 28-28  6 = FREEZING RAIN OR DRIZZLE
                        GRTST DEPTH:   0           7 = DUSTSTORM OR SANDSTORM:
                                                       VSBY 1/2 MILE OR LESS
                                                   8 = SMOKE OR HAZE
[NO. OF DAYS WITH]      [WEATHER - DAYS WITH]      9 = BLOWING SNOW
                                                   X = TORNADO
MAX 32 OR BELOW:   0    0.01 INCH OR MORE:   7
MAX 90 OR ABOVE:   0    0.10 INCH OR MORE:   3
MIN 32 OR BELOW:  10    0.50 INCH OR MORE:   0
MIN  0 OR BELOW:   0    1.00 INCH OR MORE:   0

[HDD (BASE 65) ]
TOTAL THIS MO.   473    CLEAR  (SCALE 0-3)   9
DPTR FM NORMAL    88    PTCLDY (SCALE 4-7)  14
TOTAL FM JUL 1  1165    CLOUDY (SCALE 8-10)  8
DPTR FM NORMAL   241

[CDD (BASE 65) ]
TOTAL THIS MO.     0
DPTR FM NORMAL   -15    [PRESSURE DATA]
TOTAL FM JAN 1     0    HIGHEST SLP 30.71 ON  6
DPTR FM NORMAL   -12    LOWEST  SLP 29.76 ON 26

[REMARKS]
#FINAL-01-14#
