000
CXUS54 KHGX 011415
CF6IAH
PRELIMINARY LOCAL CLIMATOLOGICAL DATA (WS FORM: F-6)

                                          STATION:   HOUSTON INTERCONTINENTAL
                                          MONTH:     APRIL
                                          YEAR:      2014
                                          LATITUDE:   29 58 N
                                          LONGITUDE:  95 21 W

  TEMPERATURE IN F:       :PCPN:    SNOW:  WIND      :SUNSHINE: SKY     :PK WND
================================================================================
1   2   3   4   5  6A  6B    7    8   9   10  11  12  13   14  15   16   17  18
                                     12Z  AVG MX 2MIN
DY MAX MIN AVG DEP HDD CDD  WTR  SNW DPTH SPD SPD DIR MIN PSBL S-S WX    SPD DR
================================================================================

 1  84  66  75   9   0  10    T  0.0    0 10.4 23 150   M    M   9        28 160
 2  82  71  77  11   0  12    T  0.0    0 13.9 25 160   M    M  10 1      35 150
 3  76  72  74   7   0   9    T  0.0    0 12.3 20 160   M    M  10 1      26 150
 4  75  59  67   0   0   2    T  0.0    0 12.7 30 340   M    M   6        36 340
 5  69  57  63  -4   2   0 0.00  0.0    0  9.6 20 110   M    M  10        24 110
 6  63  55  59  -8   6   0 0.04  0.0    0 10.3 18  70   M    M  10 1      22 320
 7  74  53  64  -4   1   0    T  0.0    0  8.2 16 340   M    M   7        21 340
 8  74  51  63  -5   2   0    T  0.0    0 12.0 29 330   M    M   3        39 340
 9  81  44  63  -5   2   0 0.00  0.0    0  3.8 18 150   M    M   0        22 140
10  83  60  72   4   0   7 0.00  0.0    0 11.3 22 160   M    M   3 8      29 150
11  82  64  73   5   0   8 0.00  0.0    0 10.3 22 150   M    M   7        30 180
12  83  67  75   6   0  10 0.00  0.0    0 13.1 24 140   M    M   8        30 150
13  78  69  74   5   0   9    T  0.0    0 12.2 22 160   M    M  10 1      28 150
14  77  46  62  -7   3   0 1.52    M    0 12.4 28 320   M    M   8 13     38 330
15  64  41  53 -16  12   0 0.00  0.0    0 10.2 24  40   M    M   0        32  30
16  66  41  54 -16  11   0 0.00  0.0    0  9.7 20 140   M    M   4        25 130
17  73  53  63  -7   2   0 0.00  0.0    0  9.0 20 100   M    M   8 3      22  50
18  79  58  69  -1   0   4 0.00  0.0    0  6.9 16  30   M    M   6        22  40
19  80  55  68  -2   0   3 0.00  0.0    0  5.0 15 150   M    M   5        18 120
20  80  58  69  -1   0   4 0.00  0.0    0  6.3 21 150   M    M   5 18     29 170
21  82  61  72   1   0   7 0.00  0.0    0  6.5 13 170   M    M   7 1      17 160
22  87  65  76   5   0  11 0.00  0.0    0  4.3 12  70   M    M   6        16  70
23  84  63  74   3   0   9 0.00  0.0    0  7.3 21 140   M    M   3 1      31 140
24  84  69  77   5   0  12 0.00  0.0    0  7.4 20 160   M    M   6        23 160
25  88  66  77   5   0  12 0.00  0.0    0  5.6 15 130   M    M   3 1      21  70
26  83  68  76   4   0  11 0.00  0.0    0 11.7 22 150   M    M   8 1      26 160
27  89  75  82  10   0  17    T  0.0    0 14.4 26 160   M    M   8 8      32 170
28  92  64  78   6   0  13 0.00  0.0    0  6.1 15 190   M    M   3        22 210
29  84  65  75   2   0  10 0.00  0.0    0 10.0 24 350   M    M   3 12     31 350
30  75  57  66  -7   0   1 0.00  0.0    0  9.0 23 340   M    M   3        30 320
================================================================================
SM 2371 1793        41 181  1.56     0.0 281.9          M      179
================================================================================
AV 79.0 59.8                               9.4 FASTST   M    M   6    MAX(MPH)
                                 MISC ---->  # 30 340               # 39  340
================================================================================
NOTES:
# LAST OF SEVERAL OCCURRENCES

COLUMN 17 PEAK WIND IN M.P.H.

PRELIMINARY LOCAL CLIMATOLOGICAL DATA (WS FORM: F-6) , PAGE 2

                                          STATION:  HOUSTON INTERCONTINENTAL
                                          MONTH:    APRIL
                                          YEAR:     2014
                                          LATITUDE:   29 58 N
                                          LONGITUDE:  95 21 W

[TEMPERATURE DATA]      [PRECIPITATION DATA]       SYMBOLS USED IN COLUMN 16

AVERAGE MONTHLY: 69.4   TOTAL FOR MONTH:   1.56    1 = FOG OR MIST
DPTR FM NORMAL:  -0.1   DPTR FM NORMAL:   -1.75    2 = FOG REDUCING VISIBILITY
HIGHEST:    92 ON 28    GRTST 24HR  1.52 ON 14-14      TO 1/4 MILE OR LESS
LOWEST:     41 ON 16,15                            3 = THUNDER
                        SNOW, ICE PELLETS, HAIL    4 = ICE PELLETS
                        TOTAL MONTH:   0.0 INCH    5 = HAIL
                        GRTST 24HR     0.0         6 = FREEZING RAIN OR DRIZZLE
                        GRTST DEPTH:   0           7 = DUSTSTORM OR SANDSTORM:
                                                       VSBY 1/2 MILE OR LESS
                                                   8 = SMOKE OR HAZE
[NO. OF DAYS WITH]      [WEATHER - DAYS WITH]      9 = BLOWING SNOW
                                                   X = TORNADO
MAX 32 OR BELOW:   0    0.01 INCH OR MORE:   2
MAX 90 OR ABOVE:   1    0.10 INCH OR MORE:   1
MIN 32 OR BELOW:   0    0.50 INCH OR MORE:   1
MIN  0 OR BELOW:   0    1.00 INCH OR MORE:   1

[HDD (BASE 65) ]
TOTAL THIS MO.    41    CLEAR  (SCALE 0-3)   7
DPTR FM NORMAL     4    PTCLDY (SCALE 4-7)  17
TOTAL FM JUL 1  1735    CLOUDY (SCALE 8-10)  6
DPTR FM NORMAL   369

[CDD (BASE 65) ]
TOTAL THIS MO.   181
DPTR FM NORMAL     9    [PRESSURE DATA]
TOTAL FM JAN 1   247    HIGHEST SLP 30.31 ON 15
DPTR FM NORMAL   -34    LOWEST  SLP 29.53 ON 27

[REMARKS]
#FINAL-04-14#
