000
CXUS54 KHGX 011415
CF6IAH
PRELIMINARY LOCAL CLIMATOLOGICAL DATA (WS FORM: F-6)

                                          STATION:   HOUSTON INTERCONTINENTAL
                                          MONTH:     OCTOBER
                                          YEAR:      2016
                                          LATITUDE:   29 58 N
                                          LONGITUDE:  95 21 W

  TEMPERATURE IN F:       :PCPN:    SNOW:  WIND      :SUNSHINE: SKY     :PK WND
================================================================================
1   2   3   4   5  6A  6B    7    8   9   10  11  12  13   14  15   16   17  18
                                     12Z  AVG MX 2MIN
DY MAX MIN AVG DEP HDD CDD  WTR  SNW DPTH SPD SPD DIR MIN PSBL S-S WX    SPD DR
================================================================================

 1  82  60  71  -5   0   6    T  0.0    0  3.1 10  30   M    M   7        12  30
 2  86  65  76   1   0  11 0.00  0.0    0  4.4 12 110   M    M   4        17  90
 3  87  62  75   0   0  10 0.00  0.0    0  5.8 15  60   M    M   2        18  70
 4  90  66  78   3   0  13 0.00  0.0    0  8.1 20 120   M    M   2        23 120
 5  91  73  82   8   0  17    T  0.0    0  7.6 17 110   M    M   5         M  M
 6  90  72  81   7   0  16 0.01  0.0    0  7.9 16 150   M    M   5        22 130
 7  91  70  81   7   0  16 0.00  0.0    0  7.8 20  30   M    M   3 1      25  10
 8  89  67  78   4   0  13 0.00  0.0    0  9.0 18  30   M    M   4        25  30
 9  82  59  71  -2   0   6 0.00  0.0    0  7.8 15  30   M    M   5        22  20
10  85  53  69  -4   0   4 0.00  0.0    0  3.4 13 120   M    M   2        17 110
11  86  65  76   3   0  11 0.11  0.0    0  8.1 23 150   M    M   7 1      28 150
12  89  69  79   7   0  14 0.00  0.0    0  7.7 18 140   M    M   4        23 140
13  90  70  80   8   0  15 0.00  0.0    0  4.5 16 130   M    M   6 1      19 140
14  87  69  78   6   0  13 0.02  0.0    0  5.8 15 150   M    M   6        17 150
15  90  68  79   7   0  14 0.00  0.0    0  6.8 17 140   M    M   3 1      23 130
16  91  69  80   8   0  15 0.00  0.0    0  6.0 14 110   M    M   3 1       M  M
17  91  70  81  10   0  16 0.00  0.0    0  6.9 16 160   M    M   3 1      21 160
18  93  70  82  11   0  17 0.00  0.0    0  6.3 16 150   M    M   3 1      21 210
19  89  72  81  10   0  16    T  0.0    0  6.5 21 140   M    M   7 13     24 140
20  88  66  77   7   0  12    T  0.0    0  8.0 24 340   M    M   7 1      28 350
21  76  51  64  -6   1   0 0.00  0.0    0  8.9 18  30   M    M   2        27  50
22  77  48  63  -7   2   0 0.00  0.0    0  4.7 13  90   M    M   1        15 100
23  80  51  66  -4   0   1 0.00  0.0    0  5.8 17 140   M    M   7        21 140
24  85  58  72   3   0   7 0.00  0.0    0  5.1 13 130   M    M   5        15 130
25  84  59  72   3   0   7 0.00  0.0    0  5.5 13 130   M    M   5 1      18 120
26  85  60  73   4   0   8 0.00  0.0    0  3.8 13 130   M    M   2 18     16 130
27  85  60  73   5   0   8 0.00  0.0    0  4.0 14 110   M    M   1 1      17  90
28  87  61  74   6   0   9 0.00  0.0    0  4.7 22 140   M    M   1 1      26 140
29  87  63  75   7   0  10 0.00  0.0    0  6.3 16 130   M    M   3 1      22 140
30  87  60  74   6   0   9 0.00  0.0    0  3.9 10 130   M    M   3 12     13 140
31  85  57  71   4   0   6 0.00  0.0    0  7.1 16 130   M    M   4 12     24 140
================================================================================
SM 2685 1963         3 320  0.14     0.0 191.3          M      122
================================================================================
AV 86.6 63.3                               6.2 FASTST   M    M   4    MAX(MPH)
                                 MISC ---->  # 24 340               # 28  150
================================================================================
NOTES:
# LAST OF SEVERAL OCCURRENCES

COLUMN 17 PEAK WIND IN M.P.H.

PRELIMINARY LOCAL CLIMATOLOGICAL DATA (WS FORM: F-6) , PAGE 2

                                          STATION:  HOUSTON INTERCONTINENTAL
                                          MONTH:    OCTOBER
                                          YEAR:     2016
                                          LATITUDE:   29 58 N
                                          LONGITUDE:  95 21 W

[TEMPERATURE DATA]      [PRECIPITATION DATA]       SYMBOLS USED IN COLUMN 16

AVERAGE MONTHLY: 75.0   TOTAL FOR MONTH:   0.14    1 = FOG OR MIST
DPTR FM NORMAL:   3.5   DPTR FM NORMAL:   -5.56    2 = FOG REDUCING VISIBILITY
HIGHEST:    93 ON 18    GRTST 24HR  0.11 ON 11-11      TO 1/4 MILE OR LESS
LOWEST:     48 ON 22                               3 = THUNDER
                        SNOW, ICE PELLETS, HAIL    4 = ICE PELLETS
                        TOTAL MONTH:   0.0 INCH    5 = HAIL
                        GRTST 24HR     0.0         6 = FREEZING RAIN OR DRIZZLE
                        GRTST DEPTH:   0           7 = DUSTSTORM OR SANDSTORM:
                                                       VSBY 1/2 MILE OR LESS
                                                   8 = SMOKE OR HAZE
[NO. OF DAYS WITH]      [WEATHER - DAYS WITH]      9 = BLOWING SNOW
                                                   X = TORNADO
MAX 32 OR BELOW:   0    0.01 INCH OR MORE:   3
MAX 90 OR ABOVE:   9    0.10 INCH OR MORE:   1
MIN 32 OR BELOW:   0    0.50 INCH OR MORE:   0
MIN  0 OR BELOW:   0    1.00 INCH OR MORE:   0

[HDD (BASE 65) ]
TOTAL THIS MO.     3    CLEAR  (SCALE 0-3)  14
DPTR FM NORMAL   -26    PTCLDY (SCALE 4-7)  17
TOTAL FM JUL 1     3    CLOUDY (SCALE 8-10)  0
DPTR FM NORMAL   -27

[CDD (BASE 65) ]
TOTAL THIS MO.   320
DPTR FM NORMAL    91    [PRESSURE DATA]
TOTAL FM JAN 1  3264    HIGHEST SLP 30.28 ON 24
DPTR FM NORMAL   210    LOWEST  SLP 29.77 ON  4

[REMARKS]
#FINAL-10-16#
