000
CXUS54 KHGX 311415
CF6IAH
PRELIMINARY LOCAL CLIMATOLOGICAL DATA (WS FORM: F-6)

                                          STATION:   HOUSTON INTERCONTINENTAL
                                          MONTH:     DECEMBER
                                          YEAR:      2013
                                          LATITUDE:   29 58 N
                                          LONGITUDE:  95 21 W

  TEMPERATURE IN F:       :PCPN:    SNOW:  WIND      :SUNSHINE: SKY     :PK WND
================================================================================
1   2   3   4   5  6A  6B    7    8   9   10  11  12  13   14  15   16   17  18
                                     12Z  AVG MX 2MIN
DY MAX MIN AVG DEP HDD CDD  WTR  SNW DPTH SPD SPD DIR MIN PSBL S-S WX    SPD DR
================================================================================

 1  70  48  59   2   6   0 0.00  0.0    0  5.2 12 150   M    M   7 1      14 150
 2  77  61  69  12   0   4 0.00  0.0    0  6.7 15 260   M    M   4        22 210
 3  80  62  71  14   0   6 0.00  0.0    0  8.5 15 210   M    M   5        22 230
 4  81  70  76  20   0  11 0.00  0.0    0  8.1 15 210   M    M   9        22 230
 5  76  38  57   1   8   0    T    M    0 11.4 22 340   M    M  10 18     26 340
 6  43  35  39 -17  26   0 0.01    M    0 14.7 23 350   M    M  10        29  10
 7  38  34  36 -20  29   0    T    M    0  9.7 18 360   M    M  10        24  10
 8  47  37  42 -14  23   0    T    M    0  5.0 10 340   M    M  10 1      13 330
 9  47  40  44 -11  21   0 0.07    M    0 10.0 21 350   M    M  10 1      25 350
10  50  32  41 -14  24   0 0.00  0.0    0  8.4 26 360   M    M   5        32 340
11  53  34  44 -11  21   0 0.00  0.0    0  4.8 10 360   M    M   8        14 350
12  56  36  46  -9  19   0 0.00  0.0    0  5.1 12  40   M    M   4        15  40
13  55  40  48  -7  17   0 0.06    M    0  5.0 12 290   M    M   8 1      16 130
14  58  39  49  -5  16   0 0.00  0.0    0 11.6 25 350   M    M   8 12     32 360
15  58  32  45  -9  20   0 0.00  0.0    0  5.1 14 340   M    M   2        18 340
16  63  30  47  -7  18   0 0.00  0.0    0  1.7  7 180   M    M   0        13 150
17  70  35  53  -1  12   0 0.00  0.0    0  1.3  9 260   M    M   1        12 260
18  70  37  54   0  11   0 0.00  0.0    0  5.1 17 150   M    M   2 18     21 150
19  75  46  61   7   4   0 0.03    M    0  7.6 18 170   M    M   7        23 160
20  77  68  73  19   0   8    T  0.0    0 11.4 20 160   M    M   9 1      30 150
21  75  53  64  10   1   0 1.48  0.0    0  7.6 26 290   M    M   8 13     39 280
22  60  37  49  -4  16   0 0.01    M    0  9.4 24 340   M    M   5        29 330
23  54  32  43 -10  22   0 0.00  0.0    0  8.3 17  10   M    M   1        22  30
24  56  31  44  -9  21   0 0.00  0.0    0  3.5  9  90   M    M   2        15 110
25  58  35  47  -6  18   0    T    M    0  5.0 14 130   M    M   8        17 130
26  62  47  55   2  10   0 0.00  0.0    0  3.8  8 110   M    M   8        13  90
27  58  47  53   0  12   0 0.00  0.0    0  5.1 12  90   M    M  10        18 110
28  60  41  51  -2  14   0 0.00  0.0    0  1.7  7  30   M    M   7         9 310
29  67  37  52  -1  13   0 0.00  0.0    0  2.3 16 330   M    M   5        18 340
30  50  40  45  -8  20   0 0.00  0.0    0  9.1 17 340   M    M  10        22 330
================================================================================
SM 1844 1254       422  29  1.66     0.0 202.2          M      193
================================================================================
AV 61.5 41.8                               6.7 FASTST   M    M   6    MAX(MPH)
                                 MISC ---->  # 26 360               # 39  280
================================================================================
NOTES:
# LAST OF SEVERAL OCCURRENCES

COLUMN 17 PEAK WIND IN M.P.H.

PRELIMINARY LOCAL CLIMATOLOGICAL DATA (WS FORM: F-6) , PAGE 2

                                          STATION:  HOUSTON INTERCONTINENTAL
                                          MONTH:    DECEMBER
                                          YEAR:     2013
                                          LATITUDE:   29 58 N
                                          LONGITUDE:  95 21 W

[TEMPERATURE DATA]      [PRECIPITATION DATA]       SYMBOLS USED IN COLUMN 16

AVERAGE MONTHLY: 51.6   TOTAL FOR MONTH:   1.66    1 = FOG OR MIST
DPTR FM NORMAL:  -2.9   DPTR FM NORMAL:   -1.98    2 = FOG REDUCING VISIBILITY
HIGHEST:    81 ON  4    GRTST 24HR  1.49 ON 21-22      TO 1/4 MILE OR LESS
LOWEST:     30 ON 16                               3 = THUNDER
                        SNOW, ICE PELLETS, HAIL    4 = ICE PELLETS
                        TOTAL MONTH:   0.0 INCH    5 = HAIL
                        GRTST 24HR     0.0         6 = FREEZING RAIN OR DRIZZLE
                        GRTST DEPTH:   0           7 = DUSTSTORM OR SANDSTORM:
                                                       VSBY 1/2 MILE OR LESS
                                                   8 = SMOKE OR HAZE
[NO. OF DAYS WITH]      [WEATHER - DAYS WITH]      9 = BLOWING SNOW
                                                   X = TORNADO
MAX 32 OR BELOW:   0    0.01 INCH OR MORE:   6
MAX 90 OR ABOVE:   0    0.10 INCH OR MORE:   1
MIN 32 OR BELOW:   5    0.50 INCH OR MORE:   1
MIN  0 OR BELOW:   0    1.00 INCH OR MORE:   1

[HDD (BASE 65) ]
TOTAL THIS MO.   422    CLEAR  (SCALE 0-3)   6
DPTR FM NORMAL    80    PTCLDY (SCALE 4-7)  11
TOTAL FM JUL 1   671    CLOUDY (SCALE 8-10) 13
DPTR FM NORMAL   144

[CDD (BASE 65) ]
TOTAL THIS MO.    29
DPTR FM NORMAL    -1    [PRESSURE DATA]
TOTAL FM JAN 1  3204    HIGHEST SLP M ON M
DPTR FM NORMAL    46    LOWEST  SLP 29.58 ON 21

[REMARKS]
