572
CXUS54 KHGX 011415
CF6IAH
PRELIMINARY LOCAL CLIMATOLOGICAL DATA (WS FORM: F-6)

                                          STATION:   HOUSTON INTERCONTINENTAL
                                          MONTH:     JUNE
                                          YEAR:      2016
                                          LATITUDE:   29 58 N
                                          LONGITUDE:  95 21 W

  TEMPERATURE IN F:       :PCPN:    SNOW:  WIND      :SUNSHINE: SKY     :PK WND
================================================================================
1   2   3   4   5  6A  6B    7    8   9   10  11  12  13   14  15   16   17  18
                                     12Z  AVG MX 2MIN
DY MAX MIN AVG DEP HDD CDD  WTR  SNW DPTH SPD SPD DIR MIN PSBL S-S WX    SPD DR
================================================================================

 1  85  68  77  -3   0  12 3.94  0.0    0  7.8 23 360   M    M   8 13     29  10
 2  77  67  72  -9   0   7 3.57  0.0    0  6.9 26 130   M    M   9 13     31 140
 3  80  68  74  -7   0   9 1.89  0.0    0  4.8 18 220   M    M   9 13     30 220
 4  76  68  72  -9   0   7 0.88  0.0    0  6.4 20  50   M    M   9 123    25  40
 5  84  68  76  -5   0  11 0.44  0.0    0  6.4 17  40   M    M   7 13     23 100
 6  87  70  79  -2   0  14 0.00  0.0    0  4.5 10  20   M    M   7 1      15 100
 7  89  71  80  -1   0  15 0.00  0.0    0  4.7 12  60   M    M   4        16  40
 8  89  71  80  -2   0  15 0.00  0.0    0  4.9 15 110   M    M   4        18  90
 9  90  72  81  -1   0  16 0.00  0.0    0  6.5 18 110   M    M   4        22 140
10  91  71  81  -1   0  16    T  0.0    0  5.8 15  50   M    M   5 3      20 110
11  93  75  84   2   0  19    T  0.0    0  5.9 15 150   M    M   6 13     20  60
12  87  74  81  -1   0  16 2.11  0.0    0  5.8 17  90   M    M   8 123    25 190
13  93  74  84   2   0  19 0.00  0.0    0  5.7 16  40   M    M   8 1      21  30
14  94  79  87   5   0  22 0.00  0.0    0  6.1 16 160   M    M   6        22 160
15  96  78  87   5   0  22 0.00  0.0    0  6.9 14 170   M    M   4        21 200
16  97  79  88   5   0  23 0.00  0.0    0  6.5 15 150   M    M   4        17 160
17  96  79  88   5   0  23 0.00  0.0    0  5.2 14 140   M    M   3        18 120
18  97  75  86   3   0  21 0.00  0.0    0  5.8 25  40   M    M   5 3      30  40
19  92  73  83   0   0  18    T  0.0    0  5.4 16 140   M    M   6        20 130
20  94  76  85   2   0  20    T  0.0    0  4.0 20 100   M    M   5 3      24 110
21  93  75  84   1   0  19 0.00  0.0    0  4.2 21 130   M    M   5        26 140
22  93  75  84   1   0  19 0.02  0.0    0  7.3 20 150   M    M   5 1      24 150
23  93  74  84   1   0  19 0.00  0.0    0  6.0 17 160   M    M   6        22 150
24  93  73  83   0   0  18    T  0.0    0  5.3 20 110   M    M   5 3      23 100
25  93  75  84   1   0  19 0.06  0.0    0  4.0 18 130   M    M   6 38     23 180
26  93  76  85   1   0  20 0.00  0.0    0  3.1 13 150   M    M   7 3      17 140
27  96  76  86   2   0  21 0.00  0.0    0  2.1 14  30   M    M   6 3      17  30
28  97  74  86   2   0  21 0.21  0.0    0  4.7 21  40   M    M   7 13     28  10
29  94  73  84   0   0  19    T  0.0    0  5.1 15  30   M    M   5 18     18  40
30  94  75  85   1   0  20 0.00  0.0    0  6.1 15 110   M    M   4        20  50
================================================================================
SM 2726 2202         0 520 13.12     0.0 163.9          M      177
================================================================================
AV 90.9 73.4                               5.5 FASTST   M    M   6    MAX(MPH)
                                 MISC ---->  # 26 130               # 31  140
================================================================================
NOTES:
# LAST OF SEVERAL OCCURRENCES

COLUMN 17 PEAK WIND IN M.P.H.

PRELIMINARY LOCAL CLIMATOLOGICAL DATA (WS FORM: F-6) , PAGE 2

                                          STATION:  HOUSTON INTERCONTINENTAL
                                          MONTH:    JUNE
                                          YEAR:     2016
                                          LATITUDE:   29 58 N
                                          LONGITUDE:  95 21 W

[TEMPERATURE DATA]      [PRECIPITATION DATA]       SYMBOLS USED IN COLUMN 16

AVERAGE MONTHLY: 82.1   TOTAL FOR MONTH:  13.12    1 = FOG OR MIST
DPTR FM NORMAL:  -0.3   DPTR FM NORMAL:    7.19    2 = FOG REDUCING VISIBILITY
HIGHEST:    97 ON 28,18 GRTST 24HR  6.28 ON  1- 2      TO 1/4 MILE OR LESS
LOWEST:     67 ON  2                               3 = THUNDER
                        SNOW, ICE PELLETS, HAIL    4 = ICE PELLETS
                        TOTAL MONTH:   0.0 INCH    5 = HAIL
                        GRTST 24HR     0.0         6 = FREEZING RAIN OR DRIZZLE
                        GRTST DEPTH:   0           7 = DUSTSTORM OR SANDSTORM:
                                                       VSBY 1/2 MILE OR LESS
                                                   8 = SMOKE OR HAZE
[NO. OF DAYS WITH]      [WEATHER - DAYS WITH]      9 = BLOWING SNOW
                                                   X = TORNADO
MAX 32 OR BELOW:   0    0.01 INCH OR MORE:   9
MAX 90 OR ABOVE:  21    0.10 INCH OR MORE:   7
MIN 32 OR BELOW:   0    0.50 INCH OR MORE:   5
MIN  0 OR BELOW:   0    1.00 INCH OR MORE:   4

[HDD (BASE 65) ]
TOTAL THIS MO.     0    CLEAR  (SCALE 0-3)   1
DPTR FM NORMAL     0    PTCLDY (SCALE 4-7)  25
TOTAL FM JUL 1  1017    CLOUDY (SCALE 8-10)  4
DPTR FM NORMAL  -350

[CDD (BASE 65) ]
TOTAL THIS MO.   520
DPTR FM NORMAL     0    [PRESSURE DATA]
TOTAL FM JAN 1  1101    HIGHEST SLP 30.21 ON 20
DPTR FM NORMAL   -71    LOWEST  SLP 29.76 ON  6

[REMARKS]
#FINAL-06-16#
