000
CXUS54 KHGX 011415
CF6IAH
PRELIMINARY LOCAL CLIMATOLOGICAL DATA (WS FORM: F-6)

                                          STATION:   HOUSTON INTERCONTINENTAL
                                          MONTH:     SEPTEMBER
                                          YEAR:      2013
                                          LATITUDE:   29 58 N
                                          LONGITUDE:  95 21 W

  TEMPERATURE IN F:       :PCPN:    SNOW:  WIND      :SUNSHINE: SKY     :PK WND
================================================================================
1   2   3   4   5  6A  6B    7    8   9   10  11  12  13   14  15   16   17  18
                                     12Z  AVG MX 2MIN
DY MAX MIN AVG DEP HDD CDD  WTR  SNW DPTH SPD SPD DIR MIN PSBL S-S WX    SPD DR
================================================================================

 1  96  73  85   2   0  20 0.00  0.0    0  5.5 21 150   M    M   4        24 140
 2  99  76  88   5   0  23 0.00  0.0    0  5.0 24 160   M    M   4        28 150
 3 100  78  89   6   0  24    T  0.0    0  3.7 15 110   M    M   5        17 110
 4  97  77  87   4   0  22 0.00  0.0    0  5.1 18  40   M    M   5        21  40
 5  98  75  87   5   0  22 0.40  0.0    0  4.4 23 100   M    M   5 13     29  90
 6  93  76  85   3   0  20 0.00  0.0    0  5.6 22 140   M    M   6        28 140
 7  88  74  81  -1   0  16    T  0.0    0  5.3 21 110   M    M   6 3      26 110
 8  90  73  82   0   0  17    T  0.0    0  6.1 17 100   M    M   5        23 100
 9  92  74  83   1   0  18 0.00  0.0    0  8.2 22 130   M    M   5 3      35 140
10  90  74  82   1   0  17 0.09  0.0    0  8.4 24 130   M    M   5 3      30 130
11  92  72  82   1   0  17 0.00  0.0    0  7.4 16 120   M    M   5        20 100
12  94  74  84   3   0  19 0.00  0.0    0  6.7 17 120   M    M   4        22 120
13  96  73  85   5   0  20 0.00  0.0    0  5.0 15 150   M    M   3        18 120
14  94  74  84   4   0  19 0.00  0.0    0  6.4 20 150   M    M   5        23 150
15  91  74  83   3   0  18 0.07  0.0    0  8.6 25 140   M    M   6        30 140
16  93  73  83   3   0  18 0.00  0.0    0  7.6 17 150   M    M   7        22 120
17  95  76  86   6   0  21 0.00  0.0    0  6.8 20 140   M    M   7        23 130
18  93  74  84   5   0  19    T  0.0    0  8.6 21 140   M    M   6        24 140
19  93  75  84   5   0  19 0.01  0.0    0  9.3 24 160   M    M   6        30 160
20  84  73  79   0   0  14 3.47  0.0    0  6.1 18 170   M    M   8 13     26 180
21  82  70  76  -2   0  11 0.02  0.0    0 10.5 21  40   M    M   8        26 360
22  86  63  75  -3   0  10 0.00  0.0    0  9.3 18  40   M    M   4        23  40
23  89  71  80   2   0  15 0.00  0.0    0  7.4 13 110   M    M   7        18 100
24  95  71  83   5   0  18    T  0.0    0  6.1 18 360   M    M   3        21  10
25  95  66  81   4   0  16 0.00  0.0    0  3.0  9 130   M    M   1        14  40
26  92  68  80   3   0  15 0.00  0.0    0  5.5 16 120   M    M   1        21 140
27  88  70  79   2   0  14    T  0.0    0  9.2 21 140   M    M   6        26 140
28  87  74  81   5   0  16 0.35  0.0    0  8.4 20 130   M    M   6 13     23 150
29  83  74  79   3   0  14 0.18  0.0    0  5.0 14 180   M    M   8 13     21 190
30  88  74  81   5   0  16 0.50  0.0    0  3.9 17 150   M    M   8 13     20 150
================================================================================
SM 2753 2189         0 528  5.09     0.0 198.1          M      159
================================================================================
AV 91.8 73.0                               6.6 FASTST   M    M   5    MAX(MPH)
                                 MISC ---->  # 25 140               # 35  140
================================================================================
NOTES:
# LAST OF SEVERAL OCCURRENCES

COLUMN 17 PEAK WIND IN M.P.H.

PRELIMINARY LOCAL CLIMATOLOGICAL DATA (WS FORM: F-6) , PAGE 2

                                          STATION:  HOUSTON INTERCONTINENTAL
                                          MONTH:    SEPTEMBER
                                          YEAR:     2013
                                          LATITUDE:   29 58 N
                                          LONGITUDE:  95 21 W

[TEMPERATURE DATA]      [PRECIPITATION DATA]       SYMBOLS USED IN COLUMN 16

AVERAGE MONTHLY: 82.4   TOTAL FOR MONTH:   5.09    1 = FOG OR MIST
DPTR FM NORMAL:   2.6   DPTR FM NORMAL:    0.97    2 = FOG REDUCING VISIBILITY
HIGHEST:   100 ON  3    GRTST 24HR  3.47 ON 20-20      TO 1/4 MILE OR LESS
LOWEST:     63 ON 22                               3 = THUNDER
                        SNOW, ICE PELLETS, HAIL    4 = ICE PELLETS
                        TOTAL MONTH:   0.0 INCH    5 = HAIL
                        GRTST 24HR     0.0         6 = FREEZING RAIN OR DRIZZLE
                        GRTST DEPTH:   0           7 = DUSTSTORM OR SANDSTORM:
                                                       VSBY 1/2 MILE OR LESS
                                                   8 = SMOKE OR HAZE
[NO. OF DAYS WITH]      [WEATHER - DAYS WITH]      9 = BLOWING SNOW
                                                   X = TORNADO
MAX 32 OR BELOW:   0    0.01 INCH OR MORE:   9
MAX 90 OR ABOVE:  21    0.10 INCH OR MORE:   5
MIN 32 OR BELOW:   0    0.50 INCH OR MORE:   2
MIN  0 OR BELOW:   0    1.00 INCH OR MORE:   1

[HDD (BASE 65) ]
TOTAL THIS MO.     0    CLEAR  (SCALE 0-3)   3
DPTR FM NORMAL    -1    PTCLDY (SCALE 4-7)  26
TOTAL FM JUL 1     0    CLOUDY (SCALE 8-10)  1
DPTR FM NORMAL    -1

[CDD (BASE 65) ]
TOTAL THIS MO.   528
DPTR FM NORMAL    85    [PRESSURE DATA]
TOTAL FM JAN 1  2921    HIGHEST SLP 30.10 ON 11
DPTR FM NORMAL    96    LOWEST  SLP 29.73 ON 23

[REMARKS]
#FINAL-09-13#
