000
CXUS54 KHGX 011426
CF6IAH
PRELIMINARY LOCAL CLIMATOLOGICAL DATA (WS FORM: F-6)

                                          STATION:   HOUSTON INTERCONTINENTAL
                                          MONTH:     DECEMBER
                                          YEAR:      2015
                                          LATITUDE:   29 58 N
                                          LONGITUDE:  95 21 W

  TEMPERATURE IN F:       :PCPN:    SNOW:  WIND      :SUNSHINE: SKY     :PK WND
================================================================================
1   2   3   4   5  6A  6B    7    8   9   10  11  12  13   14  15   16   17  18
                                     12Z  AVG MX 2MIN
DY MAX MIN AVG DEP HDD CDD  WTR  SNW DPTH SPD SPD DIR MIN PSBL S-S WX    SPD DR
================================================================================

 1  57  50  54  -3  11   0 0.02  0.0    0  6.6 12 350   M    M  10 1      15  20
 2  61  46  54  -3  11   0 0.00  0.0    0  5.2 14 340   M    M   7        23 270
 3  62  40  51  -6  14   0 0.00  0.0    0  5.9 15  60   M    M   0        17  50
 4  61  38  50  -6  15   0 0.00  0.0    0  3.6  9  40   M    M   0        14  90
 5  66  37  52  -4  13   0 0.00  0.0    0  0.9  6 350   M    M   5        23  90
 6  70  39  55  -1  10   0 0.00  0.0    0  2.2  9 340   M    M   2 1      23 220
 7  70  45  58   2   7   0 0.00  0.0    0  1.1  6 200   M    M   1 1      14  50
 8  72  42  57   1   8   0 0.00  0.0    0  3.7 13 180   M    M   2 18     18 220
 9  75  49  62   7   3   0 0.00  0.0    0  3.5 14 240   M    M   5 128    18 260
10  78  51  65  10   0   0 0.00  0.0    0  7.1 17 200   M    M   7 1      28 180
11  81  71  76  21   0  11 0.00  0.0    0 10.0 20 160   M    M   8        26 170
12  77  71  74  19   0   9 0.04  0.0    0 16.9 28 150   M    M   9 1      37 150
13  74  49  62   7   3   0 2.10    M    0 11.4 28 170   M    M   8 1      48 160
14  72  49  61   7   4   0 0.00  0.0    0  5.2 10 200   M    M   0 18     18 230
15  77  48  63   9   2   0 0.02  0.0    0  7.5 18 140   M    M   5 1      22 130
16  70  50  60   6   5   0 1.30  0.0    M  8.3 16  10   M    M   5 13     22  30
17  63  42  53  -1  12   0 0.00  0.0    0  4.8 13  40   M    M   2 8      18 280
18  61  40  51  -3  14   0 0.00  0.0    0  5.7 15 340   M    M   2        20 340
19  63  38  51  -3  14   0 0.00  0.0    0  6.8 15 150   M    M   3        20 150
20  69  46  58   4   7   0 0.00  0.0    0  8.6 25 140   M    M   9 1      29 140
21  74  61  68  14   0   3 0.30  0.0    0  3.5 16 160   M    M  10 13     20 160
22  72  55  64  11   1   0 0.01  0.0    0  5.7 18 160   M    M   9 128    23 150
23  81  58  70  17   0   5    T  0.0    0  6.9 17 230   M    M   7 8      25 220
24  79  56  68  15   0   3 0.00  0.0    0  5.2 14 130   M    M   9 128    17 180
25  83  73  78  25   0  13 0.01  0.0    0  8.3 17 160   M    M   9 1      24 170
26  80  73  77  24   0  12 0.06  0.0    0 15.8 28 150   M    M  10 1      35 160
27  78  46  62   9   3   0 1.33    M    0 17.8 37 160   M    M   7 13     46 160
28  51  40  46  -7  19   0 0.01    M    0 11.8 23 270   M    M   7        30 250
29  52  41  47  -6  18   0    T    M    0  5.6 13  10   M    M   9        17  10
30  57  48  53   0  12   0 0.01  0.0    0  8.1 16 360   M    M   9        20  20
31  55  47  51  -2  14   0    T  0.0    0 11.6 17  20   M    M   9        21  30
================================================================================
SM 2141 1539       220  56  5.21     0.0 225.3          M      185
================================================================================
AV 69.1 49.6                               7.3 FASTST   M    M   6    MAX(MPH)
                                 MISC ---->  # 37 160               # 48  160
================================================================================
NOTES:
# LAST OF SEVERAL OCCURRENCES

COLUMN 17 PEAK WIND IN M.P.H.

PRELIMINARY LOCAL CLIMATOLOGICAL DATA (WS FORM: F-6) , PAGE 2

                                          STATION:  HOUSTON INTERCONTINENTAL
                                          MONTH:    DECEMBER
                                          YEAR:     2015
                                          LATITUDE:   29 58 N
                                          LONGITUDE:  95 21 W

[TEMPERATURE DATA]      [PRECIPITATION DATA]       SYMBOLS USED IN COLUMN 16

AVERAGE MONTHLY: 59.4   TOTAL FOR MONTH:   5.21    1 = FOG OR MIST
DPTR FM NORMAL:   5.0   DPTR FM NORMAL:    1.47    2 = FOG REDUCING VISIBILITY
HIGHEST:    83 ON 25    GRTST 24HR  2.14 ON 12-13      TO 1/4 MILE OR LESS
LOWEST:     37 ON  5                               3 = THUNDER
                        SNOW, ICE PELLETS, HAIL    4 = ICE PELLETS
                        TOTAL MONTH:   0.0 INCH    5 = HAIL
                        GRTST 24HR     0.0         6 = FREEZING RAIN OR DRIZZLE
                        GRTST DEPTH:   0           7 = DUSTSTORM OR SANDSTORM:
                                                       VSBY 1/2 MILE OR LESS
                                                   8 = SMOKE OR HAZE
[NO. OF DAYS WITH]      [WEATHER - DAYS WITH]      9 = BLOWING SNOW
                                                   X = TORNADO
MAX 32 OR BELOW:   0    0.01 INCH OR MORE:  12
MAX 90 OR ABOVE:   0    0.10 INCH OR MORE:   4
MIN 32 OR BELOW:   0    0.50 INCH OR MORE:   3
MIN  0 OR BELOW:   0    1.00 INCH OR MORE:   3

[HDD (BASE 65) ]
TOTAL THIS MO.   220    CLEAR  (SCALE 0-3)   8
DPTR FM NORMAL  -134    PTCLDY (SCALE 4-7)  12
TOTAL FM JUL 1   333    CLOUDY (SCALE 8-10) 11
DPTR FM NORMAL  -206

[CDD (BASE 65) ]
TOTAL THIS MO.    56
DPTR FM NORMAL    29    [PRESSURE DATA]
TOTAL FM JAN 1  3346    HIGHEST SLP 30.52 ON 19
DPTR FM NORMAL   191    LOWEST  SLP 29.48 ON 27

[REMARKS]
#FINAL-12-15#
