000
CXUS54 KHGX 011500
CF6IAH
PRELIMINARY LOCAL CLIMATOLOGICAL DATA (WS FORM: F-6)

                                          STATION:   HOUSTON INTERCONTINENTAL
                                          MONTH:     FEBRUARY
                                          YEAR:      2014
                                          LATITUDE:   29 58 N
                                          LONGITUDE:  95 21 W

  TEMPERATURE IN F:       :PCPN:    SNOW:  WIND      :SUNSHINE: SKY     :PK WND
================================================================================
1   2   3   4   5  6A  6B    7    8   9   10  11  12  13   14  15   16   17  18
                                     12Z  AVG MX 2MIN
DY MAX MIN AVG DEP HDD CDD  WTR  SNW DPTH SPD SPD DIR MIN PSBL S-S WX    SPD DR
================================================================================

 1  73  62  68  14   0   3 0.02  0.0    0 11.7 21 160   M    M  10 1      28 160
 2  66  40  53  -1  12   0 0.27  0.0    0 12.7 22 340   M    M  10 12     29 300
 3  50  39  45  -9  20   0 0.00  0.0    0  9.3 16  10   M    M  10 1      20 360
 4  52  42  47  -7  18   0 0.22    M    0  7.7 14  90   M    M   9 1      17  80
 5  51  38  45 -10  20   0 0.00  0.0    0 11.7 25 360   M    M   6 1      31 350
 6  39  33  36 -19  29   0 0.01  0.0    0 12.3 21 360   M    M  10 4      25 360
 7  39  35  37 -18  28   0    T  0.0    0  7.7 14  30   M    M  10        17  40
 8  57  38  48  -7  17   0    T    M    0  3.2 13 150   M    M   8 18     14 150
 9  66  47  57   2   8   0 0.00  0.0    0  5.6 14 120   M    M  10 128    16 120
10  59  39  49  -6  16   0 0.63    M    0 10.3 20  10   M    M  10 12     23  20
11  42  35  39 -17  26   0 0.05  0.0    0 13.3 21  10   M    M  10 1      25  10
12  51  34  43 -13  22   0    T  0.0    0 10.0 20 360   M    M   6 1      25 310
13  62  29  46 -10  19   0 0.00  0.0    0  3.2 12 230   M    M   2        16 200
14  78  39  59   3   6   0 0.00  0.0    0  7.1 21 220   M    M   2 1      30 220
15  68  41  55  -1  10   0 0.00  0.0    0  7.7 21 150   M    M   4        24 150
16  76  51  64   7   1   0 0.00  0.0    0  7.4 16 160   M    M   8        20 160
17  79  65  72  15   0   7 0.00  0.0    0  6.5 18 220   M    M   8        26 240
18  80  66  73  16   0   8 0.00  0.0    0  8.2 17 180   M    M   8 1      26 190
19  79  62  71  14   0   6 0.00  0.0    0 10.2 23 150   M    M   8 18     29 150
20  78  58  68  11   0   3 0.06  0.0    0 10.8 23 340   M    M   9 1      32 350
21  69  44  57  -1   8   0 0.00  0.0    0  5.8 16 350   M    M   5        24  20
22  69  45  57  -1   8   0 0.00  0.0    0  7.8 21 140   M    M   8        24 130
23  78  60  69  11   0   4 0.04  0.0    0  3.2  8 270   M    M   9 12     10  10
24  66  61  64   6   1   0    T  0.0    0  6.6 13 100   M    M  10 12     15 110
25  78  58  68  10   0   3 0.70  0.0    0  7.0 16 150   M    M  10 1238   18 360
26  58  37  48 -11  17   0 0.37    M    0 13.8 29  10   M    M  10 1      35  30
27  56  33  45 -14  20   0 0.00  0.0    0  4.7 14 150   M    M   1        16 140
28  73  39  56  -3   9   0 0.02    M    0  6.5 16 190   M    M   8 18     25 220
================================================================================
SM 1792 1270       315  34  2.39     0.0 232.0          M      219
================================================================================
AV 64.0 45.4                               8.3 FASTST   M    M   8    MAX(MPH)
                                 MISC ---->  # 29  10               # 35   30
================================================================================
NOTES:
# LAST OF SEVERAL OCCURRENCES

COLUMN 17 PEAK WIND IN M.P.H.

PRELIMINARY LOCAL CLIMATOLOGICAL DATA (WS FORM: F-6) , PAGE 2

                                          STATION:  HOUSTON INTERCONTINENTAL
                                          MONTH:    FEBRUARY
                                          YEAR:     2014
                                          LATITUDE:   29 58 N
                                          LONGITUDE:  95 21 W

[TEMPERATURE DATA]      [PRECIPITATION DATA]       SYMBOLS USED IN COLUMN 16

AVERAGE MONTHLY: 54.7   TOTAL FOR MONTH:   2.39    1 = FOG OR MIST
DPTR FM NORMAL:  -1.7   DPTR FM NORMAL:   -0.81    2 = FOG REDUCING VISIBILITY
HIGHEST:    80 ON 18    GRTST 24HR  1.06 ON 25-26      TO 1/4 MILE OR LESS
LOWEST:     29 ON 13                               3 = THUNDER
                        SNOW, ICE PELLETS, HAIL    4 = ICE PELLETS
                        TOTAL MONTH:   0.0 INCH    5 = HAIL
                        GRTST 24HR     0.0         6 = FREEZING RAIN OR DRIZZLE
                        GRTST DEPTH:   0           7 = DUSTSTORM OR SANDSTORM:
                                                       VSBY 1/2 MILE OR LESS
                                                   8 = SMOKE OR HAZE
[NO. OF DAYS WITH]      [WEATHER - DAYS WITH]      9 = BLOWING SNOW
                                                   X = TORNADO
MAX 32 OR BELOW:   0    0.01 INCH OR MORE:  11
MAX 90 OR ABOVE:   0    0.10 INCH OR MORE:   5
MIN 32 OR BELOW:   1    0.50 INCH OR MORE:   2
MIN  0 OR BELOW:   0    1.00 INCH OR MORE:   0

[HDD (BASE 65) ]
TOTAL THIS MO.   315    CLEAR  (SCALE 0-3)   3
DPTR FM NORMAL    51    PTCLDY (SCALE 4-7)   9
TOTAL FM JUL 1  1480    CLOUDY (SCALE 8-10) 16
DPTR FM NORMAL   292

[CDD (BASE 65) ]
TOTAL THIS MO.    34
DPTR FM NORMAL    11    [PRESSURE DATA]
TOTAL FM JAN 1    34    HIGHEST SLP 30.46 ON  6
DPTR FM NORMAL    -4    LOWEST  SLP 29.78 ON 20

[REMARKS]
#FINAL-02-14#
