000
CXUS51 KOKX 021624
CLSNYC

NYCCLMNYC 000
TTAA00 KOKX 021559


CLIMATE REPORT
NATIONAL WEATHER SERVICE NEW YORK NY
1124 AM EST WED DEC 2 2009

...................................

...THE CENTRAL PARK NY CLIMATE SUMMARY FOR THE SEASON, FROM
9/1/2009 TO 11/30/2009...

CLIMATE NORMAL PERIOD 1971 TO 2000
CLIMATE RECORD PERIOD 1869 TO 2009

WEATHER         OBSERVED          NORMAL  DEPART  LAST YEAR`S
                 VALUE   DATE(S)  VALUE   FROM    VALUE
                                          NORMAL
.............................................................
TEMPERATURE (F)
RECORD
 HIGH             102   09/02/1953
 LOW                7   11/30/1875
HIGHEST            84   09/05        MM      MM
LOWEST             35   11/07        MM      MM
AVG. MAXIMUM     63.6              65.2    -1.6
AVG. MINIMUM     51.4              50.3     1.1
MEAN             57.5              57.7    -0.2
DAYS MAX >= 90      0               1.1    -1.1
DAYS MAX <= 32      0               0.1    -0.1
DAYS MIN <= 32      0               4.3    -4.3
DAYS MIN <= 0       0               0.0     0.0

PRECIPITATION (INCHES)
RECORD
 MAXIMUM        22.13   1913
 MINIMUM         4.00   1908
TOTALS           9.45             11.92   -2.47    14.21
DAILY AVG.       0.10              0.13   -0.03
DAYS >= .01        29              26.7     2.3
DAYS >= .10        17              17.6    -0.6
DAYS >= .50         7               8.1    -1.1
DAYS >= 1.00        3               3.4    -0.4
GREATEST
 24 HR. TOTAL    1.96   MM
 STORM TOTAL       MM
 (MM/DD(HH))            MM

SNOWFALL (INCHES)
RECORDS
 TOTAL           19.0   1898
 24 HR TOTAL       MM
TOTALS            0.0               0.4    -0.4
 LIQUID EQUIV    0.00                MM      MM
SINCE 7/1         0.0               0.4    -0.4
 LIQUID 7/1      0.00
DAYS >= TRACE       0               0.3    -0.3
DAYS >= 1.0         0               0.1    -0.1
GREATEST
 SNOW DEPTH         0   MM
 24 HR TOTAL      0.0   MM
 STORM TOTAL       MM
 (MM/DD(HH))            MM

DEGREE_DAYS
HEATING TOTAL     754               807     -53
 SINCE 7/1        754               838     -84
COOLING TOTAL      88               147     -59
 SINCE 1/1        876              1151    -275

FREEZE DATES
RECORD
 EARLIEST     MM
 LATEST       MM
EARLIEST                        MM
LATEST                          MM
..............................................................

WIND (MPH)
AVERAGE WIND SPEED              6.2
HIGHEST WIND SPEED/DIRECTION    29/280    DATE  10/07
HIGHEST GUST SPEED/DIRECTION    44/280    DATE  10/07

SKY COVER
POSSIBLE SUNSHINE (PERCENT)   MM

NUMBER OF DAYS FAIR           44
NUMBER OF DAYS PC             24
NUMBER OF DAYS CLOUDY         23

AVERAGE RH (PERCENT)     68

WEATHER CONDITIONS. NUMBER OF DAYS WITH
THUNDERSTORM              0     MIXED PRECIP               0
HEAVY RAIN                5     RAIN                      15
LIGHT RAIN               33     FREEZING RAIN              0
LT FREEZING RAIN          0     HAIL                       0
HEAVY SNOW                0     SNOW                       0
LIGHT SNOW                0     SLEET                      0
FOG                      30     FOG W/VIS <= 1/4 MILE      0
HAZE                      5

-  INDICATES NEGATIVE NUMBERS.
R  INDICATES RECORD WAS SET OR TIED.
MM INDICATES DATA IS MISSING.
T  INDICATES TRACE AMOUNT.

$$
