000
CDUS43 KGLD 230808
CLIMCK

CLIMATE REPORT
NATIONAL WEATHER SERVICE GOODLAND
203 AM MDT SAT JUN 23 2018

...................................

...THE MCCOOK NE CLIMATE SUMMARY FOR JUNE 22 2018...

CLIMATE NORMAL PERIOD 1981 TO 2010
CLIMATE RECORD PERIOD 1896 TO 2018


WEATHER ITEM   OBSERVED TIME   RECORD YEAR NORMAL DEPARTURE LAST
                VALUE   (LST)  VALUE       VALUE  FROM      YEAR
                                                  NORMAL
..................................................................
TEMPERATURE (F)
 YESTERDAY
  MAXIMUM         80    216 PM 105    2002  87     -7       97
                                      1937
  MINIMUM         53    543 AM  45    1926  58     -5       65
  AVERAGE         67                        72     -5       81

PRECIPITATION (IN)
  YESTERDAY        0.28                      0.11   0.17     0.00
  MONTH TO DATE    3.42                      2.50   0.92     0.16
  SINCE JUN 1      3.42                      2.50   0.92     0.16
  SINCE JAN 1      9.79                     10.44  -0.65     8.19

..................................................................

THE MCCOOK NE CLIMATE NORMALS FOR TODAY
                         NORMAL    RECORD    YEAR
 MAXIMUM TEMPERATURE (F)   87       106      1954
                                             1937
 MINIMUM TEMPERATURE (F)   58        45      1947
                                             1916

-  INDICATES NEGATIVE NUMBERS.
R  INDICATES RECORD WAS SET OR TIED.
MM INDICATES DATA IS MISSING.
T  INDICATES TRACE AMOUNT.

$$
