000
CDUS43 KGLD 210736
CLIMCK

CLIMATE REPORT
NATIONAL WEATHER SERVICE
136 AM MDT MON JUN 21 2021

...................................

...THE MCCOOK NE CLIMATE SUMMARY FOR JUNE 20 2021...

CLIMATE NORMAL PERIOD: 1991 TO 2020
CLIMATE RECORD PERIOD: 1896 TO 2021


WEATHER ITEM   OBSERVED TIME   RECORD YEAR NORMAL DEPARTURE LAST
                VALUE   (LST)  VALUE       VALUE  FROM      YEAR
                                                  NORMAL
...................................................................
TEMPERATURE (F)
 YESTERDAY
  MAXIMUM         86   2:41 PM 101    2017  88     -2       88
  MINIMUM         59   4:52 AM  40    1946  60     -1       60
  AVERAGE         73                        74     -1       74

PRECIPITATION (IN)
  YESTERDAY        0.00                      0.09  -0.09      T
  MONTH TO DATE    0.89                      2.12  -1.23     1.31
  SINCE JUN 1      0.89                      2.12  -1.23     1.31
  SINCE JAN 1     10.86                      8.52   2.34     7.78

...................................................................


THE MCCOOK NE CLIMATE NORMALS FOR TODAY
                         NORMAL    RECORD    YEAR
 MAXIMUM TEMPERATURE (F)   88       106      2017
 MINIMUM TEMPERATURE (F)   60        46      2001


-  INDICATES NEGATIVE NUMBERS.
R  INDICATES RECORD WAS SET OR TIED.
MM INDICATES DATA IS MISSING.
T  INDICATES TRACE AMOUNT.




$$
