552
CDUS41 KBGM 200557
CLIAVP


CLIMATE REPORT
NATIONAL WEATHER SERVICE BINGHAMTON NY
155 AM EDT FRI APR 20 2018


...................................

...THE AVOCA PA CLIMATE SUMMARY FOR APRIL 19 2018...

CLIMATE NORMAL PERIOD 1981 TO 2010
CLIMATE RECORD PERIOD 1901 TO 2018


WEATHER ITEM   OBSERVED TIME   RECORD YEAR NORMAL DEPARTURE LAST
                VALUE   (LST)  VALUE       VALUE  FROM      YEAR
                                                  NORMAL
..................................................................
TEMPERATURE (F)
 YESTERDAY
  MAXIMUM         42    240 PM  91    1976  61    -19       56
  MINIMUM         32   1159 PM  24    1904  40     -8       45
  AVERAGE         37                        50    -13       51

PRECIPITATION (IN)
  YESTERDAY        0.12          1.44 1998   0.11   0.01     0.01
  MONTH TO DATE    2.20                      2.10   0.10     1.93
  SINCE MAR 1      5.02                      4.65   0.37     7.38
  SINCE JAN 1     12.03                      9.05   2.98    13.61

SNOWFALL (IN)
  YESTERDAY        0.1           9.1  1983   0.2   -0.1      0.0
  MONTH TO DATE    4.7                       2.4    2.3      0.1
  SINCE MAR 1     24.6                      11.4   13.2     30.7
  SINCE JUL 1     51.7                      45.3    6.4     55.5

DEGREE DAYS
 HEATING
  YESTERDAY       28                        15     13       14
  MONTH TO DATE  448                       353     95      225
  SINCE MAR 1   1393                      1224    169     1160
  SINCE JUL 1   5584                      5830   -246     4915

 COOLING
  YESTERDAY        0                         0      0        0
  MONTH TO DATE    4                         0      4       10
  SINCE MAR 1      4                         0      4       10
  SINCE JAN 1      4                         0      4       10
..................................................................


WIND (MPH)
  HIGHEST WIND SPEED    26   HIGHEST WIND DIRECTION    NW (330)
  HIGHEST GUST SPEED    33   HIGHEST GUST DIRECTION    NW (310)
  AVERAGE WIND SPEED    10.4


SKY COVER
  AVERAGE SKY COVER 1.0



RELATIVE HUMIDITY (PERCENT)
 HIGHEST    92           600 AM
 LOWEST     70          1200 AM
 AVERAGE    81

..........................................................


THE AVOCA PA CLIMATE NORMALS FOR TODAY
                         NORMAL    RECORD    YEAR
 MAXIMUM TEMPERATURE (F)   61        91      1941
 MINIMUM TEMPERATURE (F)   40        22      1904


SUNRISE AND SUNSET
APRIL 20 2018.........SUNRISE   616 AM EDT   SUNSET   749 PM EDT
APRIL 21 2018.........SUNRISE   614 AM EDT   SUNSET   750 PM EDT


-  INDICATES NEGATIVE NUMBERS.
R  INDICATES RECORD WAS SET OR TIED.
MM INDICATES DATA IS MISSING.
T  INDICATES TRACE AMOUNT.




$$
