000
CXUS54 KTSA 230840
CF6MKO
PRELIMINARY LOCAL CLIMATOLOGICAL DATA (WS FORM: F-6)

                                          STATION:   MUSKOGEE OKLAHOMA
                                          MONTH:     JULY
                                          YEAR:      2019
                                          LATITUDE:   35 40 N
                                          LONGITUDE:  95 22 W

  TEMPERATURE IN F:       :PCPN:    SNOW:  WIND      :SUNSHINE: SKY     :PK WND
================================================================================
1   2   3   4   5  6A  6B    7    8   9   10  11  12  13   14  15   16   17  18
                                     12Z  AVG MX 2MIN
DY MAX MIN AVG DEP HDD CDD  WTR  SNW DPTH SPD SPD DIR MIN PSBL S-S WX    SPD DR
================================================================================

 1  89  71  80   0   0  15 0.00  0.0    0  5.2 12 120   M    M   2 1      15 110
 2  86  71  79  -1   0  14 0.97  0.0    0  6.9 21 160   M    M   3 13     26 180
 3  89  72  81   1   0  16 0.00  0.0    0  6.7 15 180   M    M   1        22 140
 4  90  73  82   2   0  17 0.00  0.0    0  8.0 16 180   M    M   3 1      21 180
 5  93  71  82   2   0  17 0.17  0.0    0  6.3 32  50   M    M   2 13     38  50
 6  93  70  82   2   0  17 0.37  0.0    0  4.9 23 210   M    M   2 13     29 200
 7  91  71  81   1   0  16 0.00  0.0    0  3.1  8 360   M    M   4 1      11 360
 8  86  73  80   0   0  15    T  0.0    0  5.8 14 200   M    M   2 3      18 200
 9  92  73  83   2   0  18 0.00  0.0    0  7.7 16 190   M    M   1        21 170
10  95  71  83   2   0  18 0.02  0.0    0  5.3 33  20   M    M   1 13     41  20
11  89  68  79  -2   0  14 0.00  0.0    0  6.9 17  20   M    M   0 1      20  40
12  89  65  77  -4   0  12 0.00  0.0    0  3.5 12  60   M    M   1        15 120
13  92  66  79  -2   0  14    T  0.0    0  6.8 16 100   M    M   2        20  40
14  85  71  78  -3   0  13    T  0.0    0  9.0 18  90   M    M   4        24  80
15  85  68  77  -4   0  12 0.00  0.0    0  7.1 16 350   M    M   6        21 350
16  93  67  80  -1   0  15 0.00  0.0    0  3.7 10 240   M    M   0 12     13 200
17  93  78  86   5   0  21 0.00  0.0    0  9.5 17 190   M    M   0        24 180
18  92  75  84   2   0  19 0.00  0.0    0 10.0 20 180   M    M   0        26 210
19  94  74  84   2   0  19 0.00  0.0    0  9.2 18 180   M    M   0        24 180
20  94  74  84   2   0  19 0.00  0.0    0  9.0 18 190   M    M   0        24 200
21  93  73  83   1   0  18    T  0.0    0  7.8 25  20   M    M   0        30  20
22  87  68  78  -4   0  13 0.49  0.0    0 11.1 26  20   M    M   5 13     31  30
================================================================================
SM 1990 1563         0 352  2.02     0.0 153.5          M       39
================================================================================
AV 90.5 71.1                               7.0 FASTST   M    M   2    MAX(MPH)
                                 MISC ---->  # 33  20               # 41   20
================================================================================
NOTES:
# LAST OF SEVERAL OCCURRENCES

COLUMN 17 PEAK WIND IN M.P.H.

PRELIMINARY LOCAL CLIMATOLOGICAL DATA (WS FORM: F-6) , PAGE 2

                                          STATION:  MUSKOGEE OKLAHOMA
                                          MONTH:    JULY
                                          YEAR:     2019
                                          LATITUDE:   35 40 N
                                          LONGITUDE:  95 22 W

[TEMPERATURE DATA]      [PRECIPITATION DATA]       SYMBOLS USED IN COLUMN 16

AVERAGE MONTHLY: 80.8   TOTAL FOR MONTH:   2.02    1 = FOG OR MIST
DPTR FM NORMAL:  -0.1   DPTR FM NORMAL:   -0.62    2 = FOG REDUCING VISIBILITY
HIGHEST:    95 ON 10    GRTST 24HR  0.97 ON  2- 2      TO 1/4 MILE OR LESS
LOWEST:     65 ON 12                               3 = THUNDER
                        SNOW, ICE PELLETS, HAIL    4 = ICE PELLETS
                        TOTAL MONTH:   0.0 INCH    5 = HAIL
                        GRTST 24HR     0.0         6 = FREEZING RAIN OR DRIZZLE
                        GRTST DEPTH:   0           7 = DUSTSTORM OR SANDSTORM:
                                                       VSBY 1/2 MILE OR LESS
                                                   8 = SMOKE OR HAZE
[NO. OF DAYS WITH]      [WEATHER - DAYS WITH]      9 = BLOWING SNOW
                                                   X = TORNADO
MAX 32 OR BELOW:   0    0.01 INCH OR MORE:   5
MAX 90 OR ABOVE:  13    0.10 INCH OR MORE:   4
MIN 32 OR BELOW:   0    0.50 INCH OR MORE:   1
MIN  0 OR BELOW:   0    1.00 INCH OR MORE:   0

[HDD (BASE 65) ]
TOTAL THIS MO.     0    CLEAR  (SCALE 0-3)  17
DPTR FM NORMAL     0    PTCLDY (SCALE 4-7)   5
TOTAL FM JUL 1     0    CLOUDY (SCALE 8-10)  0
DPTR FM NORMAL     0

[CDD (BASE 65) ]
TOTAL THIS MO.   352
DPTR FM NORMAL     4    [PRESSURE DATA]
TOTAL FM JAN 1   928    HIGHEST SLP M ON M
DPTR FM NORMAL    49    LOWEST  SLP 29.85 ON M

[REMARKS]
