000
CXUS54 KTSA 250840
CF6MKO
PRELIMINARY LOCAL CLIMATOLOGICAL DATA (WS FORM: F-6)

                                          STATION:   MUSKOGEE OKLAHOMA
                                          MONTH:     MARCH
                                          YEAR:      2019
                                          LATITUDE:   35 40 N
                                          LONGITUDE:  95 22 W

  TEMPERATURE IN F:       :PCPN:    SNOW:  WIND      :SUNSHINE: SKY     :PK WND
================================================================================
1   2   3   4   5  6A  6B    7    8   9   10  11  12  13   14  15   16   17  18
                                     12Z  AVG MX 2MIN
DY MAX MIN AVG DEP HDD CDD  WTR  SNW DPTH SPD SPD DIR MIN PSBL S-S WX    SPD DR
================================================================================

 1  39  28  34 -13  31   0 0.00  0.0    0  4.4 10 340   M    M  10 1      13 330
 2  41  35  38  -9  27   0    T    M    0  9.7 15 360   M    M  10 1      18  20
 3  35  15  25 -23  40   0 0.04    M    0 19.7 26 350   M    M   9 16     35 350
 4  27  10  19 -29  46   0    T    M    0 12.9 23 360   M    M   7 1      28 360
 5  41  13  27 -21  38   0 0.00  0.0    0  7.6 18 360   M    M   0        26 330
 6  50  17  34 -14  31   0 0.00  0.0    0  5.9 17 140   M    M   0 8      24 140
 7  55  36  46  -3  19   0 0.00  0.0    0 10.2 20 140   M    M   5        26 190
 8  64  45  55   6  10   0 0.00  0.0    0  5.5 16 140   M    M   7 1      23 120
 9  74  54  64  14   1   0 0.07  0.0    0 18.4 39 260   M    M   5 13     50 260
10   M   M   M   M   M   M 0.00  0.0    0   M   M   M   M    M   0         M  M
11  65  46  56   6   9   0 0.00  0.0    0  4.6  8  30   M    M   2         M  M
12  58  51  55   5  10   0 0.22  0.0    0 13.6 23 120   M    M  10 13     33 130
13  66  55  61  10   4   0 0.45  0.0    0 18.0 30 180   M    M   7 13     46 160
14  67  42  55   4  10   0    T  0.0    0 19.1 33 260   M    M   7        40 250
15  55  35  45  -7  20   0 0.00  0.0    0 11.8 24 330   M    M   0        31 350
16  60  26  43  -9  22   0 0.00  0.0    0  2.3 10 350   M    M   0        14 340
17  68  31  50  -2  15   0 0.00  0.0    0  2.8 14  10   M    M   0        18 360
18  67  35  51  -1  14   0 0.00  0.0    0  5.6 17 120   M    M   1        22 130
19  71  41  56   3   9   0 0.00  0.0    0  9.1 22 210   M    M   1        28 180
20  62  45  54   1  11   0 0.15  0.0    0  7.8 20 310   M    M   6 1      26 300
21  66  38  52  -1  13   0 0.00  0.0    0  6.5 17 330   M    M   0        22 320
22  72  35  54   0  11   0 0.00  0.0    0  3.6 12  50   M    M   1        15  70
23  57  50  54   0  11   0 0.59  0.0    0  9.9 23 140   M    M   8 13     30 140
24  73  53  63   9   2   0 0.20  0.0    0  9.4 21 160   M    M   6 13     28 150
================================================================================
SM 1333  836       404   0  1.72     0.0 218.4          M      102
================================================================================
AV 58.0 36.4                               9.5 FASTST   M    M   4    MAX(MPH)
                                 MISC ---->  # 39 260               # 50  260
================================================================================
NOTES:
# LAST OF SEVERAL OCCURRENCES

COLUMN 17 PEAK WIND IN M.P.H.

PRELIMINARY LOCAL CLIMATOLOGICAL DATA (WS FORM: F-6) , PAGE 2

                                          STATION:  MUSKOGEE OKLAHOMA
                                          MONTH:    MARCH
                                          YEAR:     2019
                                          LATITUDE:   35 40 N
                                          LONGITUDE:  95 22 W

[TEMPERATURE DATA]      [PRECIPITATION DATA]       SYMBOLS USED IN COLUMN 16

AVERAGE MONTHLY: 47.2   TOTAL FOR MONTH:   1.72    1 = FOG OR MIST
DPTR FM NORMAL:  -3.5   DPTR FM NORMAL:   -1.01    2 = FOG REDUCING VISIBILITY
HIGHEST:    74 ON  9    GRTST 24HR  0.59 ON 23-23      TO 1/4 MILE OR LESS
LOWEST:     10 ON  4                               3 = THUNDER
                        SNOW, ICE PELLETS, HAIL    4 = ICE PELLETS
                        TOTAL MONTH:   0.0 INCH    5 = HAIL
                        GRTST 24HR     0.0         6 = FREEZING RAIN OR DRIZZLE
                        GRTST DEPTH:   0           7 = DUSTSTORM OR SANDSTORM:
                                                       VSBY 1/2 MILE OR LESS
                                                   8 = SMOKE OR HAZE
[NO. OF DAYS WITH]      [WEATHER - DAYS WITH]      9 = BLOWING SNOW
                                                   X = TORNADO
MAX 32 OR BELOW:   1    0.01 INCH OR MORE:   7
MAX 90 OR ABOVE:   0    0.10 INCH OR MORE:   5
MIN 32 OR BELOW:   7    0.50 INCH OR MORE:   1
MIN  0 OR BELOW:   0    1.00 INCH OR MORE:   0

[HDD (BASE 65) ]
TOTAL THIS MO.   404    CLEAR  (SCALE 0-3)  11
DPTR FM NORMAL    53    PTCLDY (SCALE 4-7)   9
TOTAL FM JUL 1  3351    CLOUDY (SCALE 8-10)  4
DPTR FM NORMAL   141

[CDD (BASE 65) ]
TOTAL THIS MO.     0
DPTR FM NORMAL     0    [PRESSURE DATA]
TOTAL FM JAN 1     0    HIGHEST SLP M ON M
DPTR FM NORMAL    -1    LOWEST  SLP 29.41 ON 13

[REMARKS]
