000
CDUS43 KICT 080620
CLIICT

CLIMATE REPORT
NATIONAL WEATHER SERVICE WICHITA KANSAS
120 AM CDT SAT MAY 08 2021

...................................

...THE WICHITA EISENHOWER NATIONAL CLIMATE SUMMARY FOR MAY 7 2021...

CLIMATE NORMAL PERIOD 1991 TO 2020
CLIMATE RECORD PERIOD 1888 TO 2021


WEATHER ITEM   OBSERVED TIME   RECORD YEAR NORMAL DEPARTURE LAST
                VALUE   (LST)  VALUE       VALUE  FROM      YEAR
                                                  NORMAL
...................................................................
TEMPERATURE (F)
 YESTERDAY
  MAXIMUM         79    323 PM  96    2014  74      5       62
  MINIMUM         48    334 AM  37    1890  52     -4       49
                                      1908
  AVERAGE         64                        63      1       56

PRECIPITATION (IN)
  YESTERDAY        T             1.80 1939   0.16  -0.16     0.26
  MONTH TO DATE    0.14                      1.06  -0.92     0.35
  SINCE MAR 1      5.83                      6.46  -0.63     6.13
  SINCE JAN 1      8.99                      8.51   0.48    10.44

SNOWFALL (IN)
  YESTERDAY        0.0           T    2002   0.0    0.0      0.0
  MONTH TO DATE    0.0                       0.0    0.0      0.0
  SINCE MAR 1      0.7                       2.3   -1.6       T
  SINCE JUL 1     17.4                      12.7    4.7      8.3
  SNOW DEPTH       0

DEGREE DAYS
 HEATING
  YESTERDAY        1                         4     -3        9
  MONTH TO DATE   30                        32     -2       16
  SINCE MAR 1    771                       859    -88      751
  SINCE JUL 1   4442                      4362     80     4204

 COOLING
  YESTERDAY        0                         2     -2        0
  MONTH TO DATE    2                        14    -12       21
  SINCE MAR 1     22                        41    -19       37
  SINCE JAN 1     22                        41    -19       37
...................................................................


WIND (MPH)
  HIGHEST WIND SPEED    26   HIGHEST WIND DIRECTION     S (170)
  HIGHEST GUST SPEED    37   HIGHEST GUST DIRECTION     S (160)
  AVERAGE WIND SPEED    13.9


SKY COVER
  POSSIBLE SUNSHINE  MM
  AVERAGE SKY COVER 0.6


WEATHER CONDITIONS
THE FOLLOWING WEATHER WAS RECORDED YESTERDAY.
  THUNDERSTORM


RELATIVE HUMIDITY (PERCENT)
 HIGHEST    68           600 AM
 LOWEST     33          1100 AM
 AVERAGE    51

..........................................................


THE WICHITA EISENHOWER NATIONAL CLIMATE NORMALS FOR TODAY
                         NORMAL    RECORD    YEAR
 MAXIMUM TEMPERATURE (F)   75        97      1989
 MINIMUM TEMPERATURE (F)   53        33      1984


SUNRISE AND SUNSET
MAY  8 2021...........SUNRISE   626 AM CDT   SUNSET   827 PM CDT
MAY  9 2021...........SUNRISE   625 AM CDT   SUNSET   827 PM CDT


-  INDICATES NEGATIVE NUMBERS.
R  INDICATES RECORD WAS SET OR TIED.
MM INDICATES DATA IS MISSING.
T  INDICATES TRACE AMOUNT.




$$
