000
CDUS43 KICT 290620
CLIICT

CLIMATE REPORT
NATIONAL WEATHER SERVICE WICHITA KANSAS
120 AM CDT WED JUN 29 2022

...................................

...THE WICHITA EISENHOWER NATIONAL CLIMATE SUMMARY FOR JUNE 28 2022...

CLIMATE NORMAL PERIOD 1991 TO 2020
CLIMATE RECORD PERIOD 1888 TO 2022


WEATHER ITEM   OBSERVED TIME   RECORD YEAR NORMAL DEPARTURE LAST
                VALUE   (LST)  VALUE       VALUE  FROM      YEAR
                                                  NORMAL
...................................................................
TEMPERATURE (F)
 YESTERDAY
  MAXIMUM         85    450 PM 106    1990  91     -6       82
                                      2012
  MINIMUM         61    542 AM  54    1985  69     -8       68
  AVERAGE         73                        80     -7       75

PRECIPITATION (IN)
  YESTERDAY        0.00          1.26 1922   0.15  -0.15     0.01
  MONTH TO DATE    4.31                      4.65  -0.34     3.54
  SINCE JUN 1      4.31                      4.65  -0.34     3.54
  SINCE JAN 1     23.10                     17.27   5.83    16.37

SNOWFALL (IN)
  YESTERDAY        0.0           0.0    MM   0.0    0.0      0.0
  MONTH TO DATE    0.0                       0.0    0.0      0.0
  SINCE JUN 1      0.0                       0.0    0.0      0.0
  SINCE JUL 1     16.8                      12.7    4.1     17.4
  SNOW DEPTH       0

DEGREE DAYS
 HEATING
  YESTERDAY        0                         0      0        0
  MONTH TO DATE    5                         0      5        2
  SINCE JUN 1      5                         0      5        2
  SINCE JUL 1   4082                      4409   -327     4509

 COOLING
  YESTERDAY        8                        15     -7       10
  MONTH TO DATE  372                       330     42      357
  SINCE JUN 1    372                       330     42      357
  SINCE JAN 1    612                       489    123      435
...................................................................


WIND (MPH)
  HIGHEST WIND SPEED    15   HIGHEST WIND DIRECTION     S (170)
  HIGHEST GUST SPEED    22   HIGHEST GUST DIRECTION     S (160)
  AVERAGE WIND SPEED     6.3


SKY COVER
  POSSIBLE SUNSHINE  MM
  AVERAGE SKY COVER 0.2


WEATHER CONDITIONS
THE FOLLOWING WEATHER WAS RECORDED YESTERDAY.
  NO SIGNIFICANT WEATHER WAS OBSERVED.


RELATIVE HUMIDITY (PERCENT)
 HIGHEST    84           300 AM
 LOWEST     37           600 PM
 AVERAGE    61

..........................................................


THE WICHITA EISENHOWER NATIONAL CLIMATE NORMALS FOR TODAY
                         NORMAL    RECORD    YEAR
 MAXIMUM TEMPERATURE (F)   91       105      1933
                                             1990
                                             1998
 MINIMUM TEMPERATURE (F)   69        54      1923


SUNRISE AND SUNSET
JUNE 29 2022..........SUNRISE   611 AM CDT   SUNSET   855 PM CDT
JUNE 30 2022..........SUNRISE   611 AM CDT   SUNSET   855 PM CDT


-  INDICATES NEGATIVE NUMBERS.
R  INDICATES RECORD WAS SET OR TIED.
MM INDICATES DATA IS MISSING.
T  INDICATES TRACE AMOUNT.




$$
