000
CDUS43 KICT 012307
CLIICT

CLIMATE REPORT
NATIONAL WEATHER SERVICE WICHITA KANSAS
507 PM CST MON MAR 01 2021

...................................

...THE WICHITA EISENHOWER NATIONAL CLIMATE SUMMARY FOR MARCH 1 2021...
VALID TODAY AS OF 0500 PM LOCAL TIME.

CLIMATE NORMAL PERIOD 1981 TO 2010
CLIMATE RECORD PERIOD 1888 TO 2021


WEATHER ITEM   OBSERVED TIME   RECORD YEAR NORMAL DEPARTURE LAST
                VALUE   (LST)  VALUE       VALUE  FROM      YEAR
                                                  NORMAL
...................................................................
TEMPERATURE (F)
 TODAY
  MAXIMUM         57    355 PM  83    2006  53      4       68
  MINIMUM         20    712 AM   5    1890  31    -11       48
  AVERAGE         39                        42     -3       58

PRECIPITATION (IN)
  TODAY            0.00          0.78 1953   0.06  -0.06     0.00
  MONTH TO DATE    0.00                      0.06  -0.06     0.00
  SINCE MAR 1      0.00                      0.06  -0.06     0.00
  SINCE JAN 1      3.16                      2.07   1.09     4.31

SNOWFALL (IN)
  TODAY            0.0           3.8  1927   0.1   -0.1      0.0
  MONTH TO DATE    0.0                       0.1   -0.1      0.0
  SINCE MAR 1      0.0                       0.1   -0.1      0.0
  SINCE JUL 1     16.7                      12.5    4.2      8.3
  SNOW DEPTH       0

DEGREE DAYS
 HEATING
  TODAY           26                        23      3        7
  MONTH TO DATE   26                        23      3        7
  SINCE MAR 1     26                        23      3        7
  SINCE JUL 1   3697                      3663     34     3460

 COOLING
  TODAY            0                         0      0        0
  MONTH TO DATE    0                         0      0        0
  SINCE MAR 1      0                         0      0        0
  SINCE JAN 1      0                         0      0        0
...................................................................


WIND (MPH)
  HIGHEST WIND SPEED    16   HIGHEST WIND DIRECTION    NW (320)
  HIGHEST GUST SPEED    20   HIGHEST GUST DIRECTION     N (340)
  AVERAGE WIND SPEED     6.7


SKY COVER
  POSSIBLE SUNSHINE  MM
  AVERAGE SKY COVER 0.0


WEATHER CONDITIONS
THE FOLLOWING WEATHER WAS RECORDED TODAY.
  NO SIGNIFICANT WEATHER WAS OBSERVED.


RELATIVE HUMIDITY (PERCENT)
 HIGHEST    92           500 AM
 LOWEST     21           400 PM
 AVERAGE    57

..........................................................


THE WICHITA EISENHOWER NATIONAL CLIMATE NORMALS FOR TOMORROW
                         NORMAL    RECORD    YEAR
 MAXIMUM TEMPERATURE (F)   53        83      1901
 MINIMUM TEMPERATURE (F)   31         1      1922


SUNRISE AND SUNSET
MARCH  1 2021.........SUNRISE   701 AM CST   SUNSET   624 PM CST
MARCH  2 2021.........SUNRISE   659 AM CST   SUNSET   625 PM CST


-  INDICATES NEGATIVE NUMBERS.
R  INDICATES RECORD WAS SET OR TIED.
MM INDICATES DATA IS MISSING.
T  INDICATES TRACE AMOUNT.




$$
