000
CDUS43 KICT 162205
CLIICT

CLIMATE REPORT
NATIONAL WEATHER SERVICE WICHITA KS
504 PM CDT THU AUG 16 2018

...................................

...THE WICHITA EISENHOWER NATIONAL CLIMATE SUMMARY FOR AUGUST 16 2018...
VALID TODAY AS OF 500 PM LOCAL TIME.

CLIMATE NORMAL PERIOD 1981 TO 2010
CLIMATE RECORD PERIOD 1888 TO 2018


WEATHER ITEM   OBSERVED TIME   RECORD YEAR NORMAL DEPARTURE LAST
                VALUE   (LST)  VALUE       VALUE  FROM      YEAR
                                                  NORMAL
..................................................................
TEMPERATURE (F)
 TODAY
  MAXIMUM         92    359 PM 106    1983  92      0       90
                                      1956
  MINIMUM         68    520 AM  56    1992  69     -1       68
  AVERAGE         80                        80      0       79

PRECIPITATION (IN)
  TODAY            0.00          2.16 1968   0.13  -0.13     0.07
  MONTH TO DATE    1.69                      1.85  -0.16     1.91
  SINCE JUN 1      9.69                     10.37  -0.68     8.22
  SINCE JAN 1     17.79                     22.23  -4.44    27.06

SNOWFALL (IN)
  TODAY            0.0           0.0  2007   0.0    0.0      0.0
  MONTH TO DATE    0.0                       0.0    0.0      0.0
  SINCE JUN 1      0.0                       0.0    0.0      0.0
  SINCE JUL 1      0.0                       0.0    0.0      0.0
  SNOW DEPTH       0

DEGREE DAYS
 HEATING
  TODAY            0                         0      0        0
  MONTH TO DATE    0                         0      0        0
  SINCE JUN 1      0                         6     -6        0
  SINCE JUL 1      0                         0      0        0

 COOLING
  TODAY           15                        15      0       14
  MONTH TO DATE  238                       254    -16      181
  SINCE JUN 1   1273                      1080    193     1101
  SINCE JAN 1   1611                      1216    395     1257
..................................................................


WIND (MPH)
  HIGHEST WIND SPEED    13   HIGHEST WIND DIRECTION     S (160)
  HIGHEST GUST SPEED    19   HIGHEST GUST DIRECTION     S (160)
  AVERAGE WIND SPEED     4.9


SKY COVER
  POSSIBLE SUNSHINE  MM
  AVERAGE SKY COVER 0.5


WEATHER CONDITIONS
 THE FOLLOWING WEATHER WAS RECORDED TODAY.
  NO SIGNIFICANT WEATHER WAS OBSERVED.


RELATIVE HUMIDITY (PERCENT)
 HIGHEST   100           100 AM
 LOWEST     59          1200 PM
 AVERAGE    80

..........................................................


THE WICHITA EISENHOWER NATIONAL CLIMATE NORMALS FOR TOMORROW
                         NORMAL    RECORD    YEAR
 MAXIMUM TEMPERATURE (F)   91       106      1956
                                             1909
 MINIMUM TEMPERATURE (F)   69        57      1992


SUNRISE AND SUNSET
AUGUST 16 2018........SUNRISE   646 AM CDT   SUNSET   821 PM CDT
AUGUST 17 2018........SUNRISE   647 AM CDT   SUNSET   820 PM CDT


-  INDICATES NEGATIVE NUMBERS.
R  INDICATES RECORD WAS SET OR TIED.
MM INDICATES DATA IS MISSING.
T  INDICATES TRACE AMOUNT.

$$
