000
CDUS43 KICT 062208
CLIICT


CLIMATE REPORT
NATIONAL WEATHER SERVICE WICHITA KS
508 PM CDT MON APR 6 2020


...................................

...THE WICHITA EISENHOWER NATIONAL CLIMATE SUMMARY FOR APRIL 6 2020...
VALID TODAY AS OF 0500 PM LOCAL TIME.

CLIMATE NORMAL PERIOD 1981 TO 2010
CLIMATE RECORD PERIOD 1888 TO 2020


WEATHER ITEM   OBSERVED TIME   RECORD YEAR NORMAL DEPARTURE LAST
                VALUE   (LST)  VALUE       VALUE  FROM      YEAR
                                                  NORMAL
..................................................................
TEMPERATURE (F)
 TODAY
  MAXIMUM         74    359 PM  98    1893  65      9       71
  MINIMUM         56    111 AM  19    2018  41     15       51
  AVERAGE         65                        53     12       61

PRECIPITATION (IN)
  TODAY            T             1.03 1916   0.08  -0.08     0.35
  MONTH TO DATE    T                         0.46  -0.46     0.38
  SINCE MAR 1      2.75                      3.15  -0.40     2.85
  SINCE JAN 1      7.06                      5.16   1.90     4.89

SNOWFALL (IN)
  TODAY            0.0           T    2007   0.0    0.0      0.0
                                      2003
                                      1939
  MONTH TO DATE    0.0                       0.1   -0.1      0.0
  SINCE MAR 1      0.0                       2.4   -2.4      2.7
  SINCE JUL 1      8.3                      14.8   -6.5     10.1
  SNOW DEPTH       0

DEGREE DAYS
 HEATING
  TODAY            0                        12    -12        4
  MONTH TO DATE   87                        79      8       58
  SINCE MAR 1    526                       656   -130      708
  SINCE JUL 1   3979                      4296   -317     4434

 COOLING
  TODAY            0                         0      0        0
  MONTH TO DATE    0                         0      0        0
  SINCE MAR 1      0                         2     -2        0
  SINCE JAN 1      0                         2     -2        0
..................................................................


WIND (MPH)
  HIGHEST WIND SPEED    28   HIGHEST WIND DIRECTION     S (200)
  HIGHEST GUST SPEED    38   HIGHEST GUST DIRECTION    SW (210)
  AVERAGE WIND SPEED    18.9


SKY COVER
  POSSIBLE SUNSHINE  MM
  AVERAGE SKY COVER 0.9


WEATHER CONDITIONS
 THE FOLLOWING WEATHER WAS RECORDED TODAY.
  LIGHT RAIN
  FOG
  HAZE


RELATIVE HUMIDITY (PERCENT)
 HIGHEST    93           800 AM
 LOWEST     57           300 PM
 AVERAGE    75

..........................................................


THE WICHITA EISENHOWER NATIONAL CLIMATE NORMALS FOR TOMORROW
                         NORMAL    RECORD    YEAR
 MAXIMUM TEMPERATURE (F)   65        91      1890
 MINIMUM TEMPERATURE (F)   42        18      2018


SUNRISE AND SUNSET
APRIL  6 2020.........SUNRISE   707 AM CDT   SUNSET   758 PM CDT
APRIL  7 2020.........SUNRISE   705 AM CDT   SUNSET   758 PM CDT


-  INDICATES NEGATIVE NUMBERS.
R  INDICATES RECORD WAS SET OR TIED.
MM INDICATES DATA IS MISSING.
T  INDICATES TRACE AMOUNT.




$$
