000
CDUS43 KICT 280622
CLIICT

CLIMATE REPORT
NATIONAL WEATHER SERVICE WICHITA KANSAS
122 AM CDT WED OCT 28 2020

...................................

...THE WICHITA EISENHOWER NATIONAL CLIMATE SUMMARY FOR OCTOBER 27 2020...

CLIMATE NORMAL PERIOD 1981 TO 2010
CLIMATE RECORD PERIOD 1888 TO 2020


WEATHER ITEM   OBSERVED TIME   RECORD YEAR NORMAL DEPARTURE LAST
                VALUE   (LST)  VALUE       VALUE  FROM      YEAR
                                                  NORMAL
...................................................................
TEMPERATURE (F)
 YESTERDAY
  MAXIMUM         32   1159 PM  86    1922  66    -34       57
  MINIMUM         27    832 AM  23    1957  43    -16       37
  AVERAGE         30                        54    -24       47

PRECIPITATION (IN)
  YESTERDAY        0.34          1.09 2002   0.07   0.27     0.00
  MONTH TO DATE    0.67                      2.50  -1.83     3.22
  SINCE SEP 1      2.25                      5.64  -3.39     4.20
  SINCE JAN 1     24.13                     29.73  -5.60    39.69

SNOWFALL (IN)
  YESTERDAY        0.3 R         0.0  2007   0.0    1.6      0.0
  MONTH TO DATE    1.6                       0.1    1.5      0.0
  SINCE SEP 1      1.6                       0.1    1.5      0.0
  SINCE JUL 1      1.6                       0.1    1.5      0.0
  SNOW DEPTH       T

DEGREE DAYS
 HEATING
  YESTERDAY       35                        11     24       18
  MONTH TO DATE  279                       195     84      218
  SINCE SEP 1    329                       237     92      218
  SINCE JUL 1    329                       238     91      218

 COOLING
  YESTERDAY        0                         0      0        0
  MONTH TO DATE   47                        35     12       29
  SINCE SEP 1    217                       257    -40      445
  SINCE JAN 1   1767                      1684     83     1881
...................................................................


WIND (MPH)
  HIGHEST WIND SPEED    18   HIGHEST WIND DIRECTION     N (10)
  HIGHEST GUST SPEED    25   HIGHEST GUST DIRECTION     N (360)
  AVERAGE WIND SPEED     9.4


SKY COVER
  POSSIBLE SUNSHINE  MM
  AVERAGE SKY COVER 1.0


WEATHER CONDITIONS
THE FOLLOWING WEATHER WAS RECORDED YESTERDAY.
  LT FREEZING RAIN
  SLEET
  FOG


RELATIVE HUMIDITY (PERCENT)
 HIGHEST    89           900 PM
 LOWEST     66           200 AM
 AVERAGE    78

..........................................................


THE WICHITA EISENHOWER NATIONAL CLIMATE NORMALS FOR TODAY
                         NORMAL    RECORD    YEAR
 MAXIMUM TEMPERATURE (F)   65        83      1938
                                             2016
 MINIMUM TEMPERATURE (F)   43        19      1925


SUNRISE AND SUNSET
OCTOBER 28 2020.......SUNRISE   751 AM CDT   SUNSET   635 PM CDT
OCTOBER 29 2020.......SUNRISE   752 AM CDT   SUNSET   634 PM CDT


-  INDICATES NEGATIVE NUMBERS.
R  INDICATES RECORD WAS SET OR TIED.
MM INDICATES DATA IS MISSING.
T  INDICATES TRACE AMOUNT.




$$
