000
CDUS43 KICT 030626
CLIICT


CLIMATE REPORT
NATIONAL WEATHER SERVICE WICHITA KS
126 AM CDT MON AUG 3 2020


...................................

...THE WICHITA EISENHOWER NATIONAL CLIMATE SUMMARY FOR AUGUST 2 2020...

CLIMATE NORMAL PERIOD 1981 TO 2010
CLIMATE RECORD PERIOD 1888 TO 2020


WEATHER ITEM   OBSERVED TIME   RECORD YEAR NORMAL DEPARTURE LAST
                VALUE   (LST)  VALUE       VALUE  FROM      YEAR
                                                  NORMAL
..................................................................
TEMPERATURE (F)
 YESTERDAY
  MAXIMUM         84    331 PM 111    2011  92     -8       83
  MINIMUM         68   1134 PM  56    2009  70     -2       70
  AVERAGE         76                        81     -5       77

PRECIPITATION (IN)
  YESTERDAY        0.00          3.09 1895   0.11  -0.11     0.11
  MONTH TO DATE    0.00                      0.22  -0.22     0.29
  SINCE JUN 1      6.38                      8.74  -2.36     7.86
  SINCE JAN 1     20.83                     20.60   0.23    27.46

SNOWFALL (IN)
  YESTERDAY        0.0           0.0  2007   0.0    0.0      0.0
  MONTH TO DATE    0.0                       0.0    0.0      0.0
  SINCE JUN 1      T                         0.0    0.0      0.0
  SINCE JUL 1      T                         0.0    0.0      0.0
  SNOW DEPTH       0

DEGREE DAYS
 HEATING
  YESTERDAY        0                         0      0        0
  MONTH TO DATE    0                         0      0        0
  SINCE JUN 1      0                         6     -6        0
  SINCE JUL 1      0                         0      0        0

 COOLING
  YESTERDAY       11                        16     -5       12
  MONTH TO DATE   22                        32    -10       29
  SINCE JUN 1   1032                       858    174      880
  SINCE JAN 1   1142                       994    148      996
..................................................................


WIND (MPH)
  HIGHEST WIND SPEED    20   HIGHEST WIND DIRECTION     N (360)
  HIGHEST GUST SPEED    34   HIGHEST GUST DIRECTION    NW (330)
  AVERAGE WIND SPEED    10.5


SKY COVER
  POSSIBLE SUNSHINE  MM
  AVERAGE SKY COVER 0.3


WEATHER CONDITIONS
 THE FOLLOWING WEATHER WAS RECORDED YESTERDAY.
  NO SIGNIFICANT WEATHER WAS OBSERVED.


RELATIVE HUMIDITY (PERCENT)
 HIGHEST    84           300 AM
 LOWEST     34           400 PM
 AVERAGE    59

..........................................................


THE WICHITA EISENHOWER NATIONAL CLIMATE NORMALS FOR TODAY
                         NORMAL    RECORD    YEAR
 MAXIMUM TEMPERATURE (F)   92       109      2010
 MINIMUM TEMPERATURE (F)   70        53      1974


SUNRISE AND SUNSET
AUGUST  3 2020........SUNRISE   636 AM CDT   SUNSET   835 PM CDT
AUGUST  4 2020........SUNRISE   636 AM CDT   SUNSET   834 PM CDT


-  INDICATES NEGATIVE NUMBERS.
R  INDICATES RECORD WAS SET OR TIED.
MM INDICATES DATA IS MISSING.
T  INDICATES TRACE AMOUNT.




$$
