795
CDUS43 KICT 152311
CLIICT


CLIMATE REPORT
NATIONAL WEATHER SERVICE WICHITA KS
511 PM CST SUN DEC 15 2019


...................................

...THE WICHITA EISENHOWER NATIONAL CLIMATE SUMMARY FOR DECEMBER 15 2019...
VALID TODAY AS OF 0500 PM LOCAL TIME.

CLIMATE NORMAL PERIOD 1981 TO 2010
CLIMATE RECORD PERIOD 1888 TO 2019


WEATHER ITEM   OBSERVED TIME   RECORD YEAR NORMAL DEPARTURE LAST
                VALUE   (LST)  VALUE       VALUE  FROM      YEAR
                                                  NORMAL
..................................................................
TEMPERATURE (F)
 TODAY
  MAXIMUM         30    247 PM  66    2006  43    -13       56
                                      1939
  MINIMUM         27    459 PM -10    1989  24      3       22
  AVERAGE         29                        33     -4       39

PRECIPITATION (IN)
  TODAY            0.09          2.57 1984   0.04   0.05     0.00
  MONTH TO DATE    0.09                      0.64  -0.55     0.02
  SINCE DEC 1      0.09                      0.64  -0.55     0.02
  SINCE JAN 1     40.42                     32.08   8.34    29.03

SNOWFALL (IN)
  TODAY            T             1.6  2007   0.1   -0.1      0.0
  MONTH TO DATE    T                         2.0   -2.0       T
  SINCE DEC 1      T                         2.0   -2.0       T
  SINCE JUL 1      0.4                       3.4   -3.0      3.7
  SNOW DEPTH       0

DEGREE DAYS
 HEATING
  TODAY           36                        32      4       26
  MONTH TO DATE  394                       444    -50      442
  SINCE DEC 1    394                       444    -50      442
  SINCE JUL 1   1374                      1320     54     1451

 COOLING
  TODAY            0                         0      0        0
  MONTH TO DATE    0                         0      0        0
  SINCE DEC 1      0                         0      0        0
  SINCE JAN 1   1881                      1686    195     2125
..................................................................


WIND (MPH)
  HIGHEST WIND SPEED    18   HIGHEST WIND DIRECTION    NE (60)
  HIGHEST GUST SPEED    23   HIGHEST GUST DIRECTION     N (360)
  AVERAGE WIND SPEED    11.7


SKY COVER
  POSSIBLE SUNSHINE  MM
  AVERAGE SKY COVER 1.0


WEATHER CONDITIONS
 THE FOLLOWING WEATHER WAS RECORDED TODAY.
  LT FREEZING RAIN
  SNOW
  LIGHT SNOW
  SLEET
  FOG


RELATIVE HUMIDITY (PERCENT)
 HIGHEST    85          1100 AM
 LOWEST     63           100 AM
 AVERAGE    74

..........................................................


THE WICHITA EISENHOWER NATIONAL CLIMATE NORMALS FOR TOMORROW
                         NORMAL    RECORD    YEAR
 MAXIMUM TEMPERATURE (F)   43        69      1939
 MINIMUM TEMPERATURE (F)   24        -6      1989


SUNRISE AND SUNSET
DECEMBER 15 2019......SUNRISE   737 AM CST   SUNSET   512 PM CST
DECEMBER 16 2019......SUNRISE   738 AM CST   SUNSET   512 PM CST


-  INDICATES NEGATIVE NUMBERS.
R  INDICATES RECORD WAS SET OR TIED.
MM INDICATES DATA IS MISSING.
T  INDICATES TRACE AMOUNT.




$$
