000
CDUS43 KICT 212210
CLIICT


CLIMATE REPORT
NATIONAL WEATHER SERVICE WICHITA KS
510 PM CDT MON OCT 21 2019


...................................

...THE WICHITA EISENHOWER NATIONAL CLIMATE SUMMARY FOR OCTOBER 21 2019...
VALID TODAY AS OF 0500 PM LOCAL TIME.

CLIMATE NORMAL PERIOD 1981 TO 2010
CLIMATE RECORD PERIOD 1888 TO 2019


WEATHER ITEM   OBSERVED TIME   RECORD YEAR NORMAL DEPARTURE LAST
                VALUE   (LST)  VALUE       VALUE  FROM      YEAR
                                                  NORMAL
..................................................................
TEMPERATURE (F)
 TODAY
  MAXIMUM         66    240 PM  89    2012  68     -2       70
                                      1978
  MINIMUM         48    707 AM  29    1976  45      3       37
  AVERAGE         57                        56      1       54

PRECIPITATION (IN)
  TODAY            0.00          2.38 1900   0.10  -0.10     0.00
  MONTH TO DATE    3.21                      2.03   1.18     5.51
  SINCE SEP 1      4.19                      5.17  -0.98     8.28
  SINCE JAN 1     39.68                     29.26  10.42    27.43

SNOWFALL (IN)
  TODAY            0.0           0.0  2007   0.0    0.0      0.0
  MONTH TO DATE    0.0                       0.0    0.0      0.7
  SINCE SEP 1      0.0                       0.0    0.0      0.7
  SINCE JUL 1      0.0                       0.0    0.0      0.7
  SNOW DEPTH       0

DEGREE DAYS
 HEATING
  TODAY            8                         9     -1       11
  MONTH TO DATE  128                       134     -6      190
  SINCE SEP 1    128                       176    -48      207
  SINCE JUL 1    128                       177    -49      207

 COOLING
  TODAY            0                         1     -1        0
  MONTH TO DATE   29                        34     -5       50
  SINCE SEP 1    445                       256    189      302
  SINCE JAN 1   1881                      1683    198     2125
..................................................................


WIND (MPH)
  HIGHEST WIND SPEED    33   HIGHEST WIND DIRECTION     W (280)
  HIGHEST GUST SPEED    45   HIGHEST GUST DIRECTION     W (270)
  AVERAGE WIND SPEED    20.1


SKY COVER
  POSSIBLE SUNSHINE  MM
  AVERAGE SKY COVER 0.2


WEATHER CONDITIONS
 THE FOLLOWING WEATHER WAS RECORDED TODAY.
  NO SIGNIFICANT WEATHER WAS OBSERVED.


RELATIVE HUMIDITY (PERCENT)
 HIGHEST    56           500 AM
 LOWEST     24           100 PM
 AVERAGE    40

..........................................................


THE WICHITA EISENHOWER NATIONAL CLIMATE NORMALS FOR TOMORROW
                         NORMAL    RECORD    YEAR
 MAXIMUM TEMPERATURE (F)   68        87      1899
 MINIMUM TEMPERATURE (F)   45        26      2006


SUNRISE AND SUNSET
OCTOBER 21 2019.......SUNRISE   743 AM CDT   SUNSET   645 PM CDT
OCTOBER 22 2019.......SUNRISE   744 AM CDT   SUNSET   643 PM CDT


-  INDICATES NEGATIVE NUMBERS.
R  INDICATES RECORD WAS SET OR TIED.
MM INDICATES DATA IS MISSING.
T  INDICATES TRACE AMOUNT.




$$
