000
CXUS53 KIND 010700
CF6BMG
PRELIMINARY LOCAL CLIMATOLOGICAL DATA (WS FORM: F-6)
STATION: BLOOMINGTON IN
MONTH: NOVEMBER
YEAR: 2022
LATITUDE: 39 7 N
LONGITUDE: 86 37 W
TEMPERATURE IN F: :PCPN: SNOW: WIND :SUNSHINE: SKY :PK WND
================================================================================
1 2 3 4 5 6A 6B 7 8 9 10 11 12 13 14 15 16 17 18
12Z AVG MX 2MIN
DY MAX MIN AVG DEP HDD CDD WTR SNW DPTH SPD SPD DIR MIN PSBL S-S WX SPD DR
================================================================================
1 69 45 57 8 8 0 0.00 M M 3.1 9 220 M M 4 18 13 210
2 67 43 55 6 10 0 0.00 M M 3.7 12 140 M M 0 18 16 150
3 74 42 58 10 7 0 0.00 M M 4.7 15 180 M M 2 12 19 150
4 77 49 63 15 2 0 0.00 M M 9.8 21 190 M M 1 30 200
5 68 52 60 12 5 0 0.19 M M 15.0 37 150 M M 5 57 160
6 69 41 55 8 10 0 0.00 M M 6.2 20 230 M M 0 30 230
7 66 42 54 7 11 0 0.00 M M 7.0 16 10 M M 0 22 30
8 64 46 55 9 10 0 0.00 M M 8.9 15 100 M M 1 24 90
9 75 46 61 15 4 0 0.00 M M 4.6 12 120 M M 0 8 16 110
10 74 43 59 13 6 0 0.00 M M 5.6 15 180 M M 0 22 190
11 65 32 49 4 16 0 0.00 M M 5.6 20 280 M M 4 26 280
12 32 28 30 -15 35 0 0.17 M M 7.7 14 270 M M 8 12 21 260
13 41 30 36 -8 29 0 0.00 M M 4.3 13 290 M M 9 18 300
14 44 27 36 -8 29 0 0.00 M M 4.8 14 110 M M 5 17 110
15 42 36 39 -5 26 0 T M M 6.1 14 270 M M 9 18 20 270
16 37 29 33 -10 32 0 T M M 9.2 18 260 M M 10 18 29 280
17 35 28 32 -11 33 0 0.00 M M 8.8 16 240 M M 9 23 250
18 35 25 30 -13 35 0 0.00 M M 8.9 20 270 M M 8 31 280
19 36 17 27 -15 38 0 0.00 M M 11.3 26 230 M M 3 39 290
20 35 15 25 -17 40 0 0.00 M M 5.3 15 280 M M 0 25 320
21 51 24 38 -4 27 0 0.00 M M 9.1 20 230 M M 0 26 220
22 57 25 41 0 24 0 0.00 M M 5.3 17 230 M M 0 26 250
23 61 23 42 1 23 0 0.00 M M 2.2 9 150 M M 0 13 240
24 62 26 44 4 21 0 T M M 3.6 13 210 M M 5 16 200
25 55 27 41 1 24 0 0.02 M M 4.0 10 20 M M 5 18 14 10
26 56 23 40 0 25 0 0.12 M M 3.5 13 150 M M 3 128 15 140
27 56 43 50 10 15 0 0.66 M M 10.5 28 220 M M 10 1 43 210
28 46 42 44 5 21 0 T M M 3.5 9 180 M M 10 18 13 180
29 62 43 53 14 12 0 0.05 M M 10.8 22 150 M M 6 18 32 180
30 59 27 43 4 22 0 0.18 M M 12.4 24 300 M M 3 1 37 320
================================================================================
SM 1670 1019 600 0 1.39 M 205.5 M 120
================================================================================
AV 55.7 34.0 6.9 FASTST M M 4 MAX(MPH)
MISC ----> 37 150 57 160
================================================================================
NOTES:
# LAST OF SEVERAL OCCURRENCES
COLUMN 17 PEAK WIND IN M.P.H.
PRELIMINARY LOCAL CLIMATOLOGICAL DATA (WS FORM: F-6) , PAGE 2
STATION: BLOOMINGTON IN
MONTH: NOVEMBER
YEAR: 2022
LATITUDE: 39 7 N
LONGITUDE: 86 37 W
[TEMPERATURE DATA] [PRECIPITATION DATA] SYMBOLS USED IN COLUMN 16
AVERAGE MONTHLY: 44.8 TOTAL FOR MONTH: 1.39 1 = FOG OR MIST
DPTR FM NORMAL: 1.1 DPTR FM NORMAL: -2.34 2 = FOG REDUCING VISIBILITY
HIGHEST: 77 ON 4 GRTST 24HR 0.78 ON 26-27 TO 1/4 MILE OR LESS
LOWEST: 15 ON 20 3 = THUNDER
SNOW, ICE PELLETS, HAIL 4 = ICE PELLETS
TOTAL MONTH: M 5 = HAIL
GRTST 24HR M ON M 6 = FREEZING RAIN OR DRIZZLE
GRTST DEPTH: M ON M 7 = DUSTSTORM OR SANDSTORM:
VSBY 1/2 MILE OR LESS
8 = SMOKE OR HAZE
[NO. OF DAYS WITH] [WEATHER - DAYS WITH] 9 = BLOWING SNOW
X = TORNADO
MAX 32 OR BELOW: 1 0.01 INCH OR MORE: 7
MAX 90 OR ABOVE: 0 0.10 INCH OR MORE: 5
MIN 32 OR BELOW: 16 0.50 INCH OR MORE: 1
MIN 0 OR BELOW: 0 1.00 INCH OR MORE: 0
[HDD (BASE 65) ]
TOTAL THIS MO. 600 CLEAR (SCALE 0-3) 14
DPTR FM NORMAL -39 PTCLDY (SCALE 4-7) 10
TOTAL FM JUL 1 953 CLOUDY (SCALE 8-10) 6
DPTR FM NORMAL -81
[CDD (BASE 65) ]
TOTAL THIS MO. 0
DPTR FM NORMAL 0 [PRESSURE DATA]
TOTAL FM JAN 1 1312 HIGHEST SLP M ON M
DPTR FM NORMAL 288 LOWEST SLP 29.38 ON 27
[REMARKS]
#FINAL-11-22#