000
CDUS43 KIWX 200537
CLISBN


CLIMATE REPORT
NATIONAL WEATHER SERVICE NORTHERN INDIANA
137 AM EDT FRI APR 20 2018


...................................

...THE SOUTH BEND CLIMATE SUMMARY FOR APRIL 19 2018...

CLIMATE NORMAL PERIOD 1981 TO 2010
CLIMATE RECORD PERIOD 1893 TO 2018


WEATHER ITEM   OBSERVED TIME   RECORD YEAR NORMAL DEPARTURE LAST
                VALUE   (LST)  VALUE       VALUE  FROM      YEAR
                                                  NORMAL
..................................................................
TEMPERATURE (F)
 YESTERDAY
  MAXIMUM         45    318 PM  84    1985  61    -16       71
  MINIMUM         27   1159 PM  20    1926  40    -13       51
  AVERAGE         36                        50    -14       61

PRECIPITATION (IN)
  YESTERDAY        0.14          1.80 1941   0.11   0.03     0.10
  MONTH TO DATE    2.92                      2.01   0.91     1.49
  SINCE MAR 1      4.70                      4.43   0.27     5.72
  SINCE JAN 1     14.71                      8.67   6.04    12.71

SNOWFALL (IN)
  YESTERDAY        0.2           0.6  1953   0.0    0.2      0.0
  MONTH TO DATE    1.5                       1.2    0.3      0.6
  SINCE MAR 1      9.1                       8.3    0.8      8.5
  SINCE JUL 1     93.1                      66.4   26.7     42.2
  SNOW DEPTH       T

DEGREE DAYS
 HEATING
  YESTERDAY       29                        15     14        4
  MONTH TO DATE  549                       346    203      274
  SINCE MAR 1   1496                      1201    295     1136
  SINCE JUL 1   6189                      5890    299     5113

 COOLING
  YESTERDAY        0                         0      0        0
  MONTH TO DATE    0                         0      0        4
  SINCE MAR 1      0                         1     -1        4
  SINCE JAN 1      0                         1     -1        4
..................................................................


WIND (MPH)
  HIGHEST WIND SPEED    24   HIGHEST WIND DIRECTION    NW (330)
  HIGHEST GUST SPEED    30   HIGHEST GUST DIRECTION    NW (320)
  AVERAGE WIND SPEED    13.9


SKY COVER
  AVERAGE SKY COVER 0.2


WEATHER CONDITIONS
 THE FOLLOWING WEATHER WAS RECORDED YESTERDAY.
  LIGHT RAIN
  LIGHT SNOW
  FOG


RELATIVE HUMIDITY (PERCENT)
 HIGHEST    92           200 AM
 LOWEST     44           700 PM
 AVERAGE    68

..........................................................


THE SOUTH BEND CLIMATE NORMALS FOR TODAY
                         NORMAL    RECORD    YEAR
 MAXIMUM TEMPERATURE (F)   61        83      1987
 MINIMUM TEMPERATURE (F)   40        15      1897


SUNRISE AND SUNSET
APRIL 20 2018.........SUNRISE   658 AM EDT   SUNSET   831 PM EDT
APRIL 21 2018.........SUNRISE   656 AM EDT   SUNSET   833 PM EDT


-  INDICATES NEGATIVE NUMBERS.
R  INDICATES RECORD WAS SET OR TIED.
MM INDICATES DATA IS MISSING.
T  INDICATES TRACE AMOUNT.




$$
