000
CDUS43 KLMK 012026
CLIBWG


CLIMATE REPORT
NATIONAL WEATHER SERVICE LOUISVILLE KY
426 PM EDT SUN APR 1 2018


...................................

...THE BOWLING GREEN CLIMATE SUMMARY FOR APRIL 1 2018...
VALID TODAY AS OF 0400 PM LOCAL TIME.

CLIMATE NORMAL PERIOD 1981 TO 2010
CLIMATE RECORD PERIOD 1870 TO 2018


WEATHER ITEM   OBSERVED TIME   RECORD YEAR NORMAL DEPARTURE LAST
                VALUE   (LST)  VALUE       VALUE  FROM      YEAR
                                                  NORMAL
..................................................................
TEMPERATURE (F)
 TODAY
  MAXIMUM         54    200 PM  87    1940  65    -11       58
                                      1905
  MINIMUM         48        MM  19    1923  41      7       41
  AVERAGE         51                        53     -2       50

PRECIPITATION (IN)
  TODAY            0.08          3.22 1970   0.13  -0.05     0.00
  MONTH TO DATE    0.08                      0.13  -0.05     0.00
  SINCE MAR 1      4.34                      4.54  -0.20     3.79
  SINCE JAN 1     15.21                     12.11   3.10    10.37

SNOWFALL (IN)
  TODAY            0.0           0.0    MM   0.0    0.0      0.0
  MONTH TO DATE    0.0                       0.0    0.0      0.0
  SINCE MAR 1      2.3                       1.1    1.2       T
  SINCE JUL 1     10.7                       8.9    1.8      0.7
  SNOW DEPTH       0

DEGREE DAYS
 HEATING
  TODAY           14                        12      2       15
  MONTH TO DATE   14                        12      2       15
  SINCE MAR 1    557                       532     25      454
  SINCE JUL 1   3571                      3730   -159     2835

 COOLING
  TODAY            0                         0      0        0
  MONTH TO DATE    0                         0      0        0
  SINCE MAR 1      0                         5     -5        6
  SINCE JAN 1     15                         5     10       10
..................................................................


WIND (MPH)
  HIGHEST WIND SPEED     7   HIGHEST WIND DIRECTION     N (20)
  HIGHEST GUST SPEED    MM   HIGHEST GUST DIRECTION    MM
  AVERAGE WIND SPEED     3.5


SKY COVER
  POSSIBLE SUNSHINE  MM
  AVERAGE SKY COVER 1.0


WEATHER CONDITIONS
 THE FOLLOWING WEATHER WAS RECORDED TODAY.
  LIGHT RAIN
  FOG


RELATIVE HUMIDITY (PERCENT)
 HIGHEST   100           500 AM
 LOWEST     83          1200 PM
 AVERAGE    92

..........................................................


THE BOWLING GREEN CLIMATE NORMALS FOR TOMORROW
                         NORMAL    RECORD    YEAR
 MAXIMUM TEMPERATURE (F)   66        88      1946
 MINIMUM TEMPERATURE (F)   42        23      1924


SUNRISE AND SUNSET
APRIL  1 2018.........SUNRISE   632 AM CDT   SUNSET   708 PM CDT
APRIL  2 2018.........SUNRISE   630 AM CDT   SUNSET   709 PM CDT


-  INDICATES NEGATIVE NUMBERS.
R  INDICATES RECORD WAS SET OR TIED.
MM INDICATES DATA IS MISSING.
T  INDICATES TRACE AMOUNT.




$$
