000
CXUS56 KFGZ 010910
CF6GCN
PRELIMINARY LOCAL CLIMATOLOGICAL DATA (WS FORM: F-6)
STATION: GRAND CANYON AZ AIRPORT
MONTH: MAY
YEAR: 2022
LATITUDE: 35 57 N
LONGITUDE: 112 9 W
TEMPERATURE IN F: :PCPN: SNOW: WIND :SUNSHINE: SKY :PK WND
================================================================================
1 2 3 4 5 6A 6B 7 8 9 10 11 12 13 14 15 16 17 18
12Z AVG MX 2MIN
DY MAX MIN AVG DEP HDD CDD WTR SNW DPTH SPD SPD DIR MIN PSBL S-S WX SPD DR
================================================================================
1 70 24 47 1 18 0 0.00 M M 14.6 39 210 M M 0 51 210
2 71 22 47 0 18 0 0.00 M M 9.4 24 220 M M 0 33 260
3 65 29 47 0 18 0 0.00 M M 12.8 29 230 M M 1 39 240
4 66 21 44 -3 21 0 0.00 M M 4.3 14 360 M M 0 18 10
5 76 25 51 3 14 0 0.00 M M 4.2 18 240 M M 0 28 230
6 80 30 55 7 10 0 0.00 M M 8.3 24 200 M M 0 31 240
7 78 40 59 11 6 0 0.00 M M 16.8 39 210 M M 0 52 210
8 70 49 60 11 5 0 0.00 M M 24.1 38 230 M M 0 54 220
9 66 36 51 2 14 0 0.00 M M 18.3 36 210 M M 0 46 220
10 67 37 52 3 13 0 0.00 M M 17.0 36 220 M M 0 49 200
11 65 24 45 -5 20 0 0.00 M M 15.9 36 210 M M 0 51 210
12 66 18 42 -8 23 0 0.00 M M 4.7 15 220 M M 0 24 240
13 74 20 47 -3 18 0 0.00 M M 4.4 15 230 M M 0 20 230
14 81 25 53 3 12 0 0.00 M M 3.1 18 220 M M 0 29 220
15 87 31 59 8 6 0 0.00 M M 6.1 24 210 M M 0 32 210
16 81 36 59 8 6 0 0.00 M M 7.4 25 210 M M 0 32 210
17 81 33 57 5 8 0 0.00 M M 7.3 24 210 M M 0 31 200
18 81 32 57 5 8 0 0.00 M M 2.8 18 260 M M 0 23 260
19 82 32 57 5 8 0 0.00 M M 11.1 30 240 M M 0 50 210
20 72 43 58 6 7 0 0.00 M M 12.8 30 230 M M 1 78 42 220
21 73 31 52 -1 13 0 0.00 M M 8.1 24 200 M M 3 39 220
22 76 32 54 1 11 0 0.00 M M 7.8 29 220 M M 0 39 220
23 71 34 53 0 12 0 0.00 M M 5.9 18 250 M M 2 29 280
24 72 26 49 -5 16 0 0.00 M M 4.4 17 300 M M 0 28 250
25 82 31 57 3 8 0 0.00 M M 4.5 14 230 M M 0 20 250
26 85 35 60 6 5 0 0.00 M M 6.3 24 220 M M 0 31 220
27 84 36 60 5 5 0 0.00 M M 8.7 25 220 M M 0 34 220
28 78 39 59 4 6 0 0.00 M M 15.3 37 220 M M 0 49 210
29 71 31 51 -4 14 0 0.00 M M 11.8 26 230 M M 1 43 230
30 68 24 46 -10 19 0 0.00 M M 7.5 26 220 M M 0 40 220
31 75 23 49 -7 16 0 0.00 M M 6.9 25 210 M M 0 37 210
================================================================================
SM 2314 949 378 0 0.00 M 292.6 M 8
================================================================================
AV 74.6 30.6 9.4 FASTST M M 0 MAX(MPH)
MISC ----> # 39 210 54 220
================================================================================
NOTES:
# LAST OF SEVERAL OCCURRENCES
COLUMN 17 PEAK WIND IN M.P.H.
PRELIMINARY LOCAL CLIMATOLOGICAL DATA (WS FORM: F-6) , PAGE 2
STATION: GRAND CANYON AZ AIRPORT
MONTH: MAY
YEAR: 2022
LATITUDE: 35 57 N
LONGITUDE: 112 9 W
[TEMPERATURE DATA] [PRECIPITATION DATA] SYMBOLS USED IN COLUMN 16
AVERAGE MONTHLY: 52.6 TOTAL FOR MONTH: 0.00 1 = FOG OR MIST
DPTR FM NORMAL: 1.5 DPTR FM NORMAL: -0.61 2 = FOG REDUCING VISIBILITY
HIGHEST: 87 ON 15 GRTST 24HR 0.00 ON 1- 1 TO 1/4 MILE OR LESS
LOWEST: 18 ON 12 3 = THUNDER
SNOW, ICE PELLETS, HAIL 4 = ICE PELLETS
TOTAL MONTH: M 5 = HAIL
GRTST 24HR M ON M 6 = FREEZING RAIN OR DRIZZLE
GRTST DEPTH: M ON M 7 = DUSTSTORM OR SANDSTORM:
VSBY 1/2 MILE OR LESS
8 = SMOKE OR HAZE
[NO. OF DAYS WITH] [WEATHER - DAYS WITH] 9 = BLOWING SNOW
X = TORNADO
MAX 32 OR BELOW: 0 0.01 INCH OR MORE: 0
MAX 90 OR ABOVE: 0 0.10 INCH OR MORE: 0
MIN 32 OR BELOW: 20 0.50 INCH OR MORE: 0
MIN 0 OR BELOW: 0 1.00 INCH OR MORE: 0
[HDD (BASE 65) ]
TOTAL THIS MO. 378 CLEAR (SCALE 0-3) 30
DPTR FM NORMAL -52 PTCLDY (SCALE 4-7) 1
TOTAL FM JUL 1 6374 CLOUDY (SCALE 8-10) 0
DPTR FM NORMAL -269
[CDD (BASE 65) ]
TOTAL THIS MO. 0
DPTR FM NORMAL 0 [PRESSURE DATA]
TOTAL FM JAN 1 0 HIGHEST SLP M ON M
DPTR FM NORMAL 0 LOWEST SLP 29.42 ON 8
[REMARKS]
#FINAL-05-22#