000
CXUS56 KFGZ 010910
CF6GCN
PRELIMINARY LOCAL CLIMATOLOGICAL DATA (WS FORM: F-6)
STATION: GRAND CANYON AZ AIRPORT
MONTH: MARCH
YEAR: 2021
LATITUDE: 35 57 N
LONGITUDE: 112 9 W
TEMPERATURE IN F: :PCPN: SNOW: WIND :SUNSHINE: SKY :PK WND
================================================================================
1 2 3 4 5 6A 6B 7 8 9 10 11 12 13 14 15 16 17 18
12Z AVG MX 2MIN
DY MAX MIN AVG DEP HDD CDD WTR SNW DPTH SPD SPD DIR MIN PSBL S-S WX SPD DR
================================================================================
1 49 5 27 -7 38 0 0.00 M M 5.5 16 70 M M 0 21 60
2 55 7 31 -3 34 0 0.00 M M 5.2 17 40 M M 0 23 80
3 59 10 35 1 30 0 T M M 10.8 35 210 M M 2 1 46 210
4 47 20 34 -1 31 0 0.02 M M 7.9 17 220 M M 5 1 24 320
5 59 14 37 2 28 0 0.00 M M 7.9 23 40 M M 0 32 50
6 63 21 42 7 23 0 0.00 M M 6.1 23 210 M M 0 32 210
7 64 17 41 6 24 0 0.00 M M 6.0 20 210 M M 0 26 250
8 63 36 50 15 15 0 0.00 M M 14.1 32 210 M M 2 43 210
9 56 26 41 5 24 0 0.00 M M 14.4 36 220 M M 2 52 210
10 44 11 28 -8 37 0 T M M 10.3 29 210 M M 6 8 38 210
11 39 25 32 -4 33 0 0.05 M M 9.1 26 210 M M 9 18 30 210
12 31 19 25 -11 40 0 0.24 M M 5.2 20 230 M M 8 12 24 240
13 31 11 21 -15 44 0 0.05 M M 4.7 16 220 M M 9 12 20 280
14 45 7 26 -11 39 0 T M M 5.6 18 310 M M 3 1 29 310
15 47 21 34 -3 31 0 T M M 11.5 31 210 M M 5 18 43 210
16 32 19 26 -11 39 0 0.20 M M 5.8 21 210 M M 10 12 26 210
17 51 11 31 -6 34 0 0.00 M M 1.7 10 220 M M 2 1 14 220
18 60 26 43 6 22 0 0.00 M M 2.5 14 210 M M 0 19 200
19 63 22 43 6 22 0 0.00 M M 4.6 16 210 M M 0 24 220
20 59 29 44 6 21 0 T M M 12.8 35 210 M M 4 46 220
21 52 17 35 -3 30 0 0.00 M M 4.4 16 230 M M 1 24 230
22 48 13 31 -7 34 0 0.00 M M 5.9 16 250 M M 1 24 250
23 37 22 30 -8 35 0 0.31 M M 4.8 21 210 M M 9 12 27 220
24 44 24 34 -4 31 0 0.00 M M 3.7 17 50 M M 5 20 50
25 41 22 32 -6 33 0 T M M 12.5 35 210 M M 7 18 44 210
26 39 24 32 -7 33 0 0.18 M M 8.0 18 210 M M 8 128 24 210
27 52 17 35 -4 30 0 0.00 M M 4.1 17 40 M M 0 21 50
28 63 22 43 4 22 0 0.00 M M 3.9 13 210 M M 0 17 220
29 66 20 43 4 22 0 0.00 M M 7.9 20 240 M M 0 35 220
30 54 16 35 -4 30 0 0.00 M M 4.1 16 360 M M 0 24 350
31 54 16 35 -4 30 0 0.00 M M 10.4 21 70 M M 0 26 70
================================================================================
SM 1567 570 939 0 1.05 M 221.4 M 98
================================================================================
AV 50.5 18.4 7.1 FASTST M M 3 MAX(MPH)
MISC ----> 36 220 52 210
================================================================================
NOTES:
# LAST OF SEVERAL OCCURRENCES
COLUMN 17 PEAK WIND IN M.P.H.
PRELIMINARY LOCAL CLIMATOLOGICAL DATA (WS FORM: F-6) , PAGE 2
STATION: GRAND CANYON AZ AIRPORT
MONTH: MARCH
YEAR: 2021
LATITUDE: 35 57 N
LONGITUDE: 112 9 W
[TEMPERATURE DATA] [PRECIPITATION DATA] SYMBOLS USED IN COLUMN 16
AVERAGE MONTHLY: 34.5 TOTAL FOR MONTH: 1.05 1 = FOG OR MIST
DPTR FM NORMAL: -2.3 DPTR FM NORMAL: -0.59 2 = FOG REDUCING VISIBILITY
HIGHEST: 66 ON 29 GRTST 24HR 0.31 ON 23-23 TO 1/4 MILE OR LESS
LOWEST: 5 ON 1 3 = THUNDER
SNOW, ICE PELLETS, HAIL 4 = ICE PELLETS
TOTAL MONTH: M 5 = HAIL
GRTST 24HR M ON M 6 = FREEZING RAIN OR DRIZZLE
GRTST DEPTH: M ON M 7 = DUSTSTORM OR SANDSTORM:
VSBY 1/2 MILE OR LESS
8 = SMOKE OR HAZE
[NO. OF DAYS WITH] [WEATHER - DAYS WITH] 9 = BLOWING SNOW
X = TORNADO
MAX 32 OR BELOW: 3 0.01 INCH OR MORE: 7
MAX 90 OR ABOVE: 0 0.10 INCH OR MORE: 4
MIN 32 OR BELOW: 30 0.50 INCH OR MORE: 0
MIN 0 OR BELOW: 0 1.00 INCH OR MORE: 0
[HDD (BASE 65) ]
TOTAL THIS MO. 939 CLEAR (SCALE 0-3) 19
DPTR FM NORMAL 65 PTCLDY (SCALE 4-7) 8
TOTAL FM JUL 1 5664 CLOUDY (SCALE 8-10) 4
DPTR FM NORMAL -224
[CDD (BASE 65) ]
TOTAL THIS MO. 0
DPTR FM NORMAL 0 [PRESSURE DATA]
TOTAL FM JAN 1 0 HIGHEST SLP M ON M
DPTR FM NORMAL 0 LOWEST SLP 29.57 ON 16
[REMARKS]
#FINAL-03-21#