000
CXUS56 KFGZ 010900
CF6GCN
PRELIMINARY LOCAL CLIMATOLOGICAL DATA (WS FORM: F-6)
STATION: GRAND CANYON AZ AIRPORT
MONTH: MARCH
YEAR: 2020
LATITUDE: 35 57 N
LONGITUDE: 112 9 W
TEMPERATURE IN F: :PCPN: SNOW: WIND :SUNSHINE: SKY :PK WND
================================================================================
1 2 3 4 5 6A 6B 7 8 9 10 11 12 13 14 15 16 17 18
12Z AVG MX 2MIN
DY MAX MIN AVG DEP HDD CDD WTR SNW DPTH SPD SPD DIR MIN PSBL S-S WX SPD DR
================================================================================
1 53 20 37 3 28 0 T M M 11.3 26 210 M M 4 8 38 220
2 49 21 35 1 30 0 0.01 M M 9.5 22 30 M M 3 8 29 30
3 55 18 37 3 28 0 0.00 M M 5.8 21 40 M M 0 28 40
4 59 16 38 3 27 0 0.00 M M 3.7 15 230 M M 0 23 220
5 62 17 40 5 25 0 0.00 M M 5.9 21 40 M M 0 26 40
6 62 22 42 7 23 0 0.00 M M 6.0 21 220 M M 0 27 210
7 60 22 41 6 24 0 0.00 M M 11.1 28 210 M M 2 38 210
8 52 25 39 4 26 0 T M M 11.6 25 210 M M 4 30 210
9 55 21 38 2 27 0 0.00 M M 6.6 16 210 M M 1 1 23 210
10 47 28 38 2 27 0 0.38 M M 3.8 14 200 M M 8 1 19 210
11 56 37 47 11 18 0 0.40 M M 5.5 18 240 M M 7 1 23 230
12 54 34 44 8 21 0 T M M 4.3 15 100 M M 5 1 21 110
13 45 28 37 1 28 0 0.65 M M 13.1 26 220 M M 7 13 35 220
14 48 33 41 4 24 0 0.06 M M 10.8 23 210 M M 8 1 31 210
15 53 27 40 3 25 0 0.00 M M 5.8 22 210 M M 3 26 210
16 57 22 40 3 25 0 0.00 M M 6.7 20 220 M M 0 29 210
17 54 27 41 4 24 0 0.00 M M 11.0 28 230 M M 2 36 230
18 45 30 38 1 27 0 0.35 M M 9.8 25 180 M M 7 12 38 180
19 34 23 29 -8 36 0 0.11 M M 12.1 21 210 M M 9 12 28 200
20 43 19 31 -7 34 0 T M M 3.7 14 190 M M 8 1 20 200
21 50 26 38 0 27 0 T M M 3.9 21 200 M M 5 26 210
22 52 24 38 0 27 0 0.00 M M 3.5 16 220 M M 2 20 210
23 47 24 36 -2 29 0 0.14 M M 8.5 37 210 M M 8 12 44 210
24 54 24 39 1 26 0 0.00 M M 7.7 25 210 M M 3 33 200
25 55 34 45 7 20 0 0.00 M M 14.0 29 200 M M 1 37 220
26 49 27 38 -1 27 0 T M M 13.1 29 220 M M 4 39 230
27 39 17 28 -11 37 0 0.04 M M 8.9 21 230 M M 6 128 28 250
28 48 10 29 -10 36 0 0.00 M M 2.4 16 250 M M 1 22 220
29 52 26 39 0 26 0 0.00 M M 4.9 22 240 M M 7 29 230
30 54 20 37 -2 28 0 0.00 M M 3.0 14 250 M M 2 20 340
31 64 20 42 3 23 0 0.00 M M 2.8 14 280 M M 0 19 300
================================================================================
SM 1607 742 833 0 2.14 M 230.8 M 117
================================================================================
AV 51.8 23.9 7.4 FASTST M M 4 MAX(MPH)
MISC ----> # 37 210 # 44 210
================================================================================
NOTES:
# LAST OF SEVERAL OCCURRENCES
COLUMN 17 PEAK WIND IN M.P.H.
PRELIMINARY LOCAL CLIMATOLOGICAL DATA (WS FORM: F-6) , PAGE 2
STATION: GRAND CANYON AZ AIRPORT
MONTH: MARCH
YEAR: 2020
LATITUDE: 35 57 N
LONGITUDE: 112 9 W
[TEMPERATURE DATA] [PRECIPITATION DATA] SYMBOLS USED IN COLUMN 16
AVERAGE MONTHLY: 37.9 TOTAL FOR MONTH: 2.14 1 = FOG OR MIST
DPTR FM NORMAL: 1.1 DPTR FM NORMAL: 0.50 2 = FOG REDUCING VISIBILITY
HIGHEST: 64 ON 31 GRTST 24HR 0.65 ON 13-13 TO 1/4 MILE OR LESS
LOWEST: 10 ON 28 3 = THUNDER
SNOW, ICE PELLETS, HAIL 4 = ICE PELLETS
TOTAL MONTH: M 5 = HAIL
GRTST 24HR M ON M 6 = FREEZING RAIN OR DRIZZLE
GRTST DEPTH: M ON M 7 = DUSTSTORM OR SANDSTORM:
VSBY 1/2 MILE OR LESS
8 = SMOKE OR HAZE
[NO. OF DAYS WITH] [WEATHER - DAYS WITH] 9 = BLOWING SNOW
X = TORNADO
MAX 32 OR BELOW: 0 0.01 INCH OR MORE: 9
MAX 90 OR ABOVE: 0 0.10 INCH OR MORE: 6
MIN 32 OR BELOW: 27 0.50 INCH OR MORE: 1
MIN 0 OR BELOW: 0 1.00 INCH OR MORE: 0
[HDD (BASE 65) ]
TOTAL THIS MO. 833 CLEAR (SCALE 0-3) 16
DPTR FM NORMAL -41 PTCLDY (SCALE 4-7) 12
TOTAL FM JUL 1 5528 CLOUDY (SCALE 8-10) 3
DPTR FM NORMAL -360
[CDD (BASE 65) ]
TOTAL THIS MO. 0
DPTR FM NORMAL 0 [PRESSURE DATA]
TOTAL FM JAN 1 0 HIGHEST SLP M ON M
DPTR FM NORMAL 0 LOWEST SLP 29.62 ON 13
[REMARKS]
#FINAL-03-20#