000
CXUS56 KFGZ 010910
CF6GCN
PRELIMINARY LOCAL CLIMATOLOGICAL DATA (WS FORM: F-6)
STATION: GRAND CANYON AZ AIRPORT
MONTH: MARCH
YEAR: 2022
LATITUDE: 35 57 N
LONGITUDE: 112 9 W
TEMPERATURE IN F: :PCPN: SNOW: WIND :SUNSHINE: SKY :PK WND
================================================================================
1 2 3 4 5 6A 6B 7 8 9 10 11 12 13 14 15 16 17 18
12Z AVG MX 2MIN
DY MAX MIN AVG DEP HDD CDD WTR SNW DPTH SPD SPD DIR MIN PSBL S-S WX SPD DR
================================================================================
1 58 17 38 3 27 0 0.00 M M 8.1 25 50 M M 0 33 50
2 66 15 41 6 24 0 0.00 M M 4.2 13 150 M M 0 18 170
3 67 24 46 11 19 0 0.00 M M 6.7 24 210 M M 1 31 200
4 49 23 36 0 29 0 0.04 M M 11.4 28 210 M M 7 128 37 210
5 38 23 31 -5 34 0 0.16 M M 13.5 33 210 M M 10 128 59 210
6 32 3 18 -18 47 0 0.03 M M 4.5 17 220 M M 9 1 21 210
7 33 13 23 -13 42 0 0.05 M M 3.4 20 330 M M 6 18 25 350
8 40 7 24 -12 41 0 0.00 M M 5.8 17 40 M M 0 22 30
9 47 15 31 -6 34 0 0.00 M M 7.1 22 230 M M 3 30 230
10 35 2 19 -18 46 0 0.24 M M 5.4 16 40 M M 9 12 21 30
11 41 -7 17 -20 48 0 0.00 M M 3.6 16 40 M M 0 1 18 60
12 51 15 33 -5 32 0 0.00 M M 4.6 12 40 M M 0 14 200
13 55 19 37 -1 28 0 0.00 M M 8.3 28 220 M M 0 35 230
14 55 18 37 -1 28 0 0.00 M M 4.1 16 40 M M 0 19 40
15 65 21 43 5 22 0 0.00 M M 4.8 22 210 M M 0 27 220
16 55 23 39 1 26 0 0.00 M M 5.1 16 360 M M 4 25 360
17 54 17 36 -3 29 0 0.00 M M 4.9 16 40 M M 0 21 40
18 56 17 37 -2 28 0 0.00 M M 3.5 14 300 M M 1 22 250
19 60 17 39 0 26 0 0.00 M M 8.6 25 220 M M 2 34 200
20 52 31 42 3 23 0 0.07 M M 7.6 22 210 M M 7 18 27 210
21 52 21 37 -3 28 0 0.00 M M 5.6 15 350 M M 0 24 340
22 55 18 37 -3 28 0 0.00 M M 4.3 16 50 M M 0 22 60
23 59 21 40 0 25 0 0.00 M M 5.7 16 310 M M 0 25 340
24 68 20 44 4 21 0 0.00 M M 4.3 13 340 M M 0 17 330
25 73 23 48 8 17 0 0.00 M M 2.2 14 220 M M 0 20 230
26 74 25 50 10 15 0 0.00 M M 5.3 20 190 M M 0 26 180
27 69 24 47 7 18 0 0.00 M M 7.8 26 210 M M 0 37 210
28 60 26 43 2 22 0 0.02 M M 10.4 35 220 M M 4 1 48 200
29 42 26 34 -7 31 0 0.37 M M 6.2 16 210 M M 8 128 21 220
30 54 31 43 2 22 0 0.00 M M 4.7 16 290 M M 2 26 300
31 57 30 44 3 21 0 T M M 4.9 20 220 M M 4 25 220
================================================================================
SM 1672 578 881 0 0.98 M 186.6 M 77
================================================================================
AV 53.9 18.6 6.0 FASTST M M 2 MAX(MPH)
MISC ----> 35 220 59 210
================================================================================
NOTES:
# LAST OF SEVERAL OCCURRENCES
COLUMN 17 PEAK WIND IN M.P.H.
PRELIMINARY LOCAL CLIMATOLOGICAL DATA (WS FORM: F-6) , PAGE 2
STATION: GRAND CANYON AZ AIRPORT
MONTH: MARCH
YEAR: 2022
LATITUDE: 35 57 N
LONGITUDE: 112 9 W
[TEMPERATURE DATA] [PRECIPITATION DATA] SYMBOLS USED IN COLUMN 16
AVERAGE MONTHLY: 36.3 TOTAL FOR MONTH: 0.98 1 = FOG OR MIST
DPTR FM NORMAL: -1.9 DPTR FM NORMAL: -0.22 2 = FOG REDUCING VISIBILITY
HIGHEST: 74 ON 26 GRTST 24HR 0.38 ON 28-29 TO 1/4 MILE OR LESS
LOWEST: -7 ON 11 3 = THUNDER
SNOW, ICE PELLETS, HAIL 4 = ICE PELLETS
TOTAL MONTH: M 5 = HAIL
GRTST 24HR M ON M 6 = FREEZING RAIN OR DRIZZLE
GRTST DEPTH: M ON M 7 = DUSTSTORM OR SANDSTORM:
VSBY 1/2 MILE OR LESS
8 = SMOKE OR HAZE
[NO. OF DAYS WITH] [WEATHER - DAYS WITH] 9 = BLOWING SNOW
X = TORNADO
MAX 32 OR BELOW: 1 0.01 INCH OR MORE: 8
MAX 90 OR ABOVE: 0 0.10 INCH OR MORE: 3
MIN 32 OR BELOW: 31 0.50 INCH OR MORE: 0
MIN 0 OR BELOW: 1 1.00 INCH OR MORE: 0
[HDD (BASE 65) ]
TOTAL THIS MO. 881 CLEAR (SCALE 0-3) 21
DPTR FM NORMAL 52 PTCLDY (SCALE 4-7) 6
TOTAL FM JUL 1 5366 CLOUDY (SCALE 8-10) 4
DPTR FM NORMAL -194
[CDD (BASE 65) ]
TOTAL THIS MO. 0
DPTR FM NORMAL 0 [PRESSURE DATA]
TOTAL FM JAN 1 0 HIGHEST SLP M ON M
DPTR FM NORMAL 0 LOWEST SLP 29.59 ON 29
[REMARKS]
#FINAL-03-22#