000
CDUS41 KBOX 182128
CLIPVD


CLIMATE REPORT
NATIONAL WEATHER SERVICE BOSTON/NORTON MA
528 PM EDT WED APR 18 2018


...................................

...THE PROVIDENCE RI CLIMATE SUMMARY FOR APRIL 18 2018...
VALID TODAY AS OF 0500 PM LOCAL TIME.

CLIMATE NORMAL PERIOD 1981 TO 2010
CLIMATE RECORD PERIOD 1904 TO 2018


WEATHER ITEM   OBSERVED TIME   RECORD YEAR NORMAL DEPARTURE LAST
                VALUE   (LST)  VALUE       VALUE  FROM      YEAR
                                                  NORMAL
..................................................................
TEMPERATURE (F)
 TODAY
  MAXIMUM         54    345 PM  86    1976  60     -6       60
  MINIMUM         33    518 AM  27    1948  41     -8       39
  AVERAGE         44                        50     -6       50

PRECIPITATION (IN)
  TODAY            T             1.05 1939   0.14  -0.14     0.00
  MONTH TO DATE    3.09                      2.79   0.30     3.87
  SINCE MAR 1      7.94                      7.80   0.14     7.72
  SINCE JAN 1     19.88                     14.95   4.93    14.90

SNOWFALL (IN)
  TODAY            T   R         T    2001   0.0    0.0      0.0
                                      1967
  MONTH TO DATE    3.6                       0.5    3.1       T
  SINCE MAR 1     16.7                       6.0   10.7      7.7
  SINCE JUL 1     50.6                      33.7   16.9     45.9
  SNOW DEPTH       0

DEGREE DAYS
 HEATING
  TODAY           21                        15      6       15
  MONTH TO DATE  401                       323     78      249
  SINCE MAR 1   1211                      1132     79     1169
  SINCE JUL 1   4874                      5194   -320     4727

 COOLING
  TODAY            0                         0      0        0
  MONTH TO DATE    0                         0      0        7
  SINCE MAR 1      0                         0      0        7
  SINCE JAN 1      0                         0      0        7
..................................................................


WIND (MPH)
  HIGHEST WIND SPEED    22   HIGHEST WIND DIRECTION    NW (300)
  HIGHEST GUST SPEED    29   HIGHEST GUST DIRECTION    NW (310)
  AVERAGE WIND SPEED    13.2


SKY COVER
  POSSIBLE SUNSHINE  MM
  AVERAGE SKY COVER 0.4


WEATHER CONDITIONS
 THE FOLLOWING WEATHER WAS RECORDED TODAY.
  RAIN
  FOG


RELATIVE HUMIDITY (PERCENT)
 HIGHEST    96           400 AM
 LOWEST     41           200 PM
 AVERAGE    69

..........................................................


THE PROVIDENCE RI CLIMATE NORMALS FOR TOMORROW
                         NORMAL    RECORD    YEAR
 MAXIMUM TEMPERATURE (F)   60        98      1976
 MINIMUM TEMPERATURE (F)   41        26      1926


SUNRISE AND SUNSET
APRIL 18 2018.........SUNRISE   601 AM EDT   SUNSET   730 PM EDT
APRIL 19 2018.........SUNRISE   600 AM EDT   SUNSET   731 PM EDT


-  INDICATES NEGATIVE NUMBERS.
R  INDICATES RECORD WAS SET OR TIED.
MM INDICATES DATA IS MISSING.
T  INDICATES TRACE AMOUNT.




$$
