000
CDUS41 KGYX 050848
CLIPWM


CLIMATE REPORT
NATIONAL WEATHER SERVICE GRAY ME
438 AM EDT SAT MAY 5 2018


...................................

...THE PORTLAND ME CLIMATE SUMMARY FOR MAY 4 2018...

CLIMATE NORMAL PERIOD 1981 TO 2010
CLIMATE RECORD PERIOD 1941 TO 2018


WEATHER ITEM   OBSERVED TIME   RECORD YEAR NORMAL DEPARTURE LAST
                VALUE   (LST)  VALUE       VALUE  FROM      YEAR
                                                  NORMAL
..................................................................
TEMPERATURE (F)
 YESTERDAY
  MAXIMUM         66   1118 AM  84    1955  60      6       58
  MINIMUM         50    917 PM  26    1951  41      9       34
  AVERAGE         58                        50      8       46

PRECIPITATION (IN)
  YESTERDAY        0.01          2.08 1893   0.14  -0.13     0.00
  MONTH TO DATE    0.31                      0.55  -0.24     0.46
  SINCE MAR 1      9.34                      9.11   0.23    10.36
  SINCE JAN 1     16.97                     15.74   1.23    18.56

SNOWFALL (IN)
  YESTERDAY        0.0           T    2014   0.0    0.0      0.0
  MONTH TO DATE    0.0                       0.0    0.0      0.0
  SINCE MAR 1     33.7                      15.5   18.2     29.1
  SINCE JUL 1     91.9                      61.9   30.0     95.3
  SNOW DEPTH       0

DEGREE DAYS
 HEATING
  YESTERDAY        7                        15     -8       19
  MONTH TO DATE   25                        61    -36       69
  SINCE MAR 1   1671                      1667      4     1727
  SINCE JUL 1   6375                      6709   -334     6205

 COOLING
  YESTERDAY        0                         0      0        0
  MONTH TO DATE    5                         0      5        0
  SINCE MAR 1      5                         0      5        2
  SINCE JAN 1      5                         0      5        2
..................................................................


WIND (MPH)
  RESULTANT WIND SPEED   4   RESULTANT WIND DIRECTION   E (110)
  HIGHEST WIND SPEED    17   HIGHEST WIND DIRECTION     E (90)
  HIGHEST GUST SPEED    21   HIGHEST GUST DIRECTION     E (90)
  AVERAGE WIND SPEED     5.5


SKY COVER
  AVERAGE SKY COVER 0.9


WEATHER CONDITIONS
 THE FOLLOWING WEATHER WAS RECORDED YESTERDAY.
  FOG
  FOG W/VISIBILITY <= 1/4 MILE


RELATIVE HUMIDITY (PERCENT)
 HIGHEST   100           400 AM
 LOWEST     73          1100 AM
 AVERAGE    87

..........................................................


THE PORTLAND ME CLIMATE NORMALS FOR TODAY
                         NORMAL    RECORD    YEAR
 MAXIMUM TEMPERATURE (F)   60        82      1949
 MINIMUM TEMPERATURE (F)   41        28      1951


SUNRISE AND SUNSET
MAY  5 2018...........SUNRISE   528 AM EDT   SUNSET   748 PM EDT
MAY  6 2018...........SUNRISE   527 AM EDT   SUNSET   750 PM EDT


-  INDICATES NEGATIVE NUMBERS.
R  INDICATES RECORD WAS SET OR TIED.
MM INDICATES DATA IS MISSING.
T  INDICATES TRACE AMOUNT.




$$
