000
CXUS51 KOKX 200703
CF6LGA
PRELIMINARY LOCAL CLIMATOLOGICAL DATA (WS FORM: F-6)

                                          STATION:   LAGUARDIA NY
                                          MONTH:     JANUARY
                                          YEAR:      2017
                                          LATITUDE:   40 46 N
                                          LONGITUDE:  73 54 W

  TEMPERATURE IN F:       :PCPN:    SNOW:  WIND      :SUNSHINE: SKY     :PK WND
================================================================================
1   2   3   4   5  6A  6B    7    8   9   10  11  12  13   14  15   16   17  18
                                     12Z  AVG MX 2MIN
DY MAX MIN AVG DEP HDD CDD  WTR  SNW DPTH SPD SPD DIR MIN PSBL S-S WX    SPD DR
================================================================================

 1  49  39  44  10  21   0    T  0.0    0 10.0 21 290   M    M   4        28 220
 2  42  38  40   6  25   0 0.18    T    0 12.1 22  60   M    M   9 14     24  50
 3  47  40  44  10  21   0 0.45  0.0    0 16.2 24  60   M    M   8 1      32  70
 4  54  36  45  11  20   0    T  0.0    0 16.1 27 270   M    M   7        41 260
 5  36  28  32  -1  33   0 0.00  0.0    0 14.7 25 260   M    M   6        33 280
 6  35  28  32  -1  33   0 0.04  1.3    1  9.4 15 350   M    M   8 18     20 320
 7  28  22  25  -8  40   0 0.23  7.0    0 13.9 24 340   M    M  10 128    31 340
 8  27  19  23 -10  42   0 0.00  0.0    7 18.7 31 310   M    M   4 8      38 310
 9  24  17  21 -12  44   0 0.00  0.0    5  9.6 18 300   M    M   5        24 320
10  47  23  35   2  30   0 0.00  0.0    3  7.3 18 180   M    M   9        26 180
11  54  44  49  16  16   0 0.52  0.0    0 10.1 24 240   M    M   8 18     34 220
12  68  48  58  25   7   0 0.05  0.0    0 11.5 26 230   M    M   9 1      35 230
13  63  34  49  16  16   0    T  0.0    0 16.2 28 320   M    M   7        37 330
14  34  29  32  -1  33   0 0.10  0.6    0  7.1 14  50   M    M   9 1      16  50
15  41  33  37   4  28   0 0.00  0.0    1  8.9 15 310   M    M   4        17 310
16  44  31  38   5  27   0 0.00  0.0    0  5.9 14 210   M    M   5        17 230
17  43  39  41   8  24   0 0.37  0.0    0  7.5 18  60   M    M  10 18     21  60
18  45  39  42   9  23   0 0.11  0.0    0 10.5 22  60   M    M  10 1      26  60
19  50  41  46  13  19   0 0.00  0.0    0  7.5 17 300   M    M   7        21 300
================================================================================
SM  831  628       502   0  2.05     8.9 213.2          M      139
================================================================================
AV 43.7 33.1                              11.2 FASTST   M    M   7    MAX(MPH)
                                 MISC ---->  # 31 310                 41    M
================================================================================
NOTES:
# LAST OF SEVERAL OCCURRENCES

COLUMN 17 PEAK WIND IN M.P.H.

PRELIMINARY LOCAL CLIMATOLOGICAL DATA (WS FORM: F-6) , PAGE 2

                                          STATION:  LAGUARDIA NY
                                          MONTH:    JANUARY
                                          YEAR:     2017
                                          LATITUDE:   40 46 N
                                          LONGITUDE:  73 54 W

[TEMPERATURE DATA]      [PRECIPITATION DATA]       SYMBOLS USED IN COLUMN 16

AVERAGE MONTHLY: 38.4   TOTAL FOR MONTH:   2.05    1 = FOG OR MIST
DPTR FM NORMAL:   5.2   DPTR FM NORMAL:    0.07    2 = FOG REDUCING VISIBILITY
HIGHEST:    68 ON 12    GRTST 24HR  0.56 ON 11-12      TO 1/4 MILE OR LESS
LOWEST:     17 ON  9                               3 = THUNDER
                        SNOW, ICE PELLETS, HAIL    4 = ICE PELLETS
                        TOTAL MONTH:   8.9 INCHES  5 = HAIL
                        GRTST 24HR   7.0 ON  7- 7  6 = FREEZING RAIN OR DRIZZLE
                        GRTST DEPTH:   7 ON  8     7 = DUSTSTORM OR SANDSTORM:
                                                       VSBY 1/2 MILE OR LESS
                                                   8 = SMOKE OR HAZE
[NO. OF DAYS WITH]      [WEATHER - DAYS WITH]      9 = BLOWING SNOW
                                                   X = TORNADO
MAX 32 OR BELOW:   3    0.01 INCH OR MORE:   9
MAX 90 OR ABOVE:   0    0.10 INCH OR MORE:   7
MIN 32 OR BELOW:   8    0.50 INCH OR MORE:   1
MIN  0 OR BELOW:   0    1.00 INCH OR MORE:   0

[HDD (BASE 65) ]
TOTAL THIS MO.   502    CLEAR  (SCALE 0-3)   0
DPTR FM NORMAL  -102    PTCLDY (SCALE 4-7)  11
TOTAL FM JUL 1  1798    CLOUDY (SCALE 8-10)  8
DPTR FM NORMAL  -412

[CDD (BASE 65) ]
TOTAL THIS MO.     0
DPTR FM NORMAL     0    [PRESSURE DATA]
TOTAL FM JAN 1     0    HIGHEST SLP M ON M
DPTR FM NORMAL     0    LOWEST  SLP 29.49 ON  3

[REMARKS]
