000
CXUS51 KOKX 260910
CF6LGA
PRELIMINARY LOCAL CLIMATOLOGICAL DATA (WS FORM: F-6)
STATION: LAGUARDIA NY
MONTH: APRIL
YEAR: 2024
LATITUDE: 40 46 N
LONGITUDE: 73 54 W
TEMPERATURE IN F: :PCPN: SNOW: WIND :SUNSHINE: SKY :PK WND
================================================================================
1 2 3 4 5 6A 6B 7 8 9 10 11 12 13 14 15 16 17 18
12Z AVG MX 2MIN
DY MAX MIN AVG DEP HDD CDD WTR SNW DPTH SPD SPD DIR MIN PSBL S-S WX SPD DR
================================================================================
1 53 46 50 2 15 0 T 0.0 0 5.7 15 40 M M 9 29 60
2 49 44 47 -1 18 0 0.91 0.0 0 10.0 20 90 M M 10 1 26 70
3 45 41 43 -6 22 0 1.75 T 0 20.1 39 60 M M 10 1358 52 60
4 48 37 43 -6 22 0 0.17 T 0 13.2 37 60 M M 9 1 49 60
5 50 39 45 -5 20 0 T 0.0 0 15.4 25 290 M M 8 35 310
6 53 41 47 -3 18 0 T 0.0 0 15.1 23 320 M M 8 32 20
7 57 43 50 0 15 0 0.00 0.0 0 10.8 24 350 M M 5 33 360
8 65 45 55 4 10 0 0.00 0.0 0 5.5 15 180 M M 5 19 190
9 75 50 63 12 2 0 0.00 0.0 0 4.8 18 170 M M 7 24 170
10 59 43 51 -1 14 0 0.00 0.0 0 10.8 17 40 M M 8 27 40
11 61 48 55 3 10 0 0.27 0.0 0 12.7 29 160 M M 10 12 45 140
12 63 54 59 7 6 0 0.29 0.0 0 18.3 35 160 M M 9 1238 50 150
13 57 48 53 0 12 0 T 0.0 0 20.5 35 290 M M 6 52 290
14 68 49 59 6 6 0 0.06 0.0 0 12.1 35 230 M M 6 48 230
15 80 57 69 15 0 4 0.00 0.0 0 9.2 23 280 M M 6 31 280
16 74 54 64 10 1 0 0.00 0.0 0 9.6 18 320 M M 2 8 26 320
17 59 48 54 0 11 0 0.04 0.0 0 10.9 17 50 M M 8 25 60
18 49 45 47 -8 18 0 0.03 0.0 0 16.8 25 50 M M 10 18 35 50
19 57 45 51 -4 14 0 0.00 0.0 0 8.2 15 150 M M 9 23 80
20 68 47 58 3 7 0 0.07 0.0 0 9.9 26 290 M M 8 1 36 240
21 52 44 48 -8 17 0 0.00 0.0 0 10.6 22 290 M M 6 27 290
22 60 44 52 -4 13 0 0.00 0.0 0 9.4 18 170 M M 2 29 310
23 60 45 53 -3 12 0 0.00 0.0 0 10.5 25 170 M M 4 37 180
24 69 49 59 2 6 0 T 0.0 0 10.5 26 320 M M 8 3 38 330
25 54 42 48 -9 17 0 0.00 0.0 0 10.8 18 10 M M 5 25 360
================================================================================
SM 1485 1148 306 4 3.59 T 291.4 M 178
================================================================================
AV 59.4 45.9 11.7 FASTST M M 7 MAX(MPH)
MISC ----> 39 60 # 52 60
================================================================================
NOTES:
# LAST OF SEVERAL OCCURRENCES
COLUMN 17 PEAK WIND IN M.P.H.
PRELIMINARY LOCAL CLIMATOLOGICAL DATA (WS FORM: F-6) , PAGE 2
STATION: LAGUARDIA NY
MONTH: APRIL
YEAR: 2024
LATITUDE: 40 46 N
LONGITUDE: 73 54 W
[TEMPERATURE DATA] [PRECIPITATION DATA] SYMBOLS USED IN COLUMN 16
AVERAGE MONTHLY: 52.7 TOTAL FOR MONTH: 3.59 1 = FOG OR MIST
DPTR FM NORMAL: 0.0 DPTR FM NORMAL: 0.39 2 = FOG REDUCING VISIBILITY
HIGHEST: 80 ON 15 GRTST 24HR 1.87 ON 3- 4 TO 1/4 MILE OR LESS
LOWEST: 37 ON 4 3 = THUNDER
SNOW, ICE PELLETS, HAIL 4 = ICE PELLETS
TOTAL MONTH: T 5 = HAIL
GRTST 24HR T ON 3- 3 6 = FREEZING RAIN OR DRIZZLE
GRTST DEPTH: 0 7 = DUSTSTORM OR SANDSTORM:
VSBY 1/2 MILE OR LESS
8 = SMOKE OR HAZE
[NO. OF DAYS WITH] [WEATHER - DAYS WITH] 9 = BLOWING SNOW
X = TORNADO
MAX 32 OR BELOW: 0 0.01 INCH OR MORE: 9
MAX 90 OR ABOVE: 0 0.10 INCH OR MORE: 5
MIN 32 OR BELOW: 0 0.50 INCH OR MORE: 2
MIN 0 OR BELOW: 0 1.00 INCH OR MORE: 1
[HDD (BASE 65) ]
TOTAL THIS MO. 306 CLEAR (SCALE 0-3) 2
DPTR FM NORMAL -9 PTCLDY (SCALE 4-7) 14
TOTAL FM JUL 1 3754 CLOUDY (SCALE 8-10) 9
DPTR FM NORMAL -465
[CDD (BASE 65) ]
TOTAL THIS MO. 4
DPTR FM NORMAL 4 [PRESSURE DATA]
TOTAL FM JAN 1 4 HIGHEST SLP M ON M
DPTR FM NORMAL 3 LOWEST SLP 29.26 ON 4
[REMARKS]