000
CXUS51 KOKX 310701
CF6LGA
PRELIMINARY LOCAL CLIMATOLOGICAL DATA (WS FORM: F-6)

                                          STATION:   LAGUARDIA NY
                                          MONTH:     OCTOBER
                                          YEAR:      2014
                                          LATITUDE:   40 46 N
                                          LONGITUDE:  73 54 W

  TEMPERATURE IN F:       :PCPN:    SNOW:  WIND      :SUNSHINE: SKY     :PK WND
================================================================================
1   2   3   4   5  6A  6B    7    8   9   10  11  12  13   14  15   16   17  18
                                     12Z  AVG MX 2MIN
DY MAX MIN AVG DEP HDD CDD  WTR  SNW DPTH SPD SPD DIR MIN PSBL S-S WX    SPD DR
================================================================================

 1  66  60  63   0   2   0    T  0.0    0  9.9 14  30   M    M  10 1       M  M
 2  68  60  64   1   1   0    T  0.0    0  8.8 17  50   M    M  10        21  40
 3  69  57  63   0   2   0 0.00  0.0    0  8.2 14 150   M    M   6        21 140
 4  71  52  62   0   3   0 1.05  0.0    0 13.1 24 290   M    M   8 1      32 280
 5  61  47  54  -8  11   0 0.00  0.0    0 11.6 21 290   M    M   1        28 280
 6  71  51  61  -1   4   0 0.00  0.0    0 10.9 26 160   M    M   2        33 180
 7  72  65  69   8   0   4 0.03  0.0    0 13.7 21 180   M    M   8        28 170
 8  73  63  68   7   0   3 0.03  0.0    0 15.3 26 190   M    M   5        33 190
 9  69  58  64   4   1   0 0.00  0.0    0 14.7 25 260   M    M   4        38 270
10  64  54  59  -1   6   0    T  0.0    0  4.6 14 310   M    M   8        17 310
11  60  52  56  -4   9   0 0.33  0.0    0  8.1 18  50   M    M   9 1      22  40
12  62  49  56  -3   9   0 0.00  0.0    0  5.7 13  60   M    M   4        17  50
13  66  53  60   1   5   0 0.03  0.0    0  5.7 14 160   M    M   9 18     17 170
14  76  64  70  11   0   5 0.00  0.0    0 11.5 25 170   M    M   7        32 180
15  78  68  73  15   0   8 0.03  0.0    0 15.4 25 160   M    M   9        32 150
16  72  62  67   9   0   2 0.77  0.0    0 10.4 21 170   M    M   8 1      30 180
17  72  61  67   9   0   2 0.00  0.0    0 10.8 17 200   M    M   4        23 210
18  70  57  64   7   1   0    T  0.0    0 10.7 23 310   M    M   7        29 310
19  57  45  51  -6  14   0 0.00  0.0    0 17.0 26 310   M    M   6        35 310
20  61  44  53  -4  12   0 0.00  0.0    0  7.8 16 160   M    M   7        20 170
21  68  55  62   6   3   0 0.00  0.0    0  7.1 15 120   M    M   8        20  60
22  59  51  55  -1  10   0 1.26  0.0    0 15.7 28 360   M    M  10 13     41  10
23  53  51  52  -4  13   0 0.32  0.0    0 16.8 28 330   M    M  10 18     37 320
24  62  51  57   2   8   0    T  0.0    0 11.3 21 330   M    M   8        26 320
25  68  52  60   5   5   0    T  0.0    0 11.3 22 240   M    M   4        31 240
26  62  54  58   3   7   0    T  0.0    0 15.8 25 320   M    M   6        33 290
27  64  51  58   4   7   0 0.00  0.0    0 10.3 22 290   M    M   3        28 300
28  72  53  63   9   2   0 0.00  0.0    0  7.0 15 230   M    M   7        17 230
29  72  53  63   9   2   0    T  0.0    0  9.0 23 310   M    M   8        26 300
30  58  49  54   0  11   0 0.00  0.0    0 10.5 18 320   M    M   3        22 330
================================================================================
SM 1996 1642       148  24  3.85     0.0 328.7          M      199
================================================================================
AV 66.5 54.7                              11.0 FASTST   M    M   7    MAX(MPH)
                                 MISC ---->  # 28 360               # 41   10
================================================================================
NOTES:
# LAST OF SEVERAL OCCURRENCES

COLUMN 17 PEAK WIND IN M.P.H.

PRELIMINARY LOCAL CLIMATOLOGICAL DATA (WS FORM: F-6) , PAGE 2

                                          STATION:  LAGUARDIA NY
                                          MONTH:    OCTOBER
                                          YEAR:     2014
                                          LATITUDE:   40 46 N
                                          LONGITUDE:  73 54 W

[TEMPERATURE DATA]      [PRECIPITATION DATA]       SYMBOLS USED IN COLUMN 16

AVERAGE MONTHLY: 60.6   TOTAL FOR MONTH:   3.85    1 = FOG OR MIST
DPTR FM NORMAL:   2.4   DPTR FM NORMAL:    0.19    2 = FOG REDUCING VISIBILITY
HIGHEST:    78 ON 15    GRTST 24HR  1.26 ON 21-22      TO 1/4 MILE OR LESS
LOWEST:     44 ON 20                               3 = THUNDER
                        SNOW, ICE PELLETS, HAIL    4 = ICE PELLETS
                        TOTAL MONTH:   0.0 INCH    5 = HAIL
                        GRTST 24HR     0.0         6 = FREEZING RAIN OR DRIZZLE
                        GRTST DEPTH:   0           7 = DUSTSTORM OR SANDSTORM:
                                                       VSBY 1/2 MILE OR LESS
                                                   8 = SMOKE OR HAZE
[NO. OF DAYS WITH]      [WEATHER - DAYS WITH]      9 = BLOWING SNOW
                                                   X = TORNADO
MAX 32 OR BELOW:   0    0.01 INCH OR MORE:   9
MAX 90 OR ABOVE:   0    0.10 INCH OR MORE:   5
MIN 32 OR BELOW:   0    0.50 INCH OR MORE:   3
MIN  0 OR BELOW:   0    1.00 INCH OR MORE:   2

[HDD (BASE 65) ]
TOTAL THIS MO.   148    CLEAR  (SCALE 0-3)   4
DPTR FM NORMAL   -77    PTCLDY (SCALE 4-7)  19
TOTAL FM JUL 1   161    CLOUDY (SCALE 8-10)  7
DPTR FM NORMAL   -99

[CDD (BASE 65) ]
TOTAL THIS MO.    24
DPTR FM NORMAL     4    [PRESSURE DATA]
TOTAL FM JAN 1  1192    HIGHEST SLP M ON M
DPTR FM NORMAL   -18    LOWEST  SLP 29.50 ON  4

[REMARKS]
