000
CXUS53 KILX 011000
CF6ILX
PRELIMINARY LOCAL CLIMATOLOGICAL DATA (WS FORM: F-6)
STATION: LINCOLN IL
MONTH: NOVEMBER
YEAR: 2023
LATITUDE: 40 9 N
LONGITUDE: 89 20 W
TEMPERATURE IN F: :PCPN: SNOW: WIND :SUNSHINE: SKY :PK WND
================================================================================
1 2 3 4 5 6A 6B 7 8 9 10 11 12 13 14 15 16 17 18
12Z AVG MX 2MIN
DY MAX MIN AVG DEP HDD CDD WTR SNW DPTH SPD SPD DIR MIN PSBL S-S WX SPD DR
================================================================================
1 44 25 35 -13 30 0 0.00 0.0 0 M M M M M M M M
2 58 28 43 -4 22 0 0.00 0.0 0 M M M M M M M M
3 60 39 50 3 15 0 0.00 0.0 0 M M M M M M M M
4 62 33 48 2 17 0 0.00 0.0 0 M M M M M M M M
5 63 28 46 0 19 0 0.00 0.0 0 M M M M M M M M
6 71 44 58 12 7 0 0.00 0.0 0 M M M M M M 1 M M
7 68 37 53 8 12 0 0.00 0.0 0 M M M M M M 1 M M
8 77 50 64 19 1 0 T 0.0 0 M M M M M M M M
9 57 38 48 4 17 0 0.00 0.0 0 M M M M M M M M
10 51 27 39 -5 26 0 0.00 0.0 0 M M M M M M M M
11 53 22 38 -6 27 0 0.00 0.0 0 M M M M M M M M
12 60 34 47 4 18 0 0.00 0.0 0 M M M M M M M M
13 64 30 47 4 18 0 0.00 0.0 0 M M M M M M M M
14 64 24 44 2 21 0 0.00 0.0 0 M M M M M M M M
15 70 28 49 7 16 0 0.00 0.0 0 M M M M M M M M
16 66 37 52 10 13 0 0.00 0.0 0 M M M M M M M M
17 62 29 46 5 19 0 T 0.0 0 M M M M M M M M
18 55 21 38 -3 27 0 0.00 0.0 0 M M M M M M M M
19 61 28 45 5 20 0 0.00 0.0 0 M M M M M M M M
20 51 42 47 7 18 0 0.42 0.0 0 M M M M M M M M
21 42 35 39 0 26 0 0.12 0.0 0 M M M M M M M M
22 45 34 40 1 25 0 0.00 0.0 0 M M M M M M M M
23 50 32 41 2 24 0 0.00 0.0 0 M M M M M M M M
24 36 27 32 -6 33 0 0.00 0.0 0 M M M M M M M M
25 40 27 34 -4 31 0 0.00 0.0 0 M M M M M M M M
26 34 29 32 -6 33 0 0.23 1.8 1 M M M M M M 1 M M
27 33 20 27 -10 38 0 0.00 0.0 T M M M M M M M M
28 26 12 19 -18 46 0 0.00 0.0 T M M M M M M M M
29 49 21 35 -1 30 0 0.00 0.0 0 M M M M M M M M
30 55 31 43 7 22 0 0.38 0.0 0 M M M M M M 1 M M
================================================================================
SM 1627 912 671 0 1.15 1.8 M M M
================================================================================
AV 54.2 30.4 M FASTST M M M MAX(MPH)
MISC ----> M M M M
================================================================================
NOTES:
# LAST OF SEVERAL OCCURRENCES
COLUMN 17 PEAK WIND IN M.P.H.
PRELIMINARY LOCAL CLIMATOLOGICAL DATA (WS FORM: F-6) , PAGE 2
STATION: LINCOLN IL
MONTH: NOVEMBER
YEAR: 2023
LATITUDE: 40 9 N
LONGITUDE: 89 20 W
[TEMPERATURE DATA] [PRECIPITATION DATA] SYMBOLS USED IN COLUMN 16
AVERAGE MONTHLY: 42.3 TOTAL FOR MONTH: 1.15 1 = FOG OR MIST
DPTR FM NORMAL: 0.6 DPTR FM NORMAL: -1.73 2 = FOG REDUCING VISIBILITY
HIGHEST: 77 ON 8 GRTST 24HR 0.42 ON 20-20 TO 1/4 MILE OR LESS
LOWEST: 12 ON 28 3 = THUNDER
SNOW, ICE PELLETS, HAIL 4 = ICE PELLETS
TOTAL MONTH: 1.8 INCHES 5 = HAIL
GRTST 24HR 1.8 ON 26-26 6 = FREEZING RAIN OR DRIZZLE
GRTST DEPTH: 1 ON 26 7 = DUSTSTORM OR SANDSTORM:
VSBY 1/2 MILE OR LESS
8 = SMOKE OR HAZE
[NO. OF DAYS WITH] [WEATHER - DAYS WITH] 9 = BLOWING SNOW
X = TORNADO
MAX 32 OR BELOW: 1 0.01 INCH OR MORE: 4
MAX 90 OR ABOVE: 0 0.10 INCH OR MORE: 4
MIN 32 OR BELOW: 19 0.50 INCH OR MORE: 0
MIN 0 OR BELOW: 0 1.00 INCH OR MORE: 0
[HDD (BASE 65) ]
TOTAL THIS MO. 671 CLEAR (SCALE 0-3) 0
DPTR FM NORMAL -29 PTCLDY (SCALE 4-7) 0
TOTAL FM JUL 1 1020 CLOUDY (SCALE 8-10) 30
DPTR FM NORMAL -125
[CDD (BASE 65) ]
TOTAL THIS MO. 0
DPTR FM NORMAL -1 [PRESSURE DATA]
TOTAL FM JAN 1 897 HIGHEST SLP M ON M
DPTR FM NORMAL -117 LOWEST SLP M ON M
[REMARKS]
#FINAL-11-23#