000
CDUS43 KLMK 210628
CLILOU


CLIMATE REPORT
NATIONAL WEATHER SERVICE LOUISVILLE KY
228 AM EDT WED AUG 21 2019


...................................

...THE LOUISVILLE BOWMAN KY CLIMATE SUMMARY FOR AUGUST 20 2019...

CLIMATE NORMAL PERIOD 1981 TO 2010
CLIMATE RECORD PERIOD 9999 TO 9999


WEATHER ITEM   OBSERVED TIME   RECORD YEAR NORMAL DEPARTURE LAST
                VALUE   (LST)  VALUE       VALUE  FROM      YEAR
                                                  NORMAL
..................................................................
TEMPERATURE (F)
 YESTERDAY
  MAXIMUM         97    215 PM  MM      MM  87     10       88
  MINIMUM         72   1157 PM  MM      MM  68      4       74
  AVERAGE         85                        78      7       81

PRECIPITATION (IN)
  YESTERDAY        0.02         MM      MM   0.10  -0.08     0.26
  MONTH TO DATE    0.66                      2.19  -1.53     4.63
  SINCE JUN 1     12.29                     10.50   1.79    18.08
  SINCE JAN 1     40.63                     30.42  10.21    41.25

SNOWFALL (IN)
  YESTERDAY       MM            MM      MM  MM     MM       MM
  MONTH TO DATE   MM                        MM     MM       MM
  SINCE JUN 1     MM                        MM     MM       MM
  SINCE JUL 1     MM                        MM     MM       MM
  SNOW DEPTH      MM

DEGREE DAYS
 HEATING
  YESTERDAY        0                         0      0        0
  MONTH TO DATE    0                         0      0        0
  SINCE JUN 1      5                         3      2        0
  SINCE JUL 1      0                         0      0        0

 COOLING
  YESTERDAY       20                        13      7       16
  MONTH TO DATE  298                       260     38      294
  SINCE JUN 1   1043                       963     80     1126
  SINCE JAN 1   1239                      1110    129     1458
..................................................................


WIND (MPH)
  HIGHEST WIND SPEED    28   HIGHEST WIND DIRECTION     N (340)
  HIGHEST GUST SPEED    47   HIGHEST GUST DIRECTION    NW (320)
  AVERAGE WIND SPEED     6.4


SKY COVER
  POSSIBLE SUNSHINE  MM
  AVERAGE SKY COVER 0.1


WEATHER CONDITIONS
 THE FOLLOWING WEATHER WAS RECORDED YESTERDAY.
  THUNDERSTORM
  LIGHT RAIN


RELATIVE HUMIDITY (PERCENT)
 HIGHEST    87           400 AM
 LOWEST     42           100 PM
 AVERAGE    65

..........................................................


THE LOUISVILLE BOWMAN KY CLIMATE NORMALS FOR TODAY
                         NORMAL
 MAXIMUM TEMPERATURE (F)   87
 MINIMUM TEMPERATURE (F)   68


SUNRISE AND SUNSET
AUGUST 21 2019........SUNRISE   702 AM EDT   SUNSET   828 PM EDT
AUGUST 22 2019........SUNRISE   703 AM EDT   SUNSET   827 PM EDT


-  INDICATES NEGATIVE NUMBERS.
R  INDICATES RECORD WAS SET OR TIED.
MM INDICATES DATA IS MISSING.
T  INDICATES TRACE AMOUNT.




$$
