000
CDUS43 KLMK 200627
CLILOU


CLIMATE REPORT
NATIONAL WEATHER SERVICE LOUISVILLE KY
227 AM EDT SUN OCT 20 2019


...................................

...THE LOUISVILLE BOWMAN KY CLIMATE SUMMARY FOR OCTOBER 19 2019...

CLIMATE NORMAL PERIOD 1981 TO 2010
CLIMATE RECORD PERIOD 9999 TO 9999


WEATHER ITEM   OBSERVED TIME   RECORD YEAR NORMAL DEPARTURE LAST
                VALUE   (LST)  VALUE       VALUE  FROM      YEAR
                                                  NORMAL
..................................................................
TEMPERATURE (F)
 YESTERDAY
  MAXIMUM         74    338 PM  MM      MM  68      6       66
  MINIMUM         38    642 AM  MM      MM  47     -9       35
  AVERAGE         56                        57     -1       51

PRECIPITATION (IN)
  YESTERDAY        T            MM      MM   0.12  -0.12     0.16
  MONTH TO DATE    2.45                      2.00   0.45     1.08
  SINCE SEP 1      2.66                      5.16  -2.50    11.18
  SINCE JAN 1     45.45                     36.70   8.75    53.84

SNOWFALL (IN)
  YESTERDAY       MM            MM      MM  MM     MM       MM
  MONTH TO DATE   MM                        MM     MM       MM
  SINCE SEP 1     MM                        MM     MM       MM
  SINCE JUL 1     MM                        MM     MM       MM
  SNOW DEPTH      MM

DEGREE DAYS
 HEATING
  YESTERDAY        9                         8      1       14
  MONTH TO DATE  113                       119     -6      115
  SINCE SEP 1    113                       155    -42      123
  SINCE JUL 1    113                       155    -42      123

 COOLING
  YESTERDAY        0                         1     -1        0
  MONTH TO DATE   66                        26     40      145
  SINCE SEP 1    438                       200    238      459
  SINCE JAN 1   1790                      1439    351     2069
..................................................................


WIND (MPH)
  HIGHEST WIND SPEED    15   HIGHEST WIND DIRECTION     S (180)
  HIGHEST GUST SPEED    21   HIGHEST GUST DIRECTION     S (190)
  AVERAGE WIND SPEED     4.3


SKY COVER
  POSSIBLE SUNSHINE  MM
  AVERAGE SKY COVER 0.1


WEATHER CONDITIONS
 THE FOLLOWING WEATHER WAS RECORDED YESTERDAY.
  LIGHT RAIN


RELATIVE HUMIDITY (PERCENT)
 HIGHEST    92           400 AM
 LOWEST     41           200 PM
 AVERAGE    67

..........................................................


THE LOUISVILLE BOWMAN KY CLIMATE NORMALS FOR TODAY
                         NORMAL
 MAXIMUM TEMPERATURE (F)   68
 MINIMUM TEMPERATURE (F)   47


SUNRISE AND SUNSET
OCTOBER 20 2019.......SUNRISE   756 AM EDT   SUNSET   658 PM EDT
OCTOBER 21 2019.......SUNRISE   757 AM EDT   SUNSET   657 PM EDT


-  INDICATES NEGATIVE NUMBERS.
R  INDICATES RECORD WAS SET OR TIED.
MM INDICATES DATA IS MISSING.
T  INDICATES TRACE AMOUNT.




$$
