000
CXUS53 KLSX 011600
CF6CPS
PRELIMINARY LOCAL CLIMATOLOGICAL DATA (WS FORM: F-6)

                                          STATION:   CAHOKIA/ST. LOUIS
                                          MONTH:     NOVEMBER
                                          YEAR:      2016
                                          LATITUDE:   38 34 N
                                          LONGITUDE:  90  9 W

  TEMPERATURE IN F:       :PCPN:    SNOW:  WIND      :SUNSHINE: SKY     :PK WND
================================================================================
1   2   3   4   5  6A  6B    7    8   9   10  11  12  13   14  15   16   17  18
                                     12Z  AVG MX 2MIN
DY MAX MIN AVG DEP HDD CDD  WTR  SNW DPTH SPD SPD DIR MIN PSBL S-S WX    SPD DR
================================================================================

 1  85  56  71  20   0   6 0.00  0.0    0  6.9 16 220   M    M   0        25 200
 2  84  61  73  22   0   8 0.43  0.0    0  7.7 30 360   M    M   4 13     34 360
 3  69  51  60   9   5   0 0.90  0.0    0  5.2 20 330   M    M   6 1238   22 340
 4  69  44  57   7   8   0 0.00  0.0    0  1.4 10  20   M    M   0 12     12  30
 5  65  41  53   3  12   0 0.00  0.0    0  1.0  8 140   M    M   0        10 140
 6  66  37  52   3  13   0 0.00  0.0    0  2.4 12  90   M    M   0 1      16 130
 7  71  42  57   8   8   0 0.00  0.0    0  2.9 10 150   M    M   2        14 160
 8  61  48  55   7  10   0 0.32  0.0    0  3.8 12 330   M    M   8 1      15 340
 9  60  38  49   1  16   0 0.00  0.0    0  3.5 13 340   M    M   0 1      15 350
10  66  33  50   2  15   0 0.00  0.0    0  2.9 10 210   M    M   0 1      22 210
11  64  43  54   7  11   0 0.00  0.0    0  9.3 20  50   M    M   1        25  40
12  55  32  44  -3  21   0 0.00  0.0    0  2.2  9  80   M    M   0        14 120
13  61  28  45  -1  20   0 0.00  0.0    0  2.4 10 170   M    M   0 1      14 180
14  68  33  51   5  14   0    T  0.0    0  3.3 10 200   M    M   2        15 220
15  63  39  51   6  14   0 0.00  0.0    0  2.8 20 320   M    M   0 1      23 330
16  72  39  56  11   9   0 0.00  0.0    0  3.7 10 130   M    M   0        13 240
17  82  50  66  22   0   1 0.00  0.0    0  8.9 20 160   M    M   0        26 190
18  70  44  57  13   8   0 0.36  0.0    0 13.1 29 300   M    M   4 13     36 310
19  48  35  42  -2  23   0 0.00  0.0    0 14.4 26 300   M    M   2        39 290
20  46  28  37  -6  28   0 0.00  0.0    0  4.1 14 340   M    M   0        17 340
21  50  26  38  -5  27   0 0.00  0.0    0  6.6 14 130   M    M   0        17 110
22  51  36  44   2  21   0 0.10  0.0    0 10.7 18 130   M    M   5 3      24 130
23  55  45  50   8  15   0 0.08  0.0    0  8.4 21 290   M    M  10 1      25 300
24  46  40  43   2  22   0 0.00  0.0    0  5.0 17 310   M    M  10 18     22 310
25  47  36  42   1  23   0 0.00  0.0    0  4.6 14 320   M    M  10 18     17 320
26  50  29  40   0  25   0 0.00  0.0    0  4.4 13 150   M    M   1 1      16 140
27  50  31  41   1  24   0 0.02  0.0    0  9.2 20 140   M    M   5 18     29 150
28  54  45  50  10  15   0    M  0.0    0 10.2 22 140   M    M   7 13     29 200
29  61  42  52  13  13   0 0.00  0.0    0  6.4 20 190   M    M   1 1      30 190
30  47  33  40   1  25   0 0.00  0.0    0  7.6 18 260   M    M   5 1      25 270
================================================================================
SM 1836 1185       445  15  2.21     0.0 175.0          M       83
================================================================================
AV 61.2 39.5                               5.8 FASTST   M    M   3    MAX(MPH)
                                 MISC ---->  # 30 360               # 39  290
================================================================================
NOTES:
# LAST OF SEVERAL OCCURRENCES

COLUMN 17 PEAK WIND IN M.P.H.

PRELIMINARY LOCAL CLIMATOLOGICAL DATA (WS FORM: F-6) , PAGE 2

                                          STATION:  CAHOKIA/ST. LOUIS
                                          MONTH:    NOVEMBER
                                          YEAR:     2016
                                          LATITUDE:   38 34 N
                                          LONGITUDE:  90  9 W

[TEMPERATURE DATA]      [PRECIPITATION DATA]       SYMBOLS USED IN COLUMN 16

AVERAGE MONTHLY: 50.3   TOTAL FOR MONTH:   2.21    1 = FOG OR MIST
DPTR FM NORMAL:   5.2   DPTR FM NORMAL:   -1.55    2 = FOG REDUCING VISIBILITY
HIGHEST:    85 ON  1    GRTST 24HR  1.33 ON  2- 3      TO 1/4 MILE OR LESS
LOWEST:     26 ON 21                               3 = THUNDER
                        SNOW, ICE PELLETS, HAIL    4 = ICE PELLETS
                        TOTAL MONTH:   0.0 INCH    5 = HAIL
                        GRTST 24HR     0.0         6 = FREEZING RAIN OR DRIZZLE
                        GRTST DEPTH:   0           7 = DUSTSTORM OR SANDSTORM:
                                                       VSBY 1/2 MILE OR LESS
                                                   8 = SMOKE OR HAZE
[NO. OF DAYS WITH]      [WEATHER - DAYS WITH]      9 = BLOWING SNOW
                                                   X = TORNADO
MAX 32 OR BELOW:   0    0.01 INCH OR MORE:   7
MAX 90 OR ABOVE:   0    0.10 INCH OR MORE:   5
MIN 32 OR BELOW:   6    0.50 INCH OR MORE:   1
MIN  0 OR BELOW:   0    1.00 INCH OR MORE:   0

[HDD (BASE 65) ]
TOTAL THIS MO.   445    CLEAR  (SCALE 0-3)  19
DPTR FM NORMAL  -153    PTCLDY (SCALE 4-7)   8
TOTAL FM JUL 1   558    CLOUDY (SCALE 8-10)  3
DPTR FM NORMAL  -372

[CDD (BASE 65) ]
TOTAL THIS MO.    15
DPTR FM NORMAL    14    [PRESSURE DATA]
TOTAL FM JAN 1  1832    HIGHEST SLP 30.50 ON 12
DPTR FM NORMAL   511    LOWEST  SLP 29.24 ON 28

[REMARKS]
#FINAL-11-16#
