000
CXUS53 KLSX 011600
CF6CPS
PRELIMINARY LOCAL CLIMATOLOGICAL DATA (WS FORM: F-6)

                                          STATION:   CAHOKIA/ST. LOUIS
                                          MONTH:     NOVEMBER
                                          YEAR:      2015
                                          LATITUDE:   38 34 N
                                          LONGITUDE:  90  9 W

  TEMPERATURE IN F:       :PCPN:    SNOW:  WIND      :SUNSHINE: SKY     :PK WND
================================================================================
1   2   3   4   5  6A  6B    7    8   9   10  11  12  13   14  15   16   17  18
                                     12Z  AVG MX 2MIN
DY MAX MIN AVG DEP HDD CDD  WTR  SNW DPTH SPD SPD DIR MIN PSBL S-S WX    SPD DR
================================================================================

 1  72  43  58   7   7   0 0.00  0.0    0  3.2 12 140   M    M   0 12     14 140
 2  68  40  54   3  11   0 0.00  0.0    0  4.2 13 140   M    M   3 18     15 140
 3  62  52  57   6   8   0 0.00  0.0    0  5.1 12 140   M    M  10 128    14 140
 4  69  53  61  11   4   0 0.00  0.0    0  4.6 14 150   M    M   9 12     17 130
 5  69  58  64  14   1   0 0.71  0.0    0  6.4 15 160   M    M   7 13     20 150
 6  67  43  55   6  10   0 0.00  0.0    0  7.3 24 310   M    M   2 18     30 310
 7  59  35  47  -2  18   0 0.00  0.0    0  3.9 16 320   M    M   0 1      19 320
 8  58  30  44  -4  21   0 0.00  0.0    0  1.2  9  50   M    M   0 1      15 320
 9  59  29  44  -4  21   0 0.00  0.0    0  0.4  7 320   M    M   0 8      10 310
10  66  30  48   0  17   0 0.00  0.0    0  4.4 12 150   M    M   0 1      15 160
11  68  48  58  11   7   0 0.12  0.0    0 11.8 28 250   M    M   6 1      42 240
12  61  47  54   7  11   0 0.00  0.0    0 16.4 31 260   M    M   3        41 250
13  59  33  46   0  19   0 0.00  0.0    0  6.9 23 300   M    M   0        27 300
14  71  30  51   5  14   0 0.00  0.0    0  3.6 13 250   M    M   0        20 250
15  67  36  52   7  13   0 0.00  0.0    0  5.7 14 160   M    M   2        21 210
16  55  49  52   7  13   0 0.86  0.0    0  9.2 17 130   M    M  10 1      23 150
17  69  53  61  17   4   0 2.16  0.0    0 17.0 25 130   M    M  10 1      34 150
18  66  45  56  12   9   0 0.08  0.0    0 12.0 29 130   M    M   3 1      37 150
19  55  33  44   0  21   0 0.00  0.0    0  8.7 24 310   M    M   1        29 320
20  55  29  42  -1  23   0    T  0.0    0  7.5 20 140   M    M   3 8      25 140
21  48  27  38  -5  27   0 0.41    M    0 12.7 32 330   M    M   7 1      43 310
22  42  21  32 -10  33   0 0.00  0.0    0  5.7 13 150   M    M   1        17 160
23  60  30  45   3  20   0 0.00  0.0    0  3.6 12 270   M    M   0 8      15 240
24  65  31  48   7  17   0 0.00  0.0    0  5.5 15 150   M    M   0 8      20 160
25  60  41  51  10  14   0    T    M    0  9.2 20 180   M    M   7        30 180
26  68  55  62  22   3   0    T  0.0    0 11.2 23 190   M    M   6        35 190
27  64  41  53  13  12   0 1.43  0.0    0 10.5 18  10   M    M   9 1      22  20
28  41  38  40   0  25   0 0.03  0.0    0 11.4 18  10   M    M  10 1      23  20
29  42  39  41   2  24   0 0.04  0.0    0  7.9 15  10   M    M  10 18     18  10
30  48  40  44   5  21   0 0.13  0.0    0  4.3  9 150   M    M  10 1      12 140
================================================================================
SM 1813 1179       448   0  5.97     0.0 221.5          M      129
================================================================================
AV 60.4 39.3                               7.4 FASTST   M    M   4    MAX(MPH)
                                 MISC ---->  # 32 330               # 43  310
================================================================================
NOTES:
# LAST OF SEVERAL OCCURRENCES

COLUMN 17 PEAK WIND IN M.P.H.

PRELIMINARY LOCAL CLIMATOLOGICAL DATA (WS FORM: F-6) , PAGE 2

                                          STATION:  CAHOKIA/ST. LOUIS
                                          MONTH:    NOVEMBER
                                          YEAR:     2015
                                          LATITUDE:   38 34 N
                                          LONGITUDE:  90  9 W

[TEMPERATURE DATA]      [PRECIPITATION DATA]       SYMBOLS USED IN COLUMN 16

AVERAGE MONTHLY: 49.9   TOTAL FOR MONTH:   5.97    1 = FOG OR MIST
DPTR FM NORMAL:   4.8   DPTR FM NORMAL:    2.21    2 = FOG REDUCING VISIBILITY
HIGHEST:    72 ON  1    GRTST 24HR  2.16 ON 17-17      TO 1/4 MILE OR LESS
LOWEST:     21 ON 22                               3 = THUNDER
                        SNOW, ICE PELLETS, HAIL    4 = ICE PELLETS
                        TOTAL MONTH:   0.0 INCH    5 = HAIL
                        GRTST 24HR     0.0         6 = FREEZING RAIN OR DRIZZLE
                        GRTST DEPTH:   0           7 = DUSTSTORM OR SANDSTORM:
                                                       VSBY 1/2 MILE OR LESS
                                                   8 = SMOKE OR HAZE
[NO. OF DAYS WITH]      [WEATHER - DAYS WITH]      9 = BLOWING SNOW
                                                   X = TORNADO
MAX 32 OR BELOW:   0    0.01 INCH OR MORE:  10
MAX 90 OR ABOVE:   0    0.10 INCH OR MORE:   7
MIN 32 OR BELOW:   9    0.50 INCH OR MORE:   4
MIN  0 OR BELOW:   0    1.00 INCH OR MORE:   2

[HDD (BASE 65) ]
TOTAL THIS MO.   448    CLEAR  (SCALE 0-3)  16
DPTR FM NORMAL  -150    PTCLDY (SCALE 4-7)   6
TOTAL FM JUL 1   656    CLOUDY (SCALE 8-10)  8
DPTR FM NORMAL  -274

[CDD (BASE 65) ]
TOTAL THIS MO.     0
DPTR FM NORMAL    -1    [PRESSURE DATA]
TOTAL FM JAN 1  1620    HIGHEST SLP 30.48 ON  8
DPTR FM NORMAL   299    LOWEST  SLP 29.45 ON 18

[REMARKS]
#FINAL-11-15#
