000
CXUS51 KOKX 061859
CLSJFK

CLIMATE REPORT
NATIONAL WEATHER SERVICE NEW YORK NY
159 PM EST THU DEC 6 2012

...THE KENNEDY NY CLIMATE SUMMARY FOR THE SEASON, FROM
9/1/2012 TO 11/30/2012...

CLIMATE NORMAL PERIOD 1981 TO 2010
CLIMATE RECORD PERIOD 1949 TO 2012

WEATHER         OBSERVED          NORMAL  DEPART  LAST YEAR`S
                 VALUE   DATE(S)  VALUE   FROM    VALUE
                                          NORMAL
.............................................................
TEMPERATURE (F)
RECORD
 HIGH              98   09/10/1983
 LOW               19   11/21/1987
                        11/30/1976
HIGHEST            92   09/01        MM      MM
LOWEST             31   11/06        MM      MM
AVG. MAXIMUM     63.9              64.7    -0.8
AVG. MINIMUM     50.7              50.4     0.3
MEAN             57.3              57.5    -0.2
DAYS MAX >= 90      1               0.5     0.5
DAYS MAX <= 32      0               0.1    -0.1
DAYS MIN <= 32      3               3.1    -0.1
DAYS MIN <= 0       0               0.0     0.0

PRECIPITATION (INCHES)
RECORD
 MAXIMUM        21.18   2005
 MINIMUM         4.17   1965
TOTALS           7.83             10.42   -2.59    11.85
DAILY AVG.       0.09              0.11   -0.02
DAYS >= .01        28              26.0     2.0
DAYS >= .10        16              17.0    -1.0
DAYS >= .50         5               7.3    -2.3
DAYS >= 1.00        1               2.7    -1.7
GREATEST
 24 HR. TOTAL    1.59   MM
 STORM TOTAL       MM
 (MM/DD(HH))            MM

SNOWFALL (INCHES)
RECORDS
 TOTAL            3.7   1989
 24 HR TOTAL       MM
                        10/28/2008 TO 10/28/2008
TOTALS            4.3R              0.2     4.1
 LIQUID EQUIV    0.43              0.00    0.43
SINCE 7/1         4.3               0.2     4.1
 LIQUID 7/1      0.43
DAYS >= TRACE       4               0.2     3.8
DAYS >= 1.0         1               0.1     0.9
GREATEST
 SNOW DEPTH         4   11/08
 24 HR TOTAL      4.0   MM
 STORM TOTAL       MM
 (MM/DD(HH))            MM

DEGREE_DAYS
HEATING TOTAL     839               824      15
 SINCE 7/1         MM               824      MM
COOLING TOTAL     161               144      17
 SINCE 1/1       1229              1005     224
..............................................................

WIND (MPH)
AVERAGE WIND SPEED              10.8
HIGHEST WIND SPEED/DIRECTION    56/100    DATE  10/29
HIGHEST GUST SPEED/DIRECTION    85/100    DATE  10/29

SKY COVER
POSSIBLE SUNSHINE (PERCENT)   MM
AVERAGE SKY COVER           0.60
NUMBER OF DAYS FAIR           16
NUMBER OF DAYS PC             42
NUMBER OF DAYS CLOUDY         33

AVERAGE RH (PERCENT)     68

WEATHER CONDITIONS. NUMBER OF DAYS WITH
THUNDERSTORM              0     MIXED PRECIP               0
HEAVY RAIN                7     RAIN                      13
LIGHT RAIN               33     FREEZING RAIN              0
LT FREEZING RAIN          0     HAIL                       0
HEAVY SNOW                0     SNOW                       1
LIGHT SNOW                3     SLEET                      1
FOG                      30     FOG W/VIS <= 1/4 MILE      7
HAZE                      7

-  INDICATES NEGATIVE NUMBERS.
R  INDICATES RECORD WAS SET OR TIED.
MM INDICATES DATA IS MISSING.
T  INDICATES TRACE AMOUNT.

$$
